000
CDUS43 KFGF 250646
CLIBDE

CLIMATE REPORT
NATIONAL WEATHER SERVICE GRAND FORKS
146 AM CDT MON MAY 25 2020

...................................

...THE BAUDETTE MN CLIMATE SUMMARY FOR MAY 24 2020...

CLIMATE NORMAL PERIOD 1981 TO 2010
CLIMATE RECORD PERIOD 1908 TO 2020


WEATHER ITEM   OBSERVED TIME   RECORD YEAR NORMAL DEPARTURE LAST
                VALUE   (LST)  VALUE       VALUE  FROM      YEAR
                                                  NORMAL
...................................................................
TEMPERATURE (F)
 YESTERDAY
  MAXIMUM         74    330 PM  89    1980  67      7       52
  MINIMUM         51    330 AM  25    2002  44      7       42
  AVERAGE         63                        55      8       47

PRECIPITATION (IN)
  YESTERDAY        0.00          3.17 2010   0.10  -0.10     0.63
  MONTH TO DATE    0.71                      2.01  -1.30     1.85
  SINCE MAR 1      2.10                      4.24  -2.14     3.24
  SINCE JAN 1      2.54                      5.32  -2.78     3.90

DEGREE DAYS
 HEATING
  YESTERDAY        2                        10     -8       18
  MONTH TO DATE  363                       329     34      425
  SINCE MAR 1   2459                      2355    104     2587
  SINCE JUL 1   9695                      9763    -68    10365

 COOLING
  YESTERDAY        0                         0      0        0
  MONTH TO DATE    2                         0      2        0
  SINCE MAR 1      2                         0      2        0
  SINCE JAN 1      2                         0      2        0
...................................................................


WIND (MPH)
  HIGHEST WIND SPEED    12   HIGHEST WIND DIRECTION     S (200)
  HIGHEST GUST SPEED    16   HIGHEST GUST DIRECTION     S (190)
  AVERAGE WIND SPEED     4.1


SKY COVER
  POSSIBLE SUNSHINE  MM
  AVERAGE SKY COVER 0.7


WEATHER CONDITIONS
THE FOLLOWING WEATHER WAS RECORDED YESTERDAY.
  FOG


RELATIVE HUMIDITY (PERCENT)
 HIGHEST   100           300 AM
 LOWEST     50           300 PM
 AVERAGE    75

..........................................................


THE BAUDETTE MN CLIMATE NORMALS FOR TODAY
                         NORMAL    RECORD    YEAR
 MAXIMUM TEMPERATURE (F)   67        89      1975
 MINIMUM TEMPERATURE (F)   44        25      1950


SUNRISE AND SUNSET
MAY 25 2020...........SUNRISE   525 AM CDT   SUNSET   906 PM CDT
MAY 26 2020...........SUNRISE   524 AM CDT   SUNSET   907 PM CDT


-  INDICATES NEGATIVE NUMBERS.
R  INDICATES RECORD WAS SET OR TIED.
MM INDICATES DATA IS MISSING.
T  INDICATES TRACE AMOUNT.




$$
