509
CDUS43 KFGF 230716
CLIBDE


CLIMATE REPORT
NATIONAL WEATHER SERVICE GRAND FORKS ND
216 AM CDT WED OCT 23 2019


...................................

...THE BAUDETTE MN CLIMATE SUMMARY FOR OCTOBER 22 2019...

CLIMATE NORMAL PERIOD 1981 TO 2010
CLIMATE RECORD PERIOD 1908 TO 2019


WEATHER ITEM   OBSERVED TIME   RECORD YEAR NORMAL DEPARTURE LAST
                VALUE   (LST)  VALUE       VALUE  FROM      YEAR
                                                  NORMAL
..................................................................
TEMPERATURE (F)
 YESTERDAY
  MAXIMUM         44   1222 AM  76    1963  49     -5       44
  MINIMUM         35   1159 PM   6    1936  30      5       34
  AVERAGE         40                        40      0       39

PRECIPITATION (IN)
  YESTERDAY        0.78R         0.66 1918   0.07   0.71     0.00
  MONTH TO DATE    4.21                      1.58   2.63     1.63
  SINCE SEP 1     11.71                      4.58   7.13     5.22
  SINCE JAN 1     24.67                     21.85   2.82    16.47

DEGREE DAYS
 HEATING
  YESTERDAY       25                        26     -1       26
  MONTH TO DATE  463                       464     -1      594
  SINCE SEP 1    743                       784    -41      921
  SINCE JUL 1    847                       920    -73      995

 COOLING
  YESTERDAY        0                         0      0        0
  MONTH TO DATE    0                         0      0        0
  SINCE SEP 1     25                        13     12       15
  SINCE JAN 1    254                       212     42      354
..................................................................


WIND (MPH)
  HIGHEST WIND SPEED    33   HIGHEST WIND DIRECTION     N (340)
  HIGHEST GUST SPEED    47   HIGHEST GUST DIRECTION    NW (320)
  AVERAGE WIND SPEED    24.2


SKY COVER
  POSSIBLE SUNSHINE  MM
  AVERAGE SKY COVER 1.0


WEATHER CONDITIONS
 THE FOLLOWING WEATHER WAS RECORDED YESTERDAY.
  RAIN
  LIGHT RAIN
  LIGHT SNOW
  FOG


RELATIVE HUMIDITY (PERCENT)
 HIGHEST    92           600 AM
 LOWEST     82          1100 PM
 AVERAGE    87

..........................................................


THE BAUDETTE MN CLIMATE NORMALS FOR TODAY
                         NORMAL    RECORD    YEAR
 MAXIMUM TEMPERATURE (F)   48        80      1963
 MINIMUM TEMPERATURE (F)   30         8      1936


SUNRISE AND SUNSET
OCTOBER 23 2019.......SUNRISE   751 AM CDT   SUNSET   614 PM CDT
OCTOBER 24 2019.......SUNRISE   752 AM CDT   SUNSET   612 PM CDT


-  INDICATES NEGATIVE NUMBERS.
R  INDICATES RECORD WAS SET OR TIED.
MM INDICATES DATA IS MISSING.
T  INDICATES TRACE AMOUNT.




$$
