000
CDUS43 KFGF 302137
CLIBDE

CLIMATE REPORT
NATIONAL WEATHER SERVICE GRAND FORKS
437 PM CDT FRI OCT 30 2020

...................................

...THE BAUDETTE MN CLIMATE SUMMARY FOR OCTOBER 30 2020...
VALID TODAY AS OF 0445 PM LOCAL TIME.

CLIMATE NORMAL PERIOD 1981 TO 2010
CLIMATE RECORD PERIOD 1908 TO 2020


WEATHER ITEM   OBSERVED TIME   RECORD YEAR NORMAL DEPARTURE LAST
                VALUE   (LST)  VALUE       VALUE  FROM      YEAR
                                                  NORMAL
...................................................................
TEMPERATURE (F)
 TODAY
  MAXIMUM         37    259 PM  74    1950  44     -7       27
  MINIMUM         23    218 AM   2    1988  27     -4       17
  AVERAGE         30                        36     -6       22

PRECIPITATION (IN)
  TODAY            0.00          1.11 2009   0.07  -0.07     0.00
  MONTH TO DATE    1.58                      2.15  -0.57     4.26
  SINCE SEP 1      3.49                      5.15  -1.66    11.76
  SINCE JAN 1     16.18                     22.42  -6.24    24.72

DEGREE DAYS
 HEATING
  TODAY           35                        29      6       43
  MONTH TO DATE  865                       684    181      714
  SINCE SEP 1   1198                      1004    194      994
  SINCE JUL 1   1245                      1140    105     1098

 COOLING
  TODAY            0                         0      0        0
  MONTH TO DATE    0                         0      0        0
  SINCE SEP 1      0                        13    -13       25
  SINCE JAN 1    323                       212    111      254
...................................................................


WIND (MPH)
  HIGHEST WIND SPEED    10   HIGHEST WIND DIRECTION    SE (130)
  HIGHEST GUST SPEED    14   HIGHEST GUST DIRECTION     S (200)
  AVERAGE WIND SPEED     3.6


SKY COVER
  POSSIBLE SUNSHINE  MM
  AVERAGE SKY COVER 1.0


WEATHER CONDITIONS
THE FOLLOWING WEATHER WAS RECORDED TODAY.
  NO SIGNIFICANT WEATHER WAS OBSERVED.


RELATIVE HUMIDITY (PERCENT)
 HIGHEST    89          1000 AM
 LOWEST     78           300 PM
 AVERAGE    84

..........................................................


THE BAUDETTE MN CLIMATE NORMALS FOR TOMORROW
                         NORMAL    RECORD    YEAR
 MAXIMUM TEMPERATURE (F)   44        73      1999
 MINIMUM TEMPERATURE (F)   27         6      1923


SUNRISE AND SUNSET
OCTOBER 30 2020.......SUNRISE   803 AM CDT   SUNSET   601 PM CDT
OCTOBER 31 2020.......SUNRISE   804 AM CDT   SUNSET   559 PM CDT


-  INDICATES NEGATIVE NUMBERS.
R  INDICATES RECORD WAS SET OR TIED.
MM INDICATES DATA IS MISSING.
T  INDICATES TRACE AMOUNT.




$$
