466
CDUS41 KCTP 180637
CLIBFD


CLIMATE REPORT
NATIONAL WEATHER SERVICE STATE COLLEGE PA
137 AM EST SUN NOV 18 2018


...................................

...THE BRADFORD CLIMATE SUMMARY FOR NOVEMBER 17 2018...

CLIMATE NORMAL PERIOD 1981 TO 2010
CLIMATE RECORD PERIOD 1957 TO 2018


WEATHER ITEM   OBSERVED TIME   RECORD YEAR NORMAL DEPARTURE LAST
                VALUE   (LST)  VALUE       VALUE  FROM      YEAR
                                                  NORMAL
..................................................................
TEMPERATURE (F)
 YESTERDAY
  MAXIMUM         32    454 PM  61    1975  44    -12       37
  MINIMUM         27   1159 PM   5    1967  29     -2       27
  AVERAGE         30                        37     -7       32

PRECIPITATION (IN)
  YESTERDAY        0.02          1.65 1993   0.13  -0.11     0.00
  MONTH TO DATE    3.77                      2.03   1.74     2.67
  SINCE SEP 1     14.72                      9.38   5.34    10.68
  SINCE JAN 1     44.18                     39.33   4.85    45.83

DEGREE DAYS
 HEATING
  YESTERDAY       35                        24     11       33
  MONTH TO DATE  498                       357    141      499
  SINCE SEP 1   1159                      1197    -38     1058
  SINCE JUL 1   1209                      1350   -141     1167

 COOLING
  YESTERDAY        0                         0      0        0
  MONTH TO DATE    0                         0      0        0
  SINCE SEP 1    105                        16     89       40
  SINCE JAN 1    447                       193    254      264
..................................................................


WIND (MPH)
  HIGHEST WIND SPEED    16   HIGHEST WIND DIRECTION     W (280)
  HIGHEST GUST SPEED    24   HIGHEST GUST DIRECTION    NW (310)
  AVERAGE WIND SPEED     7.1


SKY COVER
  POSSIBLE SUNSHINE  MM
  AVERAGE SKY COVER 0.9


WEATHER CONDITIONS
 THE FOLLOWING WEATHER WAS RECORDED YESTERDAY.
  LT FREEZING RAIN
  LIGHT SNOW
  FOG


RELATIVE HUMIDITY (PERCENT)
 HIGHEST    92           200 AM
 LOWEST     85           500 PM
 AVERAGE    89

..........................................................


THE BRADFORD CLIMATE NORMALS FOR TODAY
                         NORMAL    RECORD    YEAR
 MAXIMUM TEMPERATURE (F)   44        69      2016
 MINIMUM TEMPERATURE (F)   29         6      1959


SUNRISE AND SUNSET
NOVEMBER 18 2018......SUNRISE   708 AM EST   SUNSET   451 PM EST
NOVEMBER 19 2018......SUNRISE   709 AM EST   SUNSET   451 PM EST


-  INDICATES NEGATIVE NUMBERS.
R  INDICATES RECORD WAS SET OR TIED.
MM INDICATES DATA IS MISSING.
T  INDICATES TRACE AMOUNT.




$$
