000
CDUS41 KCTP 220626
CLIBFD

CLIMATE REPORT
NATIONAL WEATHER SERVICE STATE COLLEGE PA
226 AM EDT THU OCT 22 2020

...................................

...THE BRADFORD CLIMATE SUMMARY FOR OCTOBER 21 2020...

CLIMATE NORMAL PERIOD 1981 TO 2010
CLIMATE RECORD PERIOD 1957 TO 2020


WEATHER ITEM   OBSERVED TIME   RECORD YEAR NORMAL DEPARTURE LAST
                VALUE   (LST)  VALUE       VALUE  FROM      YEAR
                                                  NORMAL
...................................................................
TEMPERATURE (F)
 YESTERDAY
  MAXIMUM         71    106 PM  75    1979  55     16       67
  MINIMUM         54   1210 AM  21    1972  35     19       33
  AVERAGE         63                        45     18       50

PRECIPITATION (IN)
  YESTERDAY        0.09          2.26 2016   0.10  -0.01     0.00
  MONTH TO DATE    1.95                      2.37  -0.42     2.51
  SINCE SEP 1      4.34                      6.29  -1.95     5.28
  SINCE JAN 1     30.69                     36.24  -5.55    37.72

DEGREE DAYS
 HEATING
  YESTERDAY        2                        15    -13       15
  MONTH TO DATE  293                       266     27      313
  SINCE SEP 1    501                       530    -29      450
  SINCE JUL 1    532                       683   -151      523

 COOLING
  YESTERDAY        0                         0      0        0
  MONTH TO DATE    1                         0      1       10
  SINCE SEP 1     27                        15     12       30
  SINCE JAN 1    395                       192    203      283
...................................................................


WIND (MPH)
  HIGHEST WIND SPEED    16   HIGHEST WIND DIRECTION    SW (240)
  HIGHEST GUST SPEED    28   HIGHEST GUST DIRECTION     W (250)
  AVERAGE WIND SPEED     5.9


SKY COVER
  POSSIBLE SUNSHINE  MM
  AVERAGE SKY COVER 0.9


WEATHER CONDITIONS
THE FOLLOWING WEATHER WAS RECORDED YESTERDAY.
  RAIN
  LIGHT RAIN
  FOG


RELATIVE HUMIDITY (PERCENT)
 HIGHEST    90           100 AM
 LOWEST     61           100 PM
 AVERAGE    76

..........................................................


THE BRADFORD CLIMATE NORMALS FOR TODAY
                         NORMAL    RECORD    YEAR
 MAXIMUM TEMPERATURE (F)   55        78      1979
 MINIMUM TEMPERATURE (F)   34        24      1969


SUNRISE AND SUNSET
OCTOBER 22 2020.......SUNRISE   735 AM EDT   SUNSET   622 PM EDT
OCTOBER 23 2020.......SUNRISE   737 AM EDT   SUNSET   620 PM EDT


-  INDICATES NEGATIVE NUMBERS.
R  INDICATES RECORD WAS SET OR TIED.
MM INDICATES DATA IS MISSING.
T  INDICATES TRACE AMOUNT.




$$
