000
CDUS41 KCTP 240630
CLIBFD


CLIMATE REPORT
NATIONAL WEATHER SERVICE STATE COLLEGE PA
230 AM EDT THU MAY 24 2018


...................................

...THE BRADFORD CLIMATE SUMMARY FOR MAY 23 2018...

CLIMATE NORMAL PERIOD 1981 TO 2010
CLIMATE RECORD PERIOD 1957 TO 2018


WEATHER ITEM   OBSERVED TIME   RECORD YEAR NORMAL DEPARTURE LAST
                VALUE   (LST)  VALUE       VALUE  FROM      YEAR
                                                  NORMAL
..................................................................
TEMPERATURE (F)
 YESTERDAY
  MAXIMUM         75    338 PM  84    1991  68      7       71
  MINIMUM         51   1151 PM  24    2015  43      8       37
  AVERAGE         63                        55      8       54

PRECIPITATION (IN)
  YESTERDAY        T             1.07 1984   0.15  -0.15     0.00
  MONTH TO DATE    4.18                      3.04   1.14     3.46
  SINCE MAR 1      9.73                      9.96  -0.23    12.01
  SINCE JAN 1     16.74                     15.60   1.14    19.09

DEGREE DAYS
 HEATING
  YESTERDAY        2                         6     -4       11
  MONTH TO DATE  122                       200    -78      311
  SINCE MAR 1   2051                      1881    170     1796
  SINCE JUL 1   7147                      7451   -304     6379

 COOLING
  YESTERDAY        0                         0      0        0
  MONTH TO DATE   20                         0     20       18
  SINCE MAR 1     20                         2     18       19
  SINCE JAN 1     20                         2     18       19
..................................................................


WIND (MPH)
  HIGHEST WIND SPEED    16   HIGHEST WIND DIRECTION    NW (330)
  HIGHEST GUST SPEED    20   HIGHEST GUST DIRECTION    NW (330)
  AVERAGE WIND SPEED     7.7


SKY COVER
  POSSIBLE SUNSHINE  MM
  AVERAGE SKY COVER 0.4


WEATHER CONDITIONS
 THE FOLLOWING WEATHER WAS RECORDED YESTERDAY.
  LIGHT RAIN
  FOG


RELATIVE HUMIDITY (PERCENT)
 HIGHEST   100           200 AM
 LOWEST     35           400 PM
 AVERAGE    68

..........................................................


THE BRADFORD CLIMATE NORMALS FOR TODAY
                         NORMAL    RECORD    YEAR
 MAXIMUM TEMPERATURE (F)   68        85      1972
 MINIMUM TEMPERATURE (F)   43        22      1963


SUNRISE AND SUNSET
MAY 24 2018...........SUNRISE   547 AM EDT   SUNSET   836 PM EDT
MAY 25 2018...........SUNRISE   546 AM EDT   SUNSET   837 PM EDT


-  INDICATES NEGATIVE NUMBERS.
R  INDICATES RECORD WAS SET OR TIED.
MM INDICATES DATA IS MISSING.
T  INDICATES TRACE AMOUNT.




$$
