000
CDUS41 KCTP 172217
CLIBFD


CLIMATE REPORT
NATIONAL WEATHER SERVICE STATE COLLEGE PA
517 PM EST SUN FEB 17 2019


...................................

...THE BRADFORD CLIMATE SUMMARY FOR FEBRUARY 17 2019...
VALID TODAY AS OF 0500 PM LOCAL TIME.

CLIMATE NORMAL PERIOD 1981 TO 2010
CLIMATE RECORD PERIOD 1957 TO 2019


WEATHER ITEM   OBSERVED TIME   RECORD YEAR NORMAL DEPARTURE LAST
                VALUE   (LST)  VALUE       VALUE  FROM      YEAR
                                                  NORMAL
..................................................................
TEMPERATURE (F)
 TODAY
  MAXIMUM         30    332 PM  54    2006  33     -3       29
  MINIMUM         11    546 AM -22    1979  15     -4       10
  AVERAGE         21                        24     -3       20

PRECIPITATION (IN)
  TODAY            0.02          0.93 1961   0.08  -0.06     0.11
  MONTH TO DATE    1.87                      1.42   0.45     1.58
  SINCE DEC 1      8.43                      8.11   0.32     7.35
  SINCE JAN 1      5.04                      4.71   0.33     5.23

DEGREE DAYS
 HEATING
  TODAY           44                        36      8       45
  MONTH TO DATE  627                       625      2      666
  SINCE DEC 1   3074                      3201   -127     3311
  SINCE JUL 1   4782                      5036   -254     4845

 COOLING
  TODAY            0                         0      0        0
  MONTH TO DATE    0                         0      0        0
  SINCE DEC 1      0                         0      0        0
  SINCE JAN 1      0                         0      0        0
..................................................................


WIND (MPH)
  HIGHEST WIND SPEED    16   HIGHEST WIND DIRECTION    SE (120)
  HIGHEST GUST SPEED    20   HIGHEST GUST DIRECTION     E (110)
  AVERAGE WIND SPEED     6.4


SKY COVER
  POSSIBLE SUNSHINE  MM
  AVERAGE SKY COVER 0.5


WEATHER CONDITIONS
 THE FOLLOWING WEATHER WAS RECORDED TODAY.
  LIGHT SNOW


RELATIVE HUMIDITY (PERCENT)
 HIGHEST    92           500 AM
 LOWEST     55          1200 PM
 AVERAGE    74

..........................................................


THE BRADFORD CLIMATE NORMALS FOR TOMORROW
                         NORMAL    RECORD    YEAR
 MAXIMUM TEMPERATURE (F)   33        62      2017
 MINIMUM TEMPERATURE (F)   15       -24      1979


SUNRISE AND SUNSET
FEBRUARY 17 2019......SUNRISE   708 AM EST   SUNSET   550 PM EST
FEBRUARY 18 2019......SUNRISE   706 AM EST   SUNSET   551 PM EST


-  INDICATES NEGATIVE NUMBERS.
R  INDICATES RECORD WAS SET OR TIED.
MM INDICATES DATA IS MISSING.
T  INDICATES TRACE AMOUNT.




$$
