000
CDUS41 KCTP 292122
CLIBFD

CLIMATE REPORT
NATIONAL WEATHER SERVICE STATE COLLEGE PA
522 PM EDT FRI MAY 29 2020

...................................

...THE BRADFORD CLIMATE SUMMARY FOR MAY 29 2020...
VALID TODAY AS OF 0500 PM LOCAL TIME.

CLIMATE NORMAL PERIOD 1981 TO 2010
CLIMATE RECORD PERIOD 1957 TO 2020


WEATHER ITEM   OBSERVED TIME   RECORD YEAR NORMAL DEPARTURE LAST
                VALUE   (LST)  VALUE       VALUE  FROM      YEAR
                                                  NORMAL
...................................................................
TEMPERATURE (F)
 TODAY
  MAXIMUM         76   1118 AM  88    2018  69      7       71
  MINIMUM         62   1212 AM  29    2008  45     17       57
  AVERAGE         69                        57     12       64

PRECIPITATION (IN)
  TODAY            0.23          0.76 1990   0.15   0.08     0.60
  MONTH TO DATE    2.89                      3.89  -1.00     5.57
  SINCE MAR 1     11.50                     10.81   0.69    12.59
  SINCE JAN 1     17.03                     16.45   0.58    18.43

DEGREE DAYS
 HEATING
  TODAY            0                         5     -5        1
  MONTH TO DATE  370                       233    137      249
  SINCE MAR 1   1883                      1914    -31     1874
  SINCE JUL 1   6785                      7484   -699     7105

 COOLING
  TODAY            4                         1      3        0
  MONTH TO DATE   26                         1     25        7
  SINCE MAR 1     26                         3     23        7
  SINCE JAN 1     26                         3     23        7
...................................................................


WIND (MPH)
  HIGHEST WIND SPEED    16   HIGHEST WIND DIRECTION     S (200)
  HIGHEST GUST SPEED    25   HIGHEST GUST DIRECTION    SW (230)
  AVERAGE WIND SPEED     5.9


SKY COVER
  POSSIBLE SUNSHINE  MM
  AVERAGE SKY COVER 0.6


WEATHER CONDITIONS
THE FOLLOWING WEATHER WAS RECORDED TODAY.
  THUNDERSTORM
  HEAVY RAIN
  LIGHT RAIN


RELATIVE HUMIDITY (PERCENT)
 HIGHEST    87           700 AM
 LOWEST     60          1100 AM
 AVERAGE    74

..........................................................


THE BRADFORD CLIMATE NORMALS FOR TOMORROW
                         NORMAL    RECORD    YEAR
 MAXIMUM TEMPERATURE (F)   69        88      2006
 MINIMUM TEMPERATURE (F)   45        28      1966


SUNRISE AND SUNSET
MAY 29 2020...........SUNRISE   543 AM EDT   SUNSET   841 PM EDT
MAY 30 2020...........SUNRISE   543 AM EDT   SUNSET   842 PM EDT


-  INDICATES NEGATIVE NUMBERS.
R  INDICATES RECORD WAS SET OR TIED.
MM INDICATES DATA IS MISSING.
T  INDICATES TRACE AMOUNT.




$$
