614
CDUS41 KCTP 182133
CLIBFD


CLIMATE REPORT
NATIONAL WEATHER SERVICE STATE COLLEGE PA
533 PM EDT SAT AUG 18 2018


...................................

...THE BRADFORD CLIMATE SUMMARY FOR AUGUST 18 2018...
VALID TODAY AS OF 0500 PM LOCAL TIME.

CLIMATE NORMAL PERIOD 1981 TO 2010
CLIMATE RECORD PERIOD 1957 TO 2018


WEATHER ITEM   OBSERVED TIME   RECORD YEAR NORMAL DEPARTURE LAST
                VALUE   (LST)  VALUE       VALUE  FROM      YEAR
                                                  NORMAL
..................................................................
TEMPERATURE (F)
 TODAY
  MAXIMUM         75    307 PM  87    1971  76     -1       82
  MINIMUM         64    938 AM  35    1981  52     12       63
  AVERAGE         70                        64      6       73

PRECIPITATION (IN)
  TODAY            0.30          1.11 1973   0.13   0.17      T
  MONTH TO DATE    1.70                      2.40  -0.70     0.81
  SINCE JUN 1      9.30                     11.50  -2.20    12.39
  SINCE JAN 1     26.22                     28.24  -2.02    33.59

DEGREE DAYS
 HEATING
  TODAY            0                         1     -1        0
  MONTH TO DATE    1                        10     -9       25
  SINCE JUN 1    130                       219    -89      181
  SINCE JUL 1     32                        74    -42       49

 COOLING
  TODAY            5                         2      3        8
  MONTH TO DATE   80                        36     44       33
  SINCE JUN 1    241                       150     91      194
  SINCE JAN 1    292                       160    132      213
..................................................................


WIND (MPH)
  HIGHEST WIND SPEED    14   HIGHEST WIND DIRECTION    NE (40)
  HIGHEST GUST SPEED    21   HIGHEST GUST DIRECTION    NE (40)
  AVERAGE WIND SPEED     6.7


SKY COVER
  POSSIBLE SUNSHINE  MM
  AVERAGE SKY COVER 0.8


WEATHER CONDITIONS
 THE FOLLOWING WEATHER WAS RECORDED TODAY.
  HEAVY RAIN
  RAIN
  LIGHT RAIN
  FOG


RELATIVE HUMIDITY (PERCENT)
 HIGHEST   100           500 AM
 LOWEST     61           400 PM
 AVERAGE    81

..........................................................


THE BRADFORD CLIMATE NORMALS FOR TOMORROW
                         NORMAL    RECORD    YEAR
 MAXIMUM TEMPERATURE (F)   76        86      1978
 MINIMUM TEMPERATURE (F)   52        37      1977


SUNRISE AND SUNSET
AUGUST 18 2018........SUNRISE   626 AM EDT   SUNSET   810 PM EDT
AUGUST 19 2018........SUNRISE   627 AM EDT   SUNSET   809 PM EDT


-  INDICATES NEGATIVE NUMBERS.
R  INDICATES RECORD WAS SET OR TIED.
MM INDICATES DATA IS MISSING.
T  INDICATES TRACE AMOUNT.




$$
