340
CDUS41 KCTP 232118
CLIBFD


CLIMATE REPORT
NATIONAL WEATHER SERVICE STATE COLLEGE PA
518 PM EDT WED OCT 23 2019

...................................

...THE BRADFORD CLIMATE SUMMARY FOR OCTOBER 23 2019...
VALID TODAY AS OF 0500 PM LOCAL TIME.

CLIMATE NORMAL PERIOD 1981 TO 2010
CLIMATE RECORD PERIOD 1957 TO 2019


WEATHER ITEM   OBSERVED TIME   RECORD YEAR NORMAL DEPARTURE LAST
                VALUE   (LST)  VALUE       VALUE  FROM      YEAR
                                                  NORMAL
...................................................................
TEMPERATURE (F)
 TODAY
  MAXIMUM         53    317 PM  75    1975  55     -2       49
  MINIMUM         40    711 AM  19    1969  34      6       35
  AVERAGE         47                        44      3       42

PRECIPITATION (IN)
  TODAY            0.00          1.65 1959   0.11  -0.11     0.14
  MONTH TO DATE    3.17                      2.58   0.59     3.75
  SINCE SEP 1      5.94                      6.50  -0.56     8.93
  SINCE JAN 1     38.38                     36.45   1.93    38.39

DEGREE DAYS
 HEATING
  TODAY           18                        16      2       23
  MONTH TO DATE  344                       298     46      318
  SINCE SEP 1    481                       562    -81      458
  SINCE JUL 1    554                       715   -161      508

 COOLING
  TODAY            0                         0      0        0
  MONTH TO DATE   10                         0     10       21
  SINCE SEP 1     30                        15     15      105
  SINCE JAN 1    283                       192     91      447
...................................................................


WIND (MPH)
  HIGHEST WIND SPEED    20   HIGHEST WIND DIRECTION     W (280)
  HIGHEST GUST SPEED    30   HIGHEST GUST DIRECTION    SW (230)
  AVERAGE WIND SPEED     7.4


SKY COVER
  POSSIBLE SUNSHINE  MM
  AVERAGE SKY COVER 0.1


WEATHER CONDITIONS
THE FOLLOWING WEATHER WAS RECORDED TODAY.
  NO SIGNIFICANT WEATHER WAS OBSERVED.


RELATIVE HUMIDITY (PERCENT)
 HIGHEST    83           700 AM
 LOWEST     33           400 PM
 AVERAGE    58

..........................................................


THE BRADFORD CLIMATE NORMALS FOR TOMORROW
                         NORMAL    RECORD    YEAR
 MAXIMUM TEMPERATURE (F)   54        75      1963
 MINIMUM TEMPERATURE (F)   34        19      1969


SUNRISE AND SUNSET
OCTOBER 23 2019.......SUNRISE   736 AM EDT   SUNSET   621 PM EDT
OCTOBER 24 2019.......SUNRISE   737 AM EDT   SUNSET   620 PM EDT


-  INDICATES NEGATIVE NUMBERS.
R  INDICATES RECORD WAS SET OR TIED.
MM INDICATES DATA IS MISSING.
T  INDICATES TRACE AMOUNT.




$$
