180
CDUS46 KHNX 210828
CLIBFL


CLIMATE REPORT
NATIONAL WEATHER SERVICE SAN JOAQUIN VALLEY, CA
126 AM PDT TUE AUG 21 2018


...................................

...THE BAKERSFIELD CLIMATE SUMMARY FOR AUGUST 20 2018...

CLIMATE NORMAL PERIOD 1981 TO 2010
CLIMATE RECORD PERIOD 1889 TO 2018


WEATHER ITEM   OBSERVED TIME   RECORD YEAR NORMAL DEPARTURE
                VALUE   (LST)  VALUE       VALUE  FROM
                                                  NORMAL
...............................................................
TEMPERATURE (F)
 YESTERDAY
  MAXIMUM        104    330 PM 112    1950  95      9
  MINIMUM         75    524 AM  52    1912  69      6
  AVERAGE         90                        82      8

PRECIPITATION (IN)
  YESTERDAY        0.00          0.00 2017   0.00   0.00
                                      2016
                                      2015
  MONTH TO DATE    0.00                      0.02  -0.02
  SINCE OCT 1      3.95                      6.37  -2.42
  SINCE JAN 1      3.88                      4.41  -0.53

SNOWFALL (IN)
  YESTERDAY        0.0
  MONTH TO DATE    0.0
  SINCE JUN 1      0.0
  SINCE JUL 1      0.0
  SNOW DEPTH       0

DEGREE DAYS
 HEATING
  YESTERDAY        0                                0
  MONTH TO DATE    0                                0
  SINCE JUN 1      0                               -2
  SINCE JUL 1      0                                0

 COOLING
  YESTERDAY       25                                8
  MONTH TO DATE  459                               96
  SINCE JUN 1   1702                              377
  SINCE JAN 1   2065                              473
...............................................................


WIND (MPH)
  HIGHEST WIND SPEED    17   HIGHEST WIND DIRECTION    NW (300)
  HIGHEST GUST SPEED    20   HIGHEST GUST DIRECTION    NW (310)
  AVERAGE WIND SPEED     7.4




RELATIVE HUMIDITY (PERCENT)
 HIGHEST    36
 LOWEST     10
 AVERAGE    23

..........................................................


THE BAKERSFIELD CLIMATE NORMALS FOR TODAY
                         NORMAL    RECORD    YEAR
 MAXIMUM TEMPERATURE (F)   95       110      1919
                                             1913
 MINIMUM TEMPERATURE (F)   68        51      1918
                                             1912


SUNRISE AND SUNSET
AUGUST 21 2018........SUNRISE   620 AM PDT   SUNSET   738 PM PDT
AUGUST 22 2018........SUNRISE   621 AM PDT   SUNSET   736 PM PDT


-  INDICATES NEGATIVE NUMBERS.
R  INDICATES RECORD WAS SET OR TIED.
MM INDICATES DATA IS MISSING.
T  INDICATES TRACE AMOUNT.




$$
