000
CDUS46 KHNX 200030
CLIBFL


CLIMATE REPORT
NATIONAL WEATHER SERVICE SAN JOAQUIN VALLEY, CA
530 PM PDT MON OCT 19 2020


...................................

...THE BAKERSFIELD CA CLIMATE SUMMARY FOR OCTOBER 19 2020...
VALID AS OF 0500 PM LOCAL TIME.

CLIMATE NORMAL PERIOD 1981 TO 2010
CLIMATE RECORD PERIOD 1889 TO 2020


WEATHER ITEM   OBSERVED TIME   RECORD YEAR NORMAL DEPARTURE LAST
                VALUE   (LST)  VALUE       VALUE  FROM      YEAR
                                                  NORMAL
..................................................................
TEMPERATURE (F)
 TODAY
  MAXIMUM         90    317 PM  96    1973  78     12       73
  MINIMUM         62    509 AM  35    1908  54      8       49
  AVERAGE         76                        66     10       61

PRECIPITATION (IN)
  TODAY            0.00          0.96 1936   0.01  -0.01     0.00
  MONTH TO DATE    0.00                      0.13  -0.13     0.00
  SINCE OCT 1      0.00                      0.13  -0.13     0.00
  SINCE JAN 1      4.61                      4.64  -0.03     6.52

SNOWFALL (IN)
  TODAY            0.0
  MONTH TO DATE    0.0
  SINCE SEP 1      0.0
  SINCE JUL 1      0.0
  SNOW DEPTH       0

DEGREE DAYS
 HEATING
  TODAY            0                         2     -2        4
  MONTH TO DATE    0                        16    -16       16
  SINCE SEP 1      0                        18    -18       25
  SINCE JUL 1      0                        18    -18       25

 COOLING
  TODAY           11                         3      8        0
  MONTH TO DATE  211                       103    108       41
  SINCE SEP 1    684                       465    219      435
  SINCE JAN 1   2811                      2233    578     2478
..................................................................


WIND (MPH)
  HIGHEST WIND SPEED    10   HIGHEST WIND DIRECTION    NW (320)
  HIGHEST GUST SPEED    15   HIGHEST GUST DIRECTION     W (280)
  AVERAGE WIND SPEED     5.6




RELATIVE HUMIDITY (PERCENT)
 HIGHEST    43
 LOWEST     21
 AVERAGE    32

..........................................................


THE BAKERSFIELD CA CLIMATE NORMALS FOR TOMORROW
                         NORMAL    RECORD    YEAR
 MAXIMUM TEMPERATURE (F)   78        97      1927
 MINIMUM TEMPERATURE (F)   54        33      1908


SUNRISE AND SUNSET
OCTOBER 19 2020.......SUNRISE   706 AM PDT   SUNSET   615 PM PDT
OCTOBER 20 2020.......SUNRISE   707 AM PDT   SUNSET   614 PM PDT


-  INDICATES NEGATIVE NUMBERS.
R  INDICATES RECORD WAS SET OR TIED.
MM INDICATES DATA IS MISSING.
T  INDICATES TRACE AMOUNT.




$$
