000
CDUS46 KHNX 280026
CLIBFL


CLIMATE REPORT
NATIONAL WEATHER SERVICE SAN JOAQUIN VALLEY, CA
526 PM PDT WED MAY 27 2020


...................................

...THE BAKERSFIELD CA CLIMATE SUMMARY FOR MAY 27 2020...
VALID AS OF 0500 PM LOCAL TIME.

CLIMATE NORMAL PERIOD 1981 TO 2010
CLIMATE RECORD PERIOD 1889 TO 2020


WEATHER ITEM   OBSERVED TIME   RECORD YEAR NORMAL DEPARTURE LAST
                VALUE   (LST)  VALUE       VALUE  FROM      YEAR
                                                  NORMAL
..................................................................
TEMPERATURE (F)
 TODAY
  MAXIMUM        104    325 PM 106    1974  86     18       68
  MINIMUM         74    419 AM  42    1917  60     14       49
  AVERAGE         89                        73     16       59

PRECIPITATION (IN)
  TODAY            0.00          0.75 1906   0.01  -0.01     0.00
  MONTH TO DATE    0.16                      0.17  -0.01     1.57
  SINCE OCT 1      7.18                      6.26   0.92     7.57
  SINCE JAN 1      4.59                      4.30   0.29     6.27

SNOWFALL (IN)
  TODAY            0.0
  MONTH TO DATE    0.0
  SINCE MAR 1      0.0
  SINCE JUL 1      0.0
  SNOW DEPTH       0

DEGREE DAYS
 HEATING
  TODAY            0                         0      0        6
  MONTH TO DATE    1                        30    -29       40
  SINCE MAR 1    329                       398    -69      304
  SINCE JUL 1   1748                      2172   -424     1698

 COOLING
  TODAY           24                         8     16        0
  MONTH TO DATE  207                       166     41      107
  SINCE MAR 1    303                       232     71      232
  SINCE JAN 1    306                       232     74      232
..................................................................


WIND (MPH)
  HIGHEST WIND SPEED    14   HIGHEST WIND DIRECTION    NW (310)
  HIGHEST GUST SPEED    21   HIGHEST GUST DIRECTION    NW (310)
  AVERAGE WIND SPEED     5.4




RELATIVE HUMIDITY (PERCENT)
 HIGHEST    36
 LOWEST     18
 AVERAGE    27

..........................................................


THE BAKERSFIELD CA CLIMATE NORMALS FOR TOMORROW
                         NORMAL    RECORD    YEAR
 MAXIMUM TEMPERATURE (F)   86       107      1973
 MINIMUM TEMPERATURE (F)   60        43      1906


SUNRISE AND SUNSET
MAY 27 2020...........SUNRISE   544 AM PDT   SUNSET   803 PM PDT
MAY 28 2020...........SUNRISE   544 AM PDT   SUNSET   804 PM PDT


-  INDICATES NEGATIVE NUMBERS.
R  INDICATES RECORD WAS SET OR TIED.
MM INDICATES DATA IS MISSING.
T  INDICATES TRACE AMOUNT.




$$
