000
CDUS46 KHNX 200830
CLIBFL


CLIMATE REPORT
NATIONAL WEATHER SERVICE SAN JOAQUIN VALLEY, CA
1230 AM PST WED FEB 20 2019


...................................

...THE BAKERSFIELD CA CLIMATE SUMMARY FOR FEBRUARY 19 2019...

CLIMATE NORMAL PERIOD 1981 TO 2010
CLIMATE RECORD PERIOD 1889 TO 2019


WEATHER ITEM   OBSERVED TIME   RECORD YEAR NORMAL DEPARTURE LAST
                VALUE   (LST)  VALUE       VALUE  FROM      YEAR
                                                  NORMAL
..................................................................
TEMPERATURE (F)
 YESTERDAY
  MAXIMUM         53    414 PM  85    1977  64    -11       54
  MINIMUM         36    418 AM  28    1953  43     -7       33
  AVERAGE         45                        54     -9       44

PRECIPITATION (IN)
  YESTERDAY        0.00          0.96 1962   0.05  -0.05
  MONTH TO DATE    0.87                      0.84   0.03
  SINCE OCT 1      3.55                      3.96  -0.41
  SINCE JAN 1      2.25                      2.00   0.25

SNOWFALL (IN)
  YESTERDAY        0.0
  MONTH TO DATE    0.0
  SINCE DEC 1      0.0
  SINCE JUL 1      0.0
  SNOW DEPTH       0

DEGREE DAYS
 HEATING
  YESTERDAY       20                                9
  MONTH TO DATE  295                               41
  SINCE DEC 1   1072                             -250
  SINCE JUL 1   1270                             -410

 COOLING
  YESTERDAY        0                                0
  MONTH TO DATE    0                                0
  SINCE DEC 1      0                                0
  SINCE JAN 1      0                                0
..................................................................


WIND (MPH)
  HIGHEST WIND SPEED    14   HIGHEST WIND DIRECTION     W (280)
  HIGHEST GUST SPEED    17   HIGHEST GUST DIRECTION     W (270)
  AVERAGE WIND SPEED     4.2




RELATIVE HUMIDITY (PERCENT)
 HIGHEST    85
 LOWEST     32
 AVERAGE    59

..........................................................


THE BAKERSFIELD CA CLIMATE NORMALS FOR TODAY
                         NORMAL    RECORD    YEAR
 MAXIMUM TEMPERATURE (F)   64        81      1977
 MINIMUM TEMPERATURE (F)   43        26      1906


SUNRISE AND SUNSET
FEBRUARY 20 2019......SUNRISE   637 AM PST   SUNSET   543 PM PST
FEBRUARY 21 2019......SUNRISE   636 AM PST   SUNSET   544 PM PST


-  INDICATES NEGATIVE NUMBERS.
R  INDICATES RECORD WAS SET OR TIED.
MM INDICATES DATA IS MISSING.
T  INDICATES TRACE AMOUNT.




$$
