112
CDUS46 KHNX 190828
CLIBFL


CLIMATE REPORT
NATIONAL WEATHER SERVICE SAN JOAQUIN VALLEY, CA
126 AM PDT SAT OCT 19 2019


...................................

...THE BAKERSFIELD CA CLIMATE SUMMARY FOR OCTOBER 18 2019...

CLIMATE NORMAL PERIOD 1981 TO 2010
CLIMATE RECORD PERIOD 1889 TO 2019


WEATHER ITEM   OBSERVED TIME   RECORD YEAR NORMAL DEPARTURE LAST
                VALUE   (LST)  VALUE       VALUE  FROM      YEAR
                                                  NORMAL
..................................................................
TEMPERATURE (F)
 YESTERDAY
  MAXIMUM         72    333 PM  96    1913  79     -7       85
                                      1912
                                      1903
  MINIMUM         49    429 AM  36    1908  54     -5       55
  AVERAGE         61                        66     -5       70

PRECIPITATION (IN)
  YESTERDAY        0.00          0.50 1972   0.01  -0.01
  MONTH TO DATE    0.00                      0.12  -0.12
  SINCE OCT 1      0.00                      0.12  -0.12
  SINCE JAN 1      6.52                      4.63   1.89

SNOWFALL (IN)
  YESTERDAY        0.0
  MONTH TO DATE    0.0
  SINCE SEP 1      0.0
  SINCE JUL 1      0.0
  SNOW DEPTH       0

DEGREE DAYS
 HEATING
  YESTERDAY        4                                2
  MONTH TO DATE   12                               -2
  SINCE SEP 1     21                                5
  SINCE JUL 1     21                                5

 COOLING
  YESTERDAY        0                               -3
  MONTH TO DATE   41                              -59
  SINCE SEP 1    435                              -27
  SINCE JAN 1   2478                              248
..................................................................


WIND (MPH)
  HIGHEST WIND SPEED    12   HIGHEST WIND DIRECTION    NW (320)
  HIGHEST GUST SPEED    17   HIGHEST GUST DIRECTION     W (290)
  AVERAGE WIND SPEED     4.3




RELATIVE HUMIDITY (PERCENT)
 HIGHEST    68
 LOWEST     29
 AVERAGE    49

..........................................................


THE BAKERSFIELD CA CLIMATE NORMALS FOR TODAY
                         NORMAL    RECORD    YEAR
 MAXIMUM TEMPERATURE (F)   78        96      1973
 MINIMUM TEMPERATURE (F)   54        35      1908


SUNRISE AND SUNSET
OCTOBER 19 2019.......SUNRISE   706 AM PDT   SUNSET   616 PM PDT
OCTOBER 20 2019.......SUNRISE   707 AM PDT   SUNSET   615 PM PDT


-  INDICATES NEGATIVE NUMBERS.
R  INDICATES RECORD WAS SET OR TIED.
MM INDICATES DATA IS MISSING.
T  INDICATES TRACE AMOUNT.




$$
