000
CDUS46 KHNX 200827
CLIBFL


CLIMATE REPORT
NATIONAL WEATHER SERVICE SAN JOAQUIN VALLEY, CA
1226 AM PST TUE NOV 20 2018


...................................

...THE BAKERSFIELD CLIMATE SUMMARY FOR NOVEMBER 19 2018...

CLIMATE NORMAL PERIOD 1981 TO 2010
CLIMATE RECORD PERIOD 1889 TO 2018


WEATHER ITEM   OBSERVED TIME   RECORD YEAR NORMAL DEPARTURE
                VALUE   (LST)  VALUE       VALUE  FROM
                                                  NORMAL
...............................................................
TEMPERATURE (F)
 YESTERDAY
  MAXIMUM         67   1237 PM  89    1917  64      3
  MINIMUM         43    712 AM  28    1994  43      0
                                      1921
                                      1906
  AVERAGE         55                        54      1

PRECIPITATION (IN)
  YESTERDAY        0.00          0.54 1967   0.02  -0.02
  MONTH TO DATE    0.00                      0.38  -0.38
  SINCE OCT 1      0.00                      0.68  -0.68
  SINCE JAN 1      3.88                      5.19  -1.31

SNOWFALL (IN)
  YESTERDAY        0.0
  MONTH TO DATE    0.0
  SINCE SEP 1      0.0
  SINCE JUL 1      0.0
  SNOW DEPTH       0

DEGREE DAYS
 HEATING
  YESTERDAY       10                               -1
  MONTH TO DATE  114                              -40
  SINCE SEP 1    121                              -91
  SINCE JUL 1    121                              -91

 COOLING
  YESTERDAY        0                                0
  MONTH TO DATE    5                                2
  SINCE SEP 1    572                               83
  SINCE JAN 1   2794                              537
...............................................................


WIND (MPH)
  HIGHEST WIND SPEED    13   HIGHEST WIND DIRECTION    NW (300)
  HIGHEST GUST SPEED    15   HIGHEST GUST DIRECTION    NW (300)
  AVERAGE WIND SPEED     5.0




RELATIVE HUMIDITY (PERCENT)
 HIGHEST    67
 LOWEST     34
 AVERAGE    51

..........................................................


THE BAKERSFIELD CLIMATE NORMALS FOR TODAY
                         NORMAL    RECORD    YEAR
 MAXIMUM TEMPERATURE (F)   64        83      1926
 MINIMUM TEMPERATURE (F)   43        27      1906
                                             1905


SUNRISE AND SUNSET
NOVEMBER 20 2018......SUNRISE   636 AM PST   SUNSET   447 PM PST
NOVEMBER 21 2018......SUNRISE   637 AM PST   SUNSET   446 PM PST


-  INDICATES NEGATIVE NUMBERS.
R  INDICATES RECORD WAS SET OR TIED.
MM INDICATES DATA IS MISSING.
T  INDICATES TRACE AMOUNT.




$$
