000
CDUS46 KHNX 230823
CLIBFL


CLIMATE REPORT
NATIONAL WEATHER SERVICE SAN JOAQUIN VALLEY, CA
123 AM PDT WED MAY 23 2018


...................................

...THE BAKERSFIELD CLIMATE SUMMARY FOR MAY 22 2018...

CLIMATE NORMAL PERIOD 1981 TO 2010
CLIMATE RECORD PERIOD 1889 TO 2018


WEATHER ITEM   OBSERVED TIME   RECORD YEAR NORMAL DEPARTURE
                VALUE   (LST)  VALUE       VALUE  FROM
                                                  NORMAL
...............................................................
TEMPERATURE (F)
 YESTERDAY
  MAXIMUM         87    326 PM 102    2001  85      2
                                      2000
                                      1967
  MINIMUM         61    502 AM  36    1903  59      2
  AVERAGE         74                        72      2

PRECIPITATION (IN)
  YESTERDAY        0.00          0.30 2015   0.01  -0.01
  MONTH TO DATE    T                         0.15  -0.15
  SINCE OCT 1      3.93                      6.24  -2.31
  SINCE JAN 1      3.86                      4.28  -0.42

SNOWFALL (IN)
  YESTERDAY        0.0
  MONTH TO DATE    0.0
  SINCE MAR 1      0.0
  SINCE JUL 1      0.0
  SNOW DEPTH       0

DEGREE DAYS
 HEATING
  YESTERDAY        0                               -1
  MONTH TO DATE    2                              -26
  SINCE MAR 1    257                             -139
  SINCE JUL 1   1535                             -635

 COOLING
  YESTERDAY        9                                1
  MONTH TO DATE  157                               31
  SINCE MAR 1    284                               92
  SINCE JAN 1    284                               92
...............................................................


WIND (MPH)
  HIGHEST WIND SPEED    14   HIGHEST WIND DIRECTION    NW (320)
  HIGHEST GUST SPEED    18   HIGHEST GUST DIRECTION    NW (320)
  AVERAGE WIND SPEED     6.2




RELATIVE HUMIDITY (PERCENT)
 HIGHEST    56
 LOWEST     27
 AVERAGE    42

..........................................................


THE BAKERSFIELD CLIMATE NORMALS FOR TODAY
                         NORMAL    RECORD    YEAR
 MAXIMUM TEMPERATURE (F)   85       107      1904
 MINIMUM TEMPERATURE (F)   59        44      1903


SUNRISE AND SUNSET
MAY 23 2018...........SUNRISE   546 AM PDT   SUNSET   800 PM PDT
MAY 24 2018...........SUNRISE   546 AM PDT   SUNSET   801 PM PDT


-  INDICATES NEGATIVE NUMBERS.
R  INDICATES RECORD WAS SET OR TIED.
MM INDICATES DATA IS MISSING.
T  INDICATES TRACE AMOUNT.




$$
