000
CDUS46 KHNX 230822
CLIBFL


CLIMATE REPORT
NATIONAL WEATHER SERVICE SAN JOAQUIN VALLEY, CA
1222 AM PST FRI FEB 23 2018


...................................

...THE BAKERSFIELD CLIMATE SUMMARY FOR FEBRUARY 22 2018...

CLIMATE NORMAL PERIOD 1981 TO 2010
CLIMATE RECORD PERIOD 1889 TO 2018


WEATHER ITEM   OBSERVED TIME   RECORD YEAR NORMAL DEPARTURE
                VALUE   (LST)  VALUE       VALUE  FROM
                                                  NORMAL
...............................................................
TEMPERATURE (F)
 YESTERDAY
  MAXIMUM         61    312 PM  87    1989  65     -4
  MINIMUM         33    647 AM  32    2006  44    -11
                                      1953
  AVERAGE         47                        54     -7

PRECIPITATION (IN)
  YESTERDAY        T             0.63 1943   0.05  -0.05
  MONTH TO DATE    T                         0.98  -0.98
  SINCE OCT 1      1.10                      4.10  -3.00
  SINCE JAN 1      1.03                      2.14  -1.11

SNOWFALL (IN)
  YESTERDAY       MM
  MONTH TO DATE    0.0
  SINCE DEC 1      0.0
  SINCE JUL 1      0.0
  SNOW DEPTH       0

DEGREE DAYS
 HEATING
  YESTERDAY       18                                7
  MONTH TO DATE  195                              -92
  SINCE DEC 1    996                             -359
  SINCE JUL 1   1173                             -540

 COOLING
  YESTERDAY        0                                0
  MONTH TO DATE    0                                0
  SINCE DEC 1      0                                0
  SINCE JAN 1      0                                0
...............................................................


WIND (MPH)
  HIGHEST WIND SPEED    22   HIGHEST WIND DIRECTION    NW (320)
  HIGHEST GUST SPEED    26   HIGHEST GUST DIRECTION    NW (320)
  AVERAGE WIND SPEED     6.7




RELATIVE HUMIDITY (PERCENT)
 HIGHEST    61
 LOWEST     24
 AVERAGE    43

..........................................................


THE BAKERSFIELD CLIMATE NORMALS FOR TODAY
                         NORMAL    RECORD    YEAR
 MAXIMUM TEMPERATURE (F)   65        81      1981
 MINIMUM TEMPERATURE (F)   44        31      1942
                                             1893


SUNRISE AND SUNSET
FEBRUARY 23 2018......SUNRISE   633 AM PST   SUNSET   546 PM PST
FEBRUARY 24 2018......SUNRISE   632 AM PST   SUNSET   547 PM PST


-  INDICATES NEGATIVE NUMBERS.
R  INDICATES RECORD WAS SET OR TIED.
MM INDICATES DATA IS MISSING.
T  INDICATES TRACE AMOUNT.




$$
