000
CDUS44 KAMA 250635
CLIBGD


CLIMATE REPORT
NATIONAL WEATHER SERVICE AMARILLO TX
134 AM CDT WED APR 25 2018


...................................

...THE BORGER CLIMATE SUMMARY FOR APRIL 24 2018...

CLIMATE NORMAL PERIOD 1981 TO 2010
CLIMATE RECORD PERIOD 1949 TO 2018


WEATHER ITEM   OBSERVED TIME   RECORD YEAR NORMAL DEPARTURE LAST
                VALUE   (LST)  VALUE       VALUE  FROM      YEAR
                                                  NORMAL
..................................................................
TEMPERATURE (F)
 YESTERDAY
  MAXIMUM         70   1106 AM  97    2012  75     -5       90
  MINIMUM         46   1159 PM  24    2013  48     -2       52
  AVERAGE         58                        61     -3       71

PRECIPITATION (IN)
  YESTERDAY        0.00          1.12 1997   0.03  -0.03     0.00
  MONTH TO DATE    0.85                      1.31  -0.46     0.85
  SINCE MAR 1      0.89                      2.72  -1.83     3.55
  SINCE JAN 1      0.90                      3.93  -3.03     7.03

SNOWFALL (IN)
  YESTERDAY        0.0           T    1989                   0.0
  MONTH TO DATE    0.0                                       0.0
  SINCE MAR 1      0.0                                       0.0
  SINCE JUL 1      2.0                                       3.6
  SNOW DEPTH       0

DEGREE DAYS
 HEATING
  YESTERDAY        7                         6      1        0
  MONTH TO DATE  264                       198     66      137
  SINCE MAR 1    575                       682   -107      435
  SINCE JUL 1   3236                      3675   -439     2770

 COOLING
  YESTERDAY        0                         2     -2        6
  MONTH TO DATE   30                        25      5       68
  SINCE MAR 1     41                        32      9      101
  SINCE JAN 1     41                        32      9      115
..................................................................


WIND (MPH)
  RESULTANT WIND SPEED   8   RESULTANT WIND DIRECTION  NE (30)
  HIGHEST WIND SPEED    29   HIGHEST WIND DIRECTION     N (20)
  HIGHEST GUST SPEED    37   HIGHEST GUST DIRECTION     N (20)
  AVERAGE WIND SPEED    14.8


SKY COVER
  AVERAGE SKY COVER 0.5


WEATHER CONDITIONS
 THE FOLLOWING WEATHER WAS RECORDED YESTERDAY.
  NO SIGNIFICANT WEATHER WAS OBSERVED.


RELATIVE HUMIDITY (PERCENT)
 HIGHEST    72           800 AM
 LOWEST     40          1200 PM
 AVERAGE    56

..........................................................


THE BORGER CLIMATE NORMALS FOR TODAY
                         NORMAL    RECORD    YEAR
 MAXIMUM TEMPERATURE (F)   75        99      2012
 MINIMUM TEMPERATURE (F)   48        35      1997


SUNRISE AND SUNSET
APRIL 25 2018.........SUNRISE   700 AM CDT   SUNSET   827 PM CDT
APRIL 26 2018.........SUNRISE   659 AM CDT   SUNSET   828 PM CDT


-  INDICATES NEGATIVE NUMBERS.
R  INDICATES RECORD WAS SET OR TIED.
MM INDICATES DATA IS MISSING.
T  INDICATES TRACE AMOUNT.




$$
