652
CDUS44 KAMA 142133
CLIBGD


CLIMATE REPORT
NATIONAL WEATHER SERVICE AMARILLO
433 PM CDT MON OCT 14 2019

...................................

...THE BORGER CLIMATE SUMMARY FOR OCTOBER 14 2019...
VALID TODAY AS OF 0400 PM LOCAL TIME.

CLIMATE NORMAL PERIOD: 1981 TO 2010
CLIMATE RECORD PERIOD: 1949 TO 2019


WEATHER ITEM   OBSERVED TIME   RECORD YEAR NORMAL DEPARTURE LAST
                VALUE   (LST)  VALUE       VALUE  FROM      YEAR
                                                  NORMAL
...................................................................
TEMPERATURE (F)
 TODAY
  MAXIMUM         90   3:27 PM  95    1968  74     16       59
  MINIMUM         46   4:04 AM  30    1969  49     -3       32
  AVERAGE         68                        61      7       46

PRECIPITATION (IN)
  TODAY            0.00          1.39 2008   0.06  -0.06     0.05
  MONTH TO DATE    2.72                      0.91   1.81     2.90
  SINCE SEP 1      5.51                      3.29   2.22     3.96
  SINCE JAN 1     21.56                     19.30   2.26    14.09

SNOWFALL (IN)
  TODAY           MM             T    2018                  MM
  MONTH TO DATE    0.0                                       0.0
  SINCE SEP 1      0.0                                       0.0
  SINCE JUL 1      0.0                                       0.0
  SNOW DEPTH      MM

DEGREE DAYS
 HEATING
  TODAY            0                         5     -5       19
  MONTH TO DATE   63                        58      5       87
  SINCE SEP 1     63                        85    -22       97
  SINCE JUL 1     63                        86    -23       97

 COOLING
  TODAY            3                         2      1        0
  MONTH TO DATE   34                        38     -4       49
  SINCE SEP 1    502                       273    229      338
  SINCE JAN 1   2213                      1823    390     2366
...................................................................


WIND (MPH)
  RESULTANT WIND SPEED   5   RESULTANT WIND DIRECTION  SW (240)
  HIGHEST WIND SPEED    16   HIGHEST WIND DIRECTION    SW (210)
  HIGHEST GUST SPEED    24   HIGHEST GUST DIRECTION    SW (230)
  AVERAGE WIND SPEED     5.4


SKY COVER
  AVERAGE SKY COVER 0.0


WEATHER CONDITIONS
THE FOLLOWING WEATHER WAS RECORDED TODAY.
  NO SIGNIFICANT WEATHER WAS OBSERVED.


RELATIVE HUMIDITY (PERCENT)
 HIGHEST    68           6:00 AM
 LOWEST     11           3:00 PM
 AVERAGE    40

..........................................................


THE BORGER CLIMATE NORMALS FOR TOMORROW
                         NORMAL    RECORD    YEAR
 MAXIMUM TEMPERATURE (F)   73        96      2016
 MINIMUM TEMPERATURE (F)   48        30      2018


SUNRISE AND SUNSET
OCTOBER 14 2019.......SUNRISE   7:51 AM CDT   SUNSET   7:12 PM CDT
OCTOBER 15 2019.......SUNRISE   7:52 AM CDT   SUNSET   7:10 PM CDT


-  INDICATES NEGATIVE NUMBERS.
R  INDICATES RECORD WAS SET OR TIED.
MM INDICATES DATA IS MISSING.
T  INDICATES TRACE AMOUNT.




$$
