000
CDUS44 KAMA 172238
CLIBGD


CLIMATE REPORT
NATIONAL WEATHER SERVICE AMARILLO TX
437 PM CST SAT FEB 17 2018


...................................

...THE BORGER CLIMATE SUMMARY FOR FEBRUARY 17 2018...
VALID TODAY AS OF 0400 PM LOCAL TIME.

CLIMATE NORMAL PERIOD 1981 TO 2010
CLIMATE RECORD PERIOD 1949 TO 2018


WEATHER ITEM   OBSERVED TIME   RECORD YEAR NORMAL DEPARTURE LAST
                VALUE   (LST)  VALUE       VALUE  FROM      YEAR
                                                  NORMAL
..................................................................
TEMPERATURE (F)
 TODAY
  MAXIMUM         59    259 PM  85    1970  55      4       71
  MINIMUM         38    752 AM   4    1993  30      8       37
  AVERAGE         49                        42      7       54

PRECIPITATION (IN)
  TODAY            0.00          0.58 1969   0.02  -0.02     0.00
  MONTH TO DATE    0.00                      0.41  -0.41     0.37
  SINCE DEC 1      0.01                      1.77  -1.76     3.70
  SINCE JAN 1      0.01                      1.00  -0.99     3.48

SNOWFALL (IN)
  TODAY            0.0           6.0  1969                   0.0
  MONTH TO DATE    0.0                                        T
  SINCE DEC 1      1.2                                       3.6
  SINCE JUL 1      2.0                                       3.6
  SNOW DEPTH       0

DEGREE DAYS
 HEATING
  TODAY           16                        23     -7       11
  MONTH TO DATE  410                       406      4      294
  SINCE DEC 1   1927                      2041   -114     1823
  SINCE JUL 1   2450                      2758   -308     2196

 COOLING
  TODAY            0                         0      0        0
  MONTH TO DATE    0                         0      0       14
  SINCE DEC 1      0                         0      0       14
  SINCE JAN 1      0                         0      0       14
..................................................................


WIND (MPH)
  RESULTANT WIND SPEED   2   RESULTANT WIND DIRECTION   N (340)
  HIGHEST WIND SPEED    30   HIGHEST WIND DIRECTION     N (20)
  HIGHEST GUST SPEED    37   HIGHEST GUST DIRECTION     N (10)
  AVERAGE WIND SPEED    13.3


SKY COVER
  AVERAGE SKY COVER 0.1


WEATHER CONDITIONS
 THE FOLLOWING WEATHER WAS RECORDED TODAY.
  NO SIGNIFICANT WEATHER WAS OBSERVED.


RELATIVE HUMIDITY (PERCENT)
 HIGHEST    92           800 AM
 LOWEST     14           300 PM
 AVERAGE    53

..........................................................


THE BORGER CLIMATE NORMALS FOR TOMORROW
                         NORMAL    RECORD    YEAR
 MAXIMUM TEMPERATURE (F)   55        88      2016
 MINIMUM TEMPERATURE (F)   30         6      2006
                                             1978


SUNRISE AND SUNSET
FEBRUARY 17 2018......SUNRISE   730 AM CST   SUNSET   629 PM CST
FEBRUARY 18 2018......SUNRISE   729 AM CST   SUNSET   630 PM CST


-  INDICATES NEGATIVE NUMBERS.
R  INDICATES RECORD WAS SET OR TIED.
MM INDICATES DATA IS MISSING.
T  INDICATES TRACE AMOUNT.




$$
