000
CDUS44 KAMA 150639
CLIBGD


CLIMATE REPORT
NATIONAL WEATHER SERVICE AMARILLO TX
138 AM CDT MON OCT 15 2018


...................................

...THE BORGER CLIMATE SUMMARY FOR OCTOBER 14 2018...

CLIMATE NORMAL PERIOD 1981 TO 2010
CLIMATE RECORD PERIOD 1949 TO 2018


WEATHER ITEM   OBSERVED TIME   RECORD YEAR NORMAL DEPARTURE LAST
                VALUE   (LST)  VALUE       VALUE  FROM      YEAR
                                                  NORMAL
..................................................................
TEMPERATURE (F)
 YESTERDAY
  MAXIMUM         59    452 AM  95    1968  74    -15       87
  MINIMUM         32   1159 PM  30    1969  49    -17       52
  AVERAGE         46                        61    -15       70

PRECIPITATION (IN)
  YESTERDAY        0.05          1.39 2008   0.06  -0.01     0.00
  MONTH TO DATE    2.90                      0.91   1.99     2.13
  SINCE SEP 1      3.96                      3.29   0.67     5.04
  SINCE JAN 1     14.09                     19.30  -5.21    26.04

SNOWFALL (IN)
  YESTERDAY        T   R         0.0  2013                   0.0
                                      2012
                                      2011
  MONTH TO DATE    T                                         0.0
  SINCE SEP 1      T                                         0.0
  SINCE JUL 1      T                                         0.0
  SNOW DEPTH       0

DEGREE DAYS
 HEATING
  YESTERDAY       19                         5     14        0
  MONTH TO DATE   87                        58     29       32
  SINCE SEP 1     97                        85     12       57
  SINCE JUL 1     97                        86     11       57

 COOLING
  YESTERDAY        0                         2     -2        5
  MONTH TO DATE   49                        38     11       58
  SINCE SEP 1    338                       273     65      319
  SINCE JAN 1   2366                      1823    543     1982
..................................................................


WIND (MPH)
  RESULTANT WIND SPEED   9   RESULTANT WIND DIRECTION   N (0)
  HIGHEST WIND SPEED    35   HIGHEST WIND DIRECTION     N (350)
  HIGHEST GUST SPEED    46   HIGHEST GUST DIRECTION     N (360)
  AVERAGE WIND SPEED    18.9


SKY COVER
  AVERAGE SKY COVER 0.9


WEATHER CONDITIONS
 THE FOLLOWING WEATHER WAS RECORDED YESTERDAY.
  LIGHT RAIN
  LIGHT SNOW
  FOG


RELATIVE HUMIDITY (PERCENT)
 HIGHEST    93           100 AM
 LOWEST     72           900 PM
 AVERAGE    83

..........................................................


THE BORGER CLIMATE NORMALS FOR TODAY
                         NORMAL    RECORD    YEAR
 MAXIMUM TEMPERATURE (F)   73        96      2016
 MINIMUM TEMPERATURE (F)   48        31      1952


SUNRISE AND SUNSET
OCTOBER 15 2018.......SUNRISE   752 AM CDT   SUNSET   710 PM CDT
OCTOBER 16 2018.......SUNRISE   753 AM CDT   SUNSET   709 PM CDT


-  INDICATES NEGATIVE NUMBERS.
R  INDICATES RECORD WAS SET OR TIED.
MM INDICATES DATA IS MISSING.
T  INDICATES TRACE AMOUNT.




$$
