000
CDUS44 KAMA 140645
CLIBGD


CLIMATE REPORT
NATIONAL WEATHER SERVICE AMARILLO
145 AM CDT MON OCT 14 2019

...................................

...THE BORGER CLIMATE SUMMARY FOR OCTOBER 13 2019...

CLIMATE NORMAL PERIOD: 1981 TO 2010
CLIMATE RECORD PERIOD: 1949 TO 2019


WEATHER ITEM   OBSERVED TIME   RECORD YEAR NORMAL DEPARTURE LAST
                VALUE   (LST)  VALUE       VALUE  FROM      YEAR
                                                  NORMAL
...................................................................
TEMPERATURE (F)
 YESTERDAY
  MAXIMUM         77   5:12 PM  96    1968  74      3       65
  MINIMUM         45   6:03 AM  28    1986  49     -4       53
  AVERAGE         61                        61      0       59

PRECIPITATION (IN)
  YESTERDAY        0.00          0.60 1957   0.06  -0.06      T
  MONTH TO DATE    2.72                      0.85   1.87     2.85
  SINCE SEP 1      5.51                      3.23   2.28     3.91
  SINCE JAN 1     21.56                     19.24   2.32    14.04

SNOWFALL (IN)
  YESTERDAY        0.0           0.0  2011                   0.0
                                      2012
                                      2013
  MONTH TO DATE    0.0                                       0.0
  SINCE SEP 1      0.0                                       0.0
  SINCE JUL 1      0.0                                       0.0
  SNOW DEPTH      MM

DEGREE DAYS
 HEATING
  YESTERDAY        4                         5     -1        6
  MONTH TO DATE   63                        53     10       68
  SINCE SEP 1     63                        80    -17       78
  SINCE JUL 1     63                        81    -18       78

 COOLING
  YESTERDAY        0                         2     -2        0
  MONTH TO DATE   31                        36     -5       49
  SINCE SEP 1    499                       271    228      338
  SINCE JAN 1   2210                      1821    389     2366
...................................................................


WIND (MPH)
  RESULTANT WIND SPEED   2   RESULTANT WIND DIRECTION  SW (210)
  HIGHEST WIND SPEED    15   HIGHEST WIND DIRECTION     S (200)
  HIGHEST GUST SPEED    22   HIGHEST GUST DIRECTION     S (200)
  AVERAGE WIND SPEED     5.3


SKY COVER
  AVERAGE SKY COVER 0.0


WEATHER CONDITIONS
THE FOLLOWING WEATHER WAS RECORDED YESTERDAY.
  NO SIGNIFICANT WEATHER WAS OBSERVED.


RELATIVE HUMIDITY (PERCENT)
 HIGHEST    66           8:00 AM
 LOWEST     20           5:00 PM
 AVERAGE    43

..........................................................


THE BORGER CLIMATE NORMALS FOR TODAY
                         NORMAL    RECORD    YEAR
 MAXIMUM TEMPERATURE (F)   74        95      1968
 MINIMUM TEMPERATURE (F)   49        30      1969


SUNRISE AND SUNSET
OCTOBER 14 2019.......SUNRISE   7:51 AM CDT   SUNSET   7:12 PM CDT
OCTOBER 15 2019.......SUNRISE   7:52 AM CDT   SUNSET   7:10 PM CDT


-  INDICATES NEGATIVE NUMBERS.
R  INDICATES RECORD WAS SET OR TIED.
MM INDICATES DATA IS MISSING.
T  INDICATES TRACE AMOUNT.




$$
