340
CDUS44 KAMA 212232
CLIBGD


CLIMATE REPORT
NATIONAL WEATHER SERVICE AMARILLO TX
431 PM CST MON JAN 21 2019


...................................

...THE BORGER CLIMATE SUMMARY FOR JANUARY 21 2019...
VALID TODAY AS OF 0400 PM LOCAL TIME.

CLIMATE NORMAL PERIOD 1981 TO 2010
CLIMATE RECORD PERIOD 1949 TO 2019


WEATHER ITEM   OBSERVED TIME   RECORD YEAR NORMAL DEPARTURE LAST
                VALUE   (LST)  VALUE       VALUE  FROM      YEAR
                                                  NORMAL
..................................................................
TEMPERATURE (F)
 TODAY
  MAXIMUM         76    208 PM  79    1950  52     24       58
  MINIMUM         37    709 AM   4    1984  26     11       34
                                      1959
                                      1954
  AVERAGE         57                        39     18       46

PRECIPITATION (IN)
  TODAY            0.00          0.62 1983   0.02  -0.02      T
  MONTH TO DATE    0.02                      0.35  -0.33     0.01
  SINCE DEC 1      0.69                      1.12  -0.43     0.01
  SINCE JAN 1      0.02                      0.35  -0.33     0.01

SNOWFALL (IN)
  TODAY            0.0           6.1  1966                   0.0
  MONTH TO DATE    T                                         0.0
  SINCE DEC 1      2.3                                       1.2
  SINCE JUL 1      9.3                                       2.0
  SNOW DEPTH       0

DEGREE DAYS
 HEATING
  TODAY            8                        26    -18       19
  MONTH TO DATE  450                       564   -114      543
  SINCE DEC 1   1206                      1384   -178     1317
  SINCE JUL 1   2027                      2101    -74     1840

 COOLING
  TODAY            0                         0      0        0
  MONTH TO DATE    0                         0      0        0
  SINCE DEC 1      0                         0      0        0
  SINCE JAN 1      0                         0      0        0
..................................................................


WIND (MPH)
  RESULTANT WIND SPEED  15   RESULTANT WIND DIRECTION   S (200)
  HIGHEST WIND SPEED    30   HIGHEST WIND DIRECTION    SW (240)
  HIGHEST GUST SPEED    41   HIGHEST GUST DIRECTION    SW (230)
  AVERAGE WIND SPEED    17.0


SKY COVER
  AVERAGE SKY COVER 0.0


WEATHER CONDITIONS
 THE FOLLOWING WEATHER WAS RECORDED TODAY.
  NO SIGNIFICANT WEATHER WAS OBSERVED.


RELATIVE HUMIDITY (PERCENT)
 HIGHEST    55          1200 AM
 LOWEST     14           200 PM
 AVERAGE    35

..........................................................


THE BORGER CLIMATE NORMALS FOR TOMORROW
                         NORMAL    RECORD    YEAR
 MAXIMUM TEMPERATURE (F)   52        79      1967
 MINIMUM TEMPERATURE (F)   27        -4      1966


SUNRISE AND SUNSET
JANUARY 21 2019.......SUNRISE   753 AM CST   SUNSET   602 PM CST
JANUARY 22 2019.......SUNRISE   752 AM CST   SUNSET   603 PM CST


-  INDICATES NEGATIVE NUMBERS.
R  INDICATES RECORD WAS SET OR TIED.
MM INDICATES DATA IS MISSING.
T  INDICATES TRACE AMOUNT.




$$
