000
CDUS44 KAMA 261433
CLIBGD

CLIMATE REPORT
NATIONAL WEATHER SERVICE AMARILLO
933 AM CDT MON OCT 26 2020

...................................

...THE BORGER CLIMATE SUMMARY FOR OCTOBER 26 2020...
VALID AS OF 0900 AM LOCAL TIME.

CLIMATE NORMAL PERIOD: 1981 TO 2010
CLIMATE RECORD PERIOD: 1949 TO 2020


WEATHER ITEM   OBSERVED TIME   RECORD YEAR NORMAL DEPARTURE LAST
                VALUE   (LST)  VALUE       VALUE  FROM      YEAR
                                                  NORMAL
...................................................................
TEMPERATURE (F)
 TODAY
  MINIMUM         23R  7:51 AM  25    1957  44    -21       31
                                      1997

PRECIPITATION (IN)
  TODAY            0.11          0.42 1951   0.04   0.07     0.00
  MONTH TO DATE    0.14                      1.50  -1.36     3.20
  SINCE SEP 1      1.65                      3.88  -2.23     5.99
  SINCE JAN 1      9.01                     19.89 -10.88    22.04

SNOWFALL (IN)
  TODAY           MM             0.0  2011                   0.0
                                      2012
                                      2013
  MONTH TO DATE   MM                                         6.5
  SINCE SEP 1     MM                                         6.5
  SINCE JUL 1     MM                                         6.5
  SNOW DEPTH      MM

...................................................................


WIND (MPH)
  RESULTANT WIND SPEED  17   RESULTANT WIND DIRECTION  NE (30)
  HIGHEST WIND SPEED    23   HIGHEST WIND DIRECTION     N (20)
  HIGHEST GUST SPEED    30   HIGHEST GUST DIRECTION     N (360)
  AVERAGE WIND SPEED    17.0


SKY COVER
  AVERAGE SKY COVER 1.0


WEATHER CONDITIONS
THE FOLLOWING WEATHER WAS RECORDED TODAY.
  THUNDERSTORM
  LIGHT SNOW
  FOG


RELATIVE HUMIDITY (PERCENT)
 HIGHEST    85          12:00 AM
 LOWEST     77           7:00 AM
 AVERAGE    81

..........................................................


THE BORGER CLIMATE NORMALS FOR TOMORROW
                         NORMAL    RECORD    YEAR
 MAXIMUM TEMPERATURE (F)   69        85      1975
                                             1979
 MINIMUM TEMPERATURE (F)   44        25      1997


SUNRISE AND SUNSET
OCTOBER 26 2020.......SUNRISE   8:02 AM CDT   SUNSET   6:56 PM CDT
OCTOBER 27 2020.......SUNRISE   8:03 AM CDT   SUNSET   6:55 PM CDT


-  INDICATES NEGATIVE NUMBERS.
R  INDICATES RECORD WAS SET OR TIED.
MM INDICATES DATA IS MISSING.
T  INDICATES TRACE AMOUNT.




$$
