000
CDUS44 KAMA 232233
CLIBGD

CLIMATE REPORT
NATIONAL WEATHER SERVICE AMARILLO
433 PM CST SUN FEB 23 2020

...................................

...THE BORGER CLIMATE SUMMARY FOR FEBRUARY 23 2020...
VALID TODAY AS OF 0400 PM LOCAL TIME.

CLIMATE NORMAL PERIOD: 1981 TO 2010
CLIMATE RECORD PERIOD: 1949 TO 2020


WEATHER ITEM   OBSERVED TIME   RECORD YEAR NORMAL DEPARTURE LAST
                VALUE   (LST)  VALUE       VALUE  FROM      YEAR
                                                  NORMAL
...................................................................
TEMPERATURE (F)
 TODAY
  MAXIMUM         77   2:39 PM  81    1956  56     21       45
  MINIMUM         53   8:09 AM   7    1960  31     22       33
  AVERAGE         65                        44     21       39

PRECIPITATION (IN)
  TODAY            0.00          0.41 2016   0.02  -0.02     0.21
  MONTH TO DATE    0.22                      0.53  -0.31     0.30
  SINCE DEC 1      1.34                      1.89  -0.55     0.99
  SINCE JAN 1      0.42                      1.12  -0.70     0.32

SNOWFALL (IN)
  TODAY            0.0           1.5  2015                   0.0
  MONTH TO DATE    0.0                                        T
  SINCE DEC 1      0.5                                       2.3
  SINCE JUL 1      7.0                                       9.3
  SNOW DEPTH       0

DEGREE DAYS
 HEATING
  TODAY            0                        22    -22       26
  MONTH TO DATE  523                       539    -16      520
  SINCE DEC 1   1714                      2174   -460     2001
  SINCE JUL 1   2523                      2891   -368     2822

 COOLING
  TODAY            0                         0      0        0
  MONTH TO DATE    0                         0      0        0
  SINCE DEC 1      0                         0      0        0
  SINCE JAN 1      0                         0      0        0
...................................................................


WIND (MPH)
  RESULTANT WIND SPEED  11   RESULTANT WIND DIRECTION  SW (220)
  HIGHEST WIND SPEED    26   HIGHEST WIND DIRECTION    SW (230)
  HIGHEST GUST SPEED    35   HIGHEST GUST DIRECTION    SW (240)
  AVERAGE WIND SPEED    13.5


SKY COVER
  AVERAGE SKY COVER 0.2


WEATHER CONDITIONS
THE FOLLOWING WEATHER WAS RECORDED TODAY.
  NO SIGNIFICANT WEATHER WAS OBSERVED.


RELATIVE HUMIDITY (PERCENT)
 HIGHEST    61           9:00 AM
 LOWEST     18           3:00 PM
 AVERAGE    40

..........................................................


THE BORGER CLIMATE NORMALS FOR TOMORROW
                         NORMAL    RECORD    YEAR
 MAXIMUM TEMPERATURE (F)   56        77      2000
                                             2007
 MINIMUM TEMPERATURE (F)   31         4      1965


SUNRISE AND SUNSET
FEBRUARY 23 2020......SUNRISE   7:24 AM CST   SUNSET   6:35 PM CST
FEBRUARY 24 2020......SUNRISE   7:22 AM CST   SUNSET   6:36 PM CST


-  INDICATES NEGATIVE NUMBERS.
R  INDICATES RECORD WAS SET OR TIED.
MM INDICATES DATA IS MISSING.
T  INDICATES TRACE AMOUNT.




$$
