000
CDUS44 KAMA 202127
CLIBGD


CLIMATE REPORT
NATIONAL WEATHER SERVICE AMARILLO TX
426 PM CDT FRI JUL 20 2018


...................................

...THE BORGER CLIMATE SUMMARY FOR JULY 20 2018...
VALID TODAY AS OF 0400 PM LOCAL TIME.

CLIMATE NORMAL PERIOD 1981 TO 2010
CLIMATE RECORD PERIOD 1949 TO 2018


WEATHER ITEM   OBSERVED TIME   RECORD YEAR NORMAL DEPARTURE LAST
                VALUE   (LST)  VALUE       VALUE  FROM      YEAR
                                                  NORMAL
..................................................................
TEMPERATURE (F)
 TODAY
  MAXIMUM        109R   259 PM 104    2011  95     14      100
                                      2006
  MINIMUM         75    456 AM  58    1988  70      5       75
  AVERAGE         92                        82     10       88

PRECIPITATION (IN)
  TODAY            0.00          1.58 1959   0.05  -0.05     0.00
  MONTH TO DATE    0.55                      1.55  -1.00     0.17
  SINCE JUN 1      4.32                      4.72  -0.40     0.61
  SINCE JAN 1      7.72                     11.77  -4.05    11.76

SNOWFALL (IN)
  TODAY            0.0           T    1950                   0.0
  MONTH TO DATE    0.0                                       0.0
  SINCE JUN 1      0.0                                       0.0
  SINCE JUL 1      0.0                                       0.0
  SNOW DEPTH       0

DEGREE DAYS
 HEATING
  TODAY            0                         0      0        0
  MONTH TO DATE    0                         0      0        0
  SINCE JUN 1      0                         3     -3        0
  SINCE JUL 1      0                         0      0        0

 COOLING
  TODAY           27                        17     10       23
  MONTH TO DATE  374                       332     42      396
  SINCE JUN 1    880                       690    190      860
  SINCE JAN 1   1311                       887    424     1100
..................................................................


WIND (MPH)
  RESULTANT WIND SPEED   9   RESULTANT WIND DIRECTION  SW (220)
  HIGHEST WIND SPEED    21   HIGHEST WIND DIRECTION    SW (240)
  HIGHEST GUST SPEED    32   HIGHEST GUST DIRECTION    SW (240)
  AVERAGE WIND SPEED    10.3


SKY COVER
  AVERAGE SKY COVER 0.0


WEATHER CONDITIONS
 THE FOLLOWING WEATHER WAS RECORDED TODAY.
  HAZE


RELATIVE HUMIDITY (PERCENT)
 HIGHEST    46           500 AM
 LOWEST     13           100 PM
 AVERAGE    30

..........................................................


THE BORGER CLIMATE NORMALS FOR TOMORROW
                         NORMAL    RECORD    YEAR
 MAXIMUM TEMPERATURE (F)   95       104      2012
                                             2001
 MINIMUM TEMPERATURE (F)   70        57      1988
                                             1970


SUNRISE AND SUNSET
JULY 20 2018..........SUNRISE   645 AM CDT   SUNSET   859 PM CDT
JULY 21 2018..........SUNRISE   645 AM CDT   SUNSET   858 PM CDT


-  INDICATES NEGATIVE NUMBERS.
R  INDICATES RECORD WAS SET OR TIED.
MM INDICATES DATA IS MISSING.
T  INDICATES TRACE AMOUNT.




$$
