000
CDUS41 KBGM 150525
CLIBGM


CLIMATE REPORT
NATIONAL WEATHER SERVICE BINGHAMTON NY
1224 AM EST SAT DEC 15 2018


...................................

...THE BINGHAMTON NY CLIMATE SUMMARY FOR DECEMBER 14 2018...

CLIMATE NORMAL PERIOD 1981 TO 2010
CLIMATE RECORD PERIOD 1951 TO 2018


WEATHER ITEM   OBSERVED TIME   RECORD YEAR NORMAL DEPARTURE LAST
                VALUE   (LST)  VALUE       VALUE  FROM      YEAR
                                                  NORMAL
..................................................................
TEMPERATURE (F)
 YESTERDAY
  MAXIMUM         43    307 PM  61    2015  34      9       17
  MINIMUM         30    243 AM  -6    2005  22      8        7
  AVERAGE         37                        28      9       12

PRECIPITATION (IN)
  YESTERDAY        0.00          1.06 1956   0.08  -0.08     0.06
  MONTH TO DATE    0.59                      1.40  -0.81     0.52
  SINCE DEC 1      0.59                      1.40  -0.81     0.52
  SINCE JAN 1     54.54                     37.87  16.67    47.41

SNOWFALL (IN)
  YESTERDAY        0.0          11.5  2003   0.5   -0.5      1.6
  MONTH TO DATE    4.0                       7.2   -3.2      4.3
  SINCE DEC 1      4.0                       7.2   -3.2      4.3
  SINCE JUL 1     30.2                      14.0   16.2      6.1
  SNOW DEPTH       T

DEGREE DAYS
 HEATING
  YESTERDAY       28                        37     -9       53
  MONTH TO DATE  528                       491     37      512
  SINCE DEC 1    528                       491     37      512
  SINCE JUL 1   2160                      2066     94     1910

 COOLING
  YESTERDAY        0                         0      0        0
  MONTH TO DATE    0                         0      0        0
  SINCE DEC 1      0                         0      0        0
  SINCE JAN 1    536                       381    155      349
..................................................................


WIND (MPH)
  HIGHEST WIND SPEED    17   HIGHEST WIND DIRECTION     S (190)
  HIGHEST GUST SPEED    25   HIGHEST GUST DIRECTION     S (180)
  AVERAGE WIND SPEED     9.0


SKY COVER
  AVERAGE SKY COVER 1.0


WEATHER CONDITIONS
 THE FOLLOWING WEATHER WAS RECORDED YESTERDAY.
  FOG


RELATIVE HUMIDITY (PERCENT)
 HIGHEST   100           200 AM
 LOWEST     73           900 PM
 AVERAGE    87

..........................................................


THE BINGHAMTON NY CLIMATE NORMALS FOR TODAY
                         NORMAL    RECORD    YEAR
 MAXIMUM TEMPERATURE (F)   33        56      2015
                                             1971
 MINIMUM TEMPERATURE (F)   21         1      1962


SUNRISE AND SUNSET
DECEMBER 15 2018......SUNRISE   726 AM EST   SUNSET   433 PM EST
DECEMBER 16 2018......SUNRISE   726 AM EST   SUNSET   433 PM EST


-  INDICATES NEGATIVE NUMBERS.
R  INDICATES RECORD WAS SET OR TIED.
MM INDICATES DATA IS MISSING.
T  INDICATES TRACE AMOUNT.




$$
