938
CDUS41 KBGM 230219
CLIBGM


CLIMATE REPORT
NATIONAL WEATHER SERVICE BINGHAMTON NY
1018 PM EDT FRI JUN 22 2018


...................................

...THE BINGHAMTON NY CLIMATE SUMMARY FOR JUNE 22 2018...
VALID AS OF 1000 PM LOCAL TIME.

CLIMATE NORMAL PERIOD 1981 TO 2010
CLIMATE RECORD PERIOD 1951 TO 2018


WEATHER ITEM   OBSERVED TIME   RECORD YEAR NORMAL DEPARTURE LAST
                VALUE   (LST)  VALUE       VALUE  FROM      YEAR
                                                  NORMAL
..................................................................
TEMPERATURE (F)
 TODAY
  MAXIMUM         74   1148 AM  91    1988  75     -1       78
  MINIMUM         48    439 AM  43    1992  57     -9       53
  AVERAGE         61                        66     -5       66

PRECIPITATION (IN)
  TODAY            T             1.47 1972   0.14  -0.14     0.00
  MONTH TO DATE    1.17                      3.18  -2.01     4.80
  SINCE JUN 1      1.17                      3.18  -2.01     4.80
  SINCE JAN 1     16.39                     17.93  -1.54    29.25

SNOWFALL (IN)
  TODAY            0.0           T    2002   0.0    0.0      0.0
  MONTH TO DATE    0.0                       0.0    0.0      0.0
  SINCE JUN 1      0.0                       0.0    0.0      0.0
  SINCE JUL 1     90.6                      83.4    7.2    135.2
  SNOW DEPTH       0

DEGREE DAYS
 HEATING
  TODAY            4                         2      2        0
  MONTH TO DATE   65                        79    -14       75
  SINCE JUN 1     65                        79    -14       75
  SINCE JUL 1   7050                      7183   -133     6591

 COOLING
  TODAY            0                         3     -3        1
  MONTH TO DATE   35                        47    -12       52
  SINCE JUN 1     35                        47    -12       52
  SINCE JAN 1     81                        70     11       73
..................................................................


WIND (MPH)
  HIGHEST WIND SPEED    15   HIGHEST WIND DIRECTION    SE (140)
  HIGHEST GUST SPEED    19   HIGHEST GUST DIRECTION     S (180)
  AVERAGE WIND SPEED     8.4


SKY COVER
  AVERAGE SKY COVER 0.2


WEATHER CONDITIONS
 THE FOLLOWING WEATHER WAS RECORDED TODAY.
  LIGHT RAIN


RELATIVE HUMIDITY (PERCENT)
 HIGHEST    80           500 AM
 LOWEST     57          1200 PM
 AVERAGE    69

..........................................................


THE BINGHAMTON NY CLIMATE NORMALS FOR TOMORROW
                         NORMAL    RECORD    YEAR
 MAXIMUM TEMPERATURE (F)   76        89      1975
 MINIMUM TEMPERATURE (F)   57        39      1992


SUNRISE AND SUNSET
JUNE 22 2018..........SUNRISE   528 AM EDT   SUNSET   844 PM EDT
JUNE 23 2018..........SUNRISE   528 AM EDT   SUNSET   844 PM EDT


-  INDICATES NEGATIVE NUMBERS.
R  INDICATES RECORD WAS SET OR TIED.
MM INDICATES DATA IS MISSING.
T  INDICATES TRACE AMOUNT.




$$
