158
CDUS41 KBGM 150657
CLIBGM

CLIMATE REPORT
NATIONAL WEATHER SERVICE BINGHAMTON, NY
257 AM EDT TUE JUN 15 2021

...................................

...THE BINGHAMTON NY CLIMATE SUMMARY FOR JUNE 14 2021...

CLIMATE NORMAL PERIOD 1991 TO 2020
CLIMATE RECORD PERIOD 1951 TO 2021


WEATHER ITEM   OBSERVED TIME   RECORD YEAR NORMAL DEPARTURE LAST
                VALUE   (LST)  VALUE       VALUE  FROM      YEAR
                                                  NORMAL
...................................................................
TEMPERATURE (F)
 YESTERDAY
  MAXIMUM         75   1212 PM  91    1988  74      1       62
  MINIMUM         58   1157 PM  39    2020  55      3       39
  AVERAGE         67                        64      3       51

PRECIPITATION (IN)
  YESTERDAY        0.08          2.74 2015   0.17  -0.09     0.00
  MONTH TO DATE    1.75                      2.16  -0.41     1.24
  SINCE JUN 1      1.75                      2.16  -0.41     1.24
  SINCE JAN 1     18.36                     17.65   0.71    17.17

SNOWFALL (IN)
  YESTERDAY        0.0           0.0  2001   0.0    0.0      0.0
                                      2002
  MONTH TO DATE    0.0                       0.0    0.0      0.0
  SINCE JUN 1      0.0                       0.0    0.0      0.0
  SINCE JUL 1    105.0                      86.5   18.5     79.1
  SNOW DEPTH       0

DEGREE DAYS
 HEATING
  YESTERDAY        0                         3     -3       14
  MONTH TO DATE   10                        61    -51       67
  SINCE JUN 1     10                        61    -51       67
  SINCE JUL 1   6662                      7134   -472     6871

 COOLING
  YESTERDAY        2                         2      0        0
  MONTH TO DATE   64                        27     37       30
  SINCE JUN 1     64                        27     37       30
  SINCE JAN 1     98                        52     46       57
...................................................................


WIND (MPH)
  HIGHEST WIND SPEED    16   HIGHEST WIND DIRECTION     W (280)
  HIGHEST GUST SPEED    21   HIGHEST GUST DIRECTION     W (260)
  AVERAGE WIND SPEED     6.3


SKY COVER
  AVERAGE SKY COVER 0.6


WEATHER CONDITIONS
THE FOLLOWING WEATHER WAS RECORDED YESTERDAY.
  THUNDERSTORM
  LIGHT RAIN
  FOG


RELATIVE HUMIDITY (PERCENT)
 HIGHEST    97           300 AM
 LOWEST     50          1200 PM
 AVERAGE    74

..........................................................


THE BINGHAMTON NY CLIMATE NORMALS FOR TODAY
                         NORMAL    RECORD    YEAR
 MAXIMUM TEMPERATURE (F)   74        90      1988
 MINIMUM TEMPERATURE (F)   55        39      1958


SUNRISE AND SUNSET
JUNE 15 2021..........SUNRISE   527 AM EDT   SUNSET   842 PM EDT
JUNE 16 2021..........SUNRISE   527 AM EDT   SUNSET   843 PM EDT


-  INDICATES NEGATIVE NUMBERS.
R  INDICATES RECORD WAS SET OR TIED.
MM INDICATES DATA IS MISSING.
T  INDICATES TRACE AMOUNT.




$$
