000
CDUS41 KBGM 230531
CLIBGM


CLIMATE REPORT
NATIONAL WEATHER SERVICE BINGHAMTON NY
129 AM EDT SUN SEP 23 2018


...................................

...THE BINGHAMTON NY CLIMATE SUMMARY FOR SEPTEMBER 22 2018...

CLIMATE NORMAL PERIOD 1981 TO 2010
CLIMATE RECORD PERIOD 1951 TO 2018


WEATHER ITEM   OBSERVED TIME   RECORD YEAR NORMAL DEPARTURE LAST
                VALUE   (LST)  VALUE       VALUE  FROM      YEAR
                                                  NORMAL
..................................................................
TEMPERATURE (F)
 YESTERDAY
  MAXIMUM         67   1251 AM  85    1980  66      1       79
                                      1965
  MINIMUM         47   1136 PM  35    1991  48     -1       58
  AVERAGE         57                        57      0       69

PRECIPITATION (IN)
  YESTERDAY        0.00          1.53 1995   0.13  -0.13     0.00
  MONTH TO DATE    6.84                      2.63   4.21     1.16
  SINCE SEP 1      6.84                      2.63   4.21     1.16
  SINCE JAN 1     40.88                     28.84  12.04    40.90

SNOWFALL (IN)
  YESTERDAY        0.0           0.0  2002   0.0    0.0      0.0
                                      2001
                                      2000
  MONTH TO DATE    0.0                       0.0    0.0      0.0
  SINCE SEP 1      0.0                       0.0    0.0      0.0
  SINCE JUL 1      0.0                       0.0    0.0      0.0
  SNOW DEPTH       0

DEGREE DAYS
 HEATING
  YESTERDAY        8                         8      0        0
  MONTH TO DATE   53                       114    -61      114
  SINCE SEP 1     53                       114    -61      114
  SINCE JUL 1     65                       177   -112      195

 COOLING
  YESTERDAY        0                         1     -1        4
  MONTH TO DATE   85                        29     56       30
  SINCE SEP 1     85                        29     56       30
  SINCE JAN 1    522                       377    145      301
..................................................................


WIND (MPH)
  HIGHEST WIND SPEED    18   HIGHEST WIND DIRECTION     N (350)
  HIGHEST GUST SPEED    26   HIGHEST GUST DIRECTION     N (350)
  AVERAGE WIND SPEED     9.2


SKY COVER
  AVERAGE SKY COVER 0.4


WEATHER CONDITIONS
 THE FOLLOWING WEATHER WAS RECORDED YESTERDAY.
  NO SIGNIFICANT WEATHER WAS OBSERVED.


RELATIVE HUMIDITY (PERCENT)
 HIGHEST    93          1200 AM
 LOWEST     62           200 PM
 AVERAGE    78

..........................................................


THE BINGHAMTON NY CLIMATE NORMALS FOR TODAY
                         NORMAL    RECORD    YEAR
 MAXIMUM TEMPERATURE (F)   66        85      1959
 MINIMUM TEMPERATURE (F)   48        32      1963


SUNRISE AND SUNSET
SEPTEMBER 23 2018.....SUNRISE   652 AM EDT   SUNSET   659 PM EDT
SEPTEMBER 24 2018.....SUNRISE   653 AM EDT   SUNSET   658 PM EDT


-  INDICATES NEGATIVE NUMBERS.
R  INDICATES RECORD WAS SET OR TIED.
MM INDICATES DATA IS MISSING.
T  INDICATES TRACE AMOUNT.

$$
