000
CDUS41 KCAR 292028
CLIBGR


CLIMATE REPORT
NATIONAL WEATHER SERVICE CARIBOU, ME
428 PM EDT FRI MAY 29 2020


...................................

...THE BANGOR ME CLIMATE SUMMARY FOR MAY 29 2020...
VALID TODAY AS OF 0400 PM LOCAL TIME.

CLIMATE NORMAL PERIOD 1981 TO 2010
CLIMATE RECORD PERIOD 1925 TO 2020


WEATHER ITEM   OBSERVED TIME   RECORD YEAR NORMAL DEPARTURE LAST
                VALUE   (LST)  VALUE       VALUE  FROM      YEAR
                                                  NORMAL
..................................................................
TEMPERATURE (F)
 TODAY
  MAXIMUM         81    230 PM  94    1931  69     12       58
  MINIMUM         66    554 AM  33    1970  47     19       43
  AVERAGE         74                        58     16       51

PRECIPITATION (IN)
  TODAY            0.00          2.16 1984   0.13  -0.13     0.06
  MONTH TO DATE    2.22                      3.40  -1.18     4.43
  SINCE MAR 1      9.27                     10.40  -1.13    11.90
  SINCE JAN 1     13.34                     15.81  -2.47    18.88

SNOWFALL (IN)
  TODAY            0.0           0.0  2002   0.0    0.0      0.0
                                      2001
  MONTH TO DATE    1.0                       0.1    0.9      0.0
  SINCE MAR 1     16.6                      15.5    1.1     16.9
  SINCE JUL 1     56.8                      66.2   -9.4     79.9
  SNOW DEPTH       0

DEGREE DAYS
 HEATING
  TODAY            0                         7     -7       14
  MONTH TO DATE  357                       341     16      405
  SINCE MAR 1   2006                      2093    -87     2209
  SINCE JUL 1   7312                      7739   -427     7901

 COOLING
  TODAY            9                         0      9        0
  MONTH TO DATE   20                         0     20        0
  SINCE MAR 1     20                         0     20        0
  SINCE JAN 1     20                         0     20        0
..................................................................


WIND (MPH)
  HIGHEST WIND SPEED    20   HIGHEST WIND DIRECTION     S (170)
  HIGHEST GUST SPEED    25   HIGHEST GUST DIRECTION     S (170)
  AVERAGE WIND SPEED    13.2


SKY COVER
  POSSIBLE SUNSHINE  MM
  AVERAGE SKY COVER 0.6


WEATHER CONDITIONS
 THE FOLLOWING WEATHER WAS RECORDED TODAY.
  NO SIGNIFICANT WEATHER WAS OBSERVED.


RELATIVE HUMIDITY (PERCENT)
 HIGHEST    87           500 AM
 LOWEST     62           200 PM
 AVERAGE    75

..........................................................


THE BANGOR ME CLIMATE NORMALS FOR TOMORROW
                         NORMAL    RECORD    YEAR
 MAXIMUM TEMPERATURE (F)   70        93      1929
 MINIMUM TEMPERATURE (F)   47        34      1941
                                             1940


SUNRISE AND SUNSET
MAY 29 2020...........SUNRISE   454 AM EDT   SUNSET   812 PM EDT
MAY 30 2020...........SUNRISE   453 AM EDT   SUNSET   813 PM EDT


-  INDICATES NEGATIVE NUMBERS.
R  INDICATES RECORD WAS SET OR TIED.
MM INDICATES DATA IS MISSING.
T  INDICATES TRACE AMOUNT.




$$
