000
CDUS41 KCAR 250548
CLIBGR


CLIMATE REPORT
NATIONAL WEATHER SERVICE CARIBOU, ME
147 AM EDT FRI MAY 25 2018


...................................

...THE BANGOR ME CLIMATE SUMMARY FOR MAY 24 2018...

CLIMATE NORMAL PERIOD 1981 TO 2010
CLIMATE RECORD PERIOD 1925 TO 2018


WEATHER ITEM   OBSERVED TIME   RECORD YEAR NORMAL DEPARTURE LAST
                VALUE   (LST)  VALUE       VALUE  FROM      YEAR
                                                  NORMAL
..................................................................
TEMPERATURE (F)
 YESTERDAY
  MAXIMUM         63    128 PM  91    1964  68     -5       74
  MINIMUM         38    428 AM  32    1956  45     -7       44
  AVERAGE         51                        56     -5       59

PRECIPITATION (IN)
  YESTERDAY        T             1.84 1986   0.12  -0.12     0.00
  MONTH TO DATE    2.34                      2.77  -0.43     5.01
  SINCE MAR 1      9.29                      9.77  -0.48    11.06
  SINCE JAN 1     17.81                     15.18   2.63    16.95

SNOWFALL (IN)
  YESTERDAY        0.0           0.0  2002   0.0             0.0
                                      2001
  MONTH TO DATE    0.0                       0.1             0.0
  SINCE MAR 1     35.3                      15.5            19.3
  SINCE JUL 1    111.3                      66.2            82.6
  SNOW DEPTH       0

DEGREE DAYS
 HEATING
  YESTERDAY       14                         9      5        6
  MONTH TO DATE  219                       301    -82      301
  SINCE MAR 1   1976                      2053    -77     2085
  SINCE JUL 1   7194                      7699   -505     7213

 COOLING
  YESTERDAY        0                         0      0        0
  MONTH TO DATE    3                         0      3        7
  SINCE MAR 1      3                         0      3        7
  SINCE JAN 1      3                         0      3        7
..................................................................


WIND (MPH)
  RESULTANT WIND SPEED   6   RESULTANT WIND DIRECTION   S (190)
  HIGHEST WIND SPEED    22   HIGHEST WIND DIRECTION     S (170)
  HIGHEST GUST SPEED    27   HIGHEST GUST DIRECTION     S (170)


SKY COVER
  POSSIBLE SUNSHINE  MM
  AVERAGE SKY COVER 0.5


WEATHER CONDITIONS
 THE FOLLOWING WEATHER WAS RECORDED YESTERDAY.
  LIGHT RAIN
  FOG


RELATIVE HUMIDITY (PERCENT)
 HIGHEST   100
 LOWEST     43
 AVERAGE    72

..........................................................


THE BANGOR ME CLIMATE NORMALS FOR TODAY
                         NORMAL    RECORD    YEAR
 MAXIMUM TEMPERATURE (F)   68        92      2010
                                             2007
 MINIMUM TEMPERATURE (F)   45        31      1956


SUNRISE AND SUNSET
MAY 25 2018...........SUNRISE   457 AM EDT   SUNSET   808 PM EDT
MAY 26 2018...........SUNRISE   457 AM EDT   SUNSET   809 PM EDT


-  INDICATES NEGATIVE NUMBERS.
R  INDICATES RECORD WAS SET OR TIED.
MM INDICATES DATA IS MISSING.
T  INDICATES TRACE AMOUNT.




$$
