000
CDUS41 KCAR 230548
CLIBGR


CLIMATE REPORT
NATIONAL WEATHER SERVICE CARIBOU, ME
148 AM EDT WED OCT 23 2019


...................................

...THE BANGOR ME CLIMATE SUMMARY FOR OCTOBER 22 2019...

CLIMATE NORMAL PERIOD 1981 TO 2010
CLIMATE RECORD PERIOD 1925 TO 2019


WEATHER ITEM   OBSERVED TIME   RECORD YEAR NORMAL DEPARTURE LAST
                VALUE   (LST)  VALUE       VALUE  FROM      YEAR
                                                  NORMAL
..................................................................
TEMPERATURE (F)
 YESTERDAY
  MAXIMUM         58    126 PM  84    1979  55      3       45
  MINIMUM         35    539 AM  20    1959  35      0       24
  AVERAGE         47                        45      2       35

PRECIPITATION (IN)
  YESTERDAY        0.00          1.08 1942   0.13  -0.13     0.00
  MONTH TO DATE    2.74                      2.98  -0.24     2.80
  SINCE SEP 1      5.55                      6.81  -1.26     5.43
  SINCE JAN 1     41.76                     33.06   8.70    33.90

SNOWFALL (IN)
  YESTERDAY        0.0           1.1  1969   0.0             0.0
  MONTH TO DATE    0.0                       0.1             0.0
  SINCE SEP 1      0.0                       0.1             0.0
  SINCE JUL 1      0.0                       0.1             0.0
  SNOW DEPTH       0

DEGREE DAYS
 HEATING
  YESTERDAY       18                        20     -2       30
  MONTH TO DATE  332                       359    -27      368
  SINCE SEP 1    530                       568    -38      539
  SINCE JUL 1    546                       631    -85      546

 COOLING
  YESTERDAY        0                         0      0        0
  MONTH TO DATE    0                         0      0        0
  SINCE SEP 1     14                        23     -9       58
  SINCE JAN 1    336                       317     19      511
..................................................................


WIND (MPH)
  RESULTANT WIND SPEED   4   RESULTANT WIND DIRECTION   E (100)
  HIGHEST WIND SPEED    14   HIGHEST WIND DIRECTION     E (110)
  HIGHEST GUST SPEED    18   HIGHEST GUST DIRECTION     E (100)


SKY COVER
  POSSIBLE SUNSHINE  MM
  AVERAGE SKY COVER 0.8


WEATHER CONDITIONS
 THE FOLLOWING WEATHER WAS RECORDED YESTERDAY.
  FOG


RELATIVE HUMIDITY (PERCENT)
 HIGHEST   100
 LOWEST     57
 AVERAGE    79

..........................................................


THE BANGOR ME CLIMATE NORMALS FOR TODAY
                         NORMAL    RECORD    YEAR
 MAXIMUM TEMPERATURE (F)   55        78      1947
 MINIMUM TEMPERATURE (F)   35        20      1940


SUNRISE AND SUNSET
OCTOBER 23 2019.......SUNRISE   701 AM EDT   SUNSET   538 PM EDT
OCTOBER 24 2019.......SUNRISE   702 AM EDT   SUNSET   536 PM EDT


-  INDICATES NEGATIVE NUMBERS.
R  INDICATES RECORD WAS SET OR TIED.
MM INDICATES DATA IS MISSING.
T  INDICATES TRACE AMOUNT.




$$
