048
CDUS41 KCAR 212130
CLIBGR


CLIMATE REPORT
NATIONAL WEATHER SERVICE CARIBOU, ME
430 PM EST THU FEB 21 2019


...................................

...THE BANGOR ME CLIMATE SUMMARY FOR FEBRUARY 21 2019...
VALID TODAY AS OF 0400 PM LOCAL TIME.

CLIMATE NORMAL PERIOD 1981 TO 2010
CLIMATE RECORD PERIOD 1925 TO 2019


WEATHER ITEM   OBSERVED TIME   RECORD YEAR NORMAL DEPARTURE LAST
                VALUE   (LST)  VALUE       VALUE  FROM      YEAR
                                                  NORMAL
..................................................................
TEMPERATURE (F)
 TODAY
  MAXIMUM         37    359 PM  60    1937  33      4       57
  MINIMUM         20    602 AM -15    1929  12      8       34
  AVERAGE         29                        22      7       46

PRECIPITATION (IN)
  TODAY            0.32          0.80 1986   0.09   0.23     0.00
  MONTH TO DATE    1.51                      1.85  -0.34     2.77
  SINCE DEC 1     10.89                      8.22   2.67    12.13
  SINCE JAN 1      6.66                      4.74   1.92     8.30

SNOWFALL (IN)
  TODAY            3.7          16.1  1947   0.5    3.2      0.0
  MONTH TO DATE   15.2                      11.3    3.9     16.7
  SINCE DEC 1     45.7                      44.9    0.8     74.5
  SINCE JUL 1     61.6                      47.3   14.3     74.5
  SNOW DEPTH      12

DEGREE DAYS
 HEATING
  TODAY           36                        43     -7       19
  MONTH TO DATE  911                       949    -38      872
  SINCE DEC 1   3607                      3687    -80     3738
  SINCE JUL 1   5365                      5356      9     4997

 COOLING
  TODAY            0                         0      0        0
  MONTH TO DATE    0                         0      0        0
  SINCE DEC 1      0                         0      0        0
  SINCE JAN 1      0                         0      0        0
..................................................................


WIND (MPH)
  HIGHEST WIND SPEED     8   HIGHEST WIND DIRECTION     W (260)
  HIGHEST GUST SPEED    12   HIGHEST GUST DIRECTION     W (280)
  AVERAGE WIND SPEED     2.9


SKY COVER
  POSSIBLE SUNSHINE  MM
  AVERAGE SKY COVER 1.0


WEATHER CONDITIONS
 THE FOLLOWING WEATHER WAS RECORDED TODAY.
  SNOW
  LIGHT SNOW
  FOG


RELATIVE HUMIDITY (PERCENT)
 HIGHEST    92           700 AM
 LOWEST     57          1200 AM
 AVERAGE    75

..........................................................


THE BANGOR ME CLIMATE NORMALS FOR TOMORROW
                         NORMAL    RECORD    YEAR
 MAXIMUM TEMPERATURE (F)   33        56      1937
 MINIMUM TEMPERATURE (F)   12       -12      1963


SUNRISE AND SUNSET
FEBRUARY 21 2019......SUNRISE   627 AM EST   SUNSET   512 PM EST
FEBRUARY 22 2019......SUNRISE   625 AM EST   SUNSET   513 PM EST


-  INDICATES NEGATIVE NUMBERS.
R  INDICATES RECORD WAS SET OR TIED.
MM INDICATES DATA IS MISSING.
T  INDICATES TRACE AMOUNT.




$$
