000
CDUS41 KCAR 200556
CLIBGR


CLIMATE REPORT
NATIONAL WEATHER SERVICE CARIBOU, ME
1252 AM EST TUE NOV 20 2018


...................................

...THE BANGOR ME CLIMATE SUMMARY FOR NOVEMBER 19 2018...

CLIMATE NORMAL PERIOD 1981 TO 2010
CLIMATE RECORD PERIOD 1925 TO 2018


WEATHER ITEM   OBSERVED TIME   RECORD YEAR NORMAL DEPARTURE LAST
                VALUE   (LST)  VALUE       VALUE  FROM      YEAR
                                                  NORMAL
..................................................................
TEMPERATURE (F)
 YESTERDAY
  MAXIMUM         30    844 PM  65    1953  44    -14       56
  MINIMUM         11   1225 AM   8    1936  28    -17       32
  AVERAGE         21                        36    -15       44

PRECIPITATION (IN)
  YESTERDAY        0.01          0.67 1926   0.15  -0.14     0.64
  MONTH TO DATE    5.76                      2.64   3.12     2.11
  SINCE SEP 1     13.05                     10.64   2.41    10.39
  SINCE JAN 1     41.52                     36.89   4.63    36.56

SNOWFALL (IN)
  YESTERDAY        T             6.0  1995   0.1             0.0
  MONTH TO DATE    6.2                       0.6              T
  SINCE SEP 1      6.2                       0.7              T
  SINCE JUL 1      6.2                       0.7              T
  SNOW DEPTH       2

DEGREE DAYS
 HEATING
  YESTERDAY       44                        29     15       21
  MONTH TO DATE  561                       494     67      507
  SINCE SEP 1   1341                      1257     84      869
  SINCE JUL 1   1348                      1320     28      916

 COOLING
  YESTERDAY        0                         0      0        0
  MONTH TO DATE    0                         0      0        0
  SINCE SEP 1     58                        24     34       86
  SINCE JAN 1    511                       318    193      368
..................................................................


WIND (MPH)
  RESULTANT WIND SPEED   1   RESULTANT WIND DIRECTION   N (340)
  HIGHEST WIND SPEED     7   HIGHEST WIND DIRECTION    NW (320)
  HIGHEST GUST SPEED     8   HIGHEST GUST DIRECTION     N (340)


SKY COVER
  POSSIBLE SUNSHINE  MM
  AVERAGE SKY COVER 1.0


WEATHER CONDITIONS
 THE FOLLOWING WEATHER WAS RECORDED YESTERDAY.
  LT FREEZING RAIN
  LIGHT SNOW
  SLEET
  FOG
  FOG W/VISIBILITY <= 1/4 MILE


RELATIVE HUMIDITY (PERCENT)
 HIGHEST   100
 LOWEST     77
 AVERAGE    89

..........................................................


THE BANGOR ME CLIMATE NORMALS FOR TODAY
                         NORMAL    RECORD    YEAR
 MAXIMUM TEMPERATURE (F)   44        72      1953
 MINIMUM TEMPERATURE (F)   27         6      1939


SUNRISE AND SUNSET
NOVEMBER 20 2018......SUNRISE   639 AM EST   SUNSET   402 PM EST
NOVEMBER 21 2018......SUNRISE   640 AM EST   SUNSET   402 PM EST


-  INDICATES NEGATIVE NUMBERS.
R  INDICATES RECORD WAS SET OR TIED.
MM INDICATES DATA IS MISSING.
T  INDICATES TRACE AMOUNT.




$$
