000
CDUS41 KCAR 220546
CLIBGR

CLIMATE REPORT
NATIONAL WEATHER SERVICE CARIBOU ME
146 AM EDT THU OCT 22 2020

...................................

...THE BANGOR ME CLIMATE SUMMARY FOR OCTOBER 21 2020...

CLIMATE NORMAL PERIOD: 1981 TO 2010
CLIMATE RECORD PERIOD: 1925 TO 2020


WEATHER ITEM   OBSERVED TIME   RECORD YEAR NORMAL DEPARTURE LAST
                VALUE   (LST)  VALUE       VALUE  FROM      YEAR
                                                  NORMAL
...................................................................
TEMPERATURE (F)
 YESTERDAY
  MAXIMUM         57  11:59 PM  72    1936  56      1       65
  MINIMUM         45   8:31 AM  19    1940  35     10       38
                                      1972
  AVERAGE         51                        45      6       52

PRECIPITATION (IN)
  YESTERDAY        0.05          2.08 1964   0.14  -0.09     0.00
  MONTH TO DATE    3.98                      2.85   1.13     2.48
  SINCE SEP 1      4.26                      6.68  -2.42     2.48
  SINCE JAN 1     26.94                     32.93  -5.99     2.93

SNOWFALL (IN)
  YESTERDAY        0.0           0.0  2001   0.0             0.0
                                      2002
  MONTH TO DATE    0.0                       0.1             0.0
  SINCE SEP 1      0.0                       0.1             0.0
  SINCE JUL 1      0.0                       0.1             0.0
  SNOW DEPTH       0

DEGREE DAYS
 HEATING
  YESTERDAY       14                        20     -6       13
  MONTH TO DATE  302                       339    -37      290
  SINCE SEP 1    475                       548    -73      290
  SINCE JUL 1    523                       611    -88      290

 COOLING
  YESTERDAY        0                         0      0        0
  MONTH TO DATE    0                         0      0        0
  SINCE SEP 1     34                        23     11        0
  SINCE JAN 1    523                       317    206        0
...................................................................


WIND (MPH)
  RESULTANT WIND SPEED   2   RESULTANT WIND DIRECTION  NE (40)
  HIGHEST WIND SPEED    15   HIGHEST WIND DIRECTION    NE (30)
  HIGHEST GUST SPEED    19   HIGHEST GUST DIRECTION    NE (40)


SKY COVER
  POSSIBLE SUNSHINE  MM
  AVERAGE SKY COVER 1.0


WEATHER CONDITIONS
THE FOLLOWING WEATHER WAS RECORDED YESTERDAY.
  LIGHT RAIN
  FOG


RELATIVE HUMIDITY (PERCENT)
 HIGHEST    97
 LOWEST     79
 AVERAGE    88

..........................................................


THE BANGOR ME CLIMATE NORMALS FOR TODAY
                         NORMAL    RECORD    YEAR
 MAXIMUM TEMPERATURE (F)   55        84      1979
 MINIMUM TEMPERATURE (F)   35        20      1959


SUNRISE AND SUNSET
OCTOBER 22 2020.......SUNRISE   7:01 AM EDT   SUNSET   5:38 PM EDT
OCTOBER 23 2020.......SUNRISE   7:02 AM EDT   SUNSET   5:37 PM EDT


-  INDICATES NEGATIVE NUMBERS.
*  INDICATES RECORD WAS SET OR TIED.
MM INDICATES DATA IS MISSING.
T  INDICATES TRACE AMOUNT.




$$
