000
CDUS44 KBMX 010907
CLIBHM

CLIMATE REPORT
NATIONAL WEATHER SERVICE BIRMINGHAM AL
307 AM CST MON MAR 01 2021

...................................

...THE BIRMINGHAM CLIMATE SUMMARY FOR FEBRUARY 28 2021...

CLIMATE NORMAL PERIOD 1981 TO 2010
CLIMATE RECORD PERIOD 1895 TO 2021


WEATHER ITEM   OBSERVED TIME   RECORD YEAR NORMAL DEPARTURE LAST
                VALUE   (LST)  VALUE       VALUE  FROM      YEAR
                                                  NORMAL
...................................................................
TEMPERATURE (F)
 YESTERDAY
  MAXIMUM         82R   241 PM  81    2011  62     20       57
  MINIMUM         66    416 AM  17    2002  40     26       30
  AVERAGE         74                        51     23       44

PRECIPITATION (IN)
  YESTERDAY        0.00          1.81 1903   0.17  -0.17     0.00
  MONTH TO DATE    3.77                      4.53  -0.76    13.26
  SINCE DEC 1     10.64                     13.82  -3.18    26.17
  SINCE JAN 1      6.82                      9.37  -2.55    21.08

SNOWFALL (IN)
  YESTERDAY        0.0                       0.0    0.0      0.0
  MONTH TO DATE    T                         0.1   -0.1      0.0
  SINCE DEC 1      T                         0.8   -0.8      0.0
  SINCE JUL 1      T                         0.8   -0.8      0.0
  SNOW DEPTH       0

DEGREE DAYS
 HEATING
  YESTERDAY        0                        14    -14       21
  MONTH TO DATE  531                       487     44      405
  SINCE DEC 1   1699                      1734    -35     1279
  SINCE JUL 1   1983                      2192   -209     1785
...................................................................


WIND (MPH)
  HIGHEST WIND SPEED    26   HIGHEST WIND DIRECTION     S (190)
  HIGHEST GUST SPEED    31   HIGHEST GUST DIRECTION     S (180)
  AVERAGE WIND SPEED    14.3


SKY COVER
  AVERAGE SKY COVER 0.8


WEATHER CONDITIONS
THE FOLLOWING WEATHER WAS RECORDED YESTERDAY.
  FOG


RELATIVE HUMIDITY (PERCENT)
 HIGHEST    90           700 AM
 LOWEST     46           200 PM
 AVERAGE    68

..........................................................


THE BIRMINGHAM CLIMATE NORMALS FOR TODAY
                         NORMAL    RECORD    YEAR
 MAXIMUM TEMPERATURE (F)   62        82      1997
 MINIMUM TEMPERATURE (F)   41        17      1920
                                             1980


SUNRISE AND SUNSET
MARCH  1 2021.........SUNRISE   615 AM CST   SUNSET   544 PM CST
MARCH  2 2021.........SUNRISE   614 AM CST   SUNSET   545 PM CST


-  INDICATES NEGATIVE NUMBERS.
R  INDICATES RECORD WAS SET OR TIED.
MM INDICATES DATA IS MISSING.
T  INDICATES TRACE AMOUNT.




$$
