000
CDUS44 KBMX 140740
CLIBHM


CLIMATE REPORT
NATIONAL WEATHER SERVICE BIRMINGHAM, AL
240 AM CDT FRI AUG 14 2020


...................................

...THE BIRMINGHAM CLIMATE SUMMARY FOR AUGUST 13 2020...

CLIMATE NORMAL PERIOD 1981 TO 2010
CLIMATE RECORD PERIOD 1895 TO 2020


WEATHER ITEM   OBSERVED TIME   RECORD YEAR NORMAL DEPARTURE LAST
                VALUE   (LST)  VALUE       VALUE  FROM      YEAR
                                                  NORMAL
..................................................................
TEMPERATURE (F)
 YESTERDAY
  MAXIMUM         93    231 PM 103    2007  91      2      101
  MINIMUM         73    503 AM  55    2004  71      2       76
  AVERAGE         83                        81      2       89

PRECIPITATION (IN)
  YESTERDAY        0.00          2.57 1906   0.13  -0.13     0.00
  MONTH TO DATE    0.73                      1.75  -1.02     0.56
  SINCE JUN 1     10.16                     10.93  -0.77     8.06
  SINCE JAN 1     55.29                     34.90  20.39    32.25

DEGREE DAYS
 COOLING
  YESTERDAY       18                        16      2       24
  MONTH TO DATE  224                       208     16      236
  SINCE JUN 1   1158                      1089     69     1185
  SINCE JAN 1   1467                      1371     96     1625
..................................................................


WIND (MPH)
  HIGHEST WIND SPEED    14   HIGHEST WIND DIRECTION     N (10)
  HIGHEST GUST SPEED    17   HIGHEST GUST DIRECTION     N (360)
  AVERAGE WIND SPEED     2.5


SKY COVER
  AVERAGE SKY COVER 0.4


WEATHER CONDITIONS
 THE FOLLOWING WEATHER WAS RECORDED YESTERDAY.
  THUNDERSTORM


RELATIVE HUMIDITY (PERCENT)
 HIGHEST    93           600 AM
 LOWEST     52          1200 PM
 AVERAGE    73

..........................................................


THE BIRMINGHAM CLIMATE NORMALS FOR TODAY
                         NORMAL    RECORD    YEAR
 MAXIMUM TEMPERATURE (F)   91       104      2007
 MINIMUM TEMPERATURE (F)   71        54      2004


SUNRISE AND SUNSET
AUGUST 14 2020........SUNRISE   609 AM CDT   SUNSET   734 PM CDT
AUGUST 15 2020........SUNRISE   610 AM CDT   SUNSET   733 PM CDT


-  INDICATES NEGATIVE NUMBERS.
R  INDICATES RECORD WAS SET OR TIED.
MM INDICATES DATA IS MISSING.
T  INDICATES TRACE AMOUNT.




$$
