000
CDUS44 KBMX 232129
CLIBHM


CLIMATE REPORT
NATIONAL WEATHER SERVICE BIRMINGHAM, AL
429 PM CDT SUN SEP 23 2018


...................................

...THE BIRMINGHAM CLIMATE SUMMARY FOR SEPTEMBER 23 2018...
VALID TODAY AS OF 0400 PM LOCAL TIME.

CLIMATE NORMAL PERIOD 1981 TO 2010
CLIMATE RECORD PERIOD 1895 TO 2018


WEATHER ITEM   OBSERVED TIME   RECORD YEAR NORMAL DEPARTURE LAST
                VALUE   (LST)  VALUE       VALUE  FROM      YEAR
                                                  NORMAL
..................................................................
TEMPERATURE (F)
 TODAY
  MAXIMUM         93    104 PM  99    1931  83     10       90
  MINIMUM         72    446 AM  42    1999  62     10       71
  AVERAGE         83                        72     11       81

PRECIPITATION (IN)
  TODAY            T             1.81 1975   0.13  -0.13     0.00
  MONTH TO DATE    0.89                      2.97  -2.08     2.48
  SINCE SEP 1      0.89                      2.97  -2.08     2.48
  SINCE JAN 1     39.64                     40.05  -0.41    58.04

DEGREE DAYS

 COOLING
  TODAY           18                         8     10       16
  MONTH TO DATE  408                       255    153      199
  SINCE SEP 1    408                       255    153      199
  SINCE JAN 1   2318                      1905    413     2012
..................................................................


WIND (MPH)
  HIGHEST WIND SPEED    21   HIGHEST WIND DIRECTION    SE (130)
  HIGHEST GUST SPEED    29   HIGHEST GUST DIRECTION    SE (140)
  AVERAGE WIND SPEED     3.8


SKY COVER
  AVERAGE SKY COVER 0.5


WEATHER CONDITIONS
 THE FOLLOWING WEATHER WAS RECORDED TODAY.
  NO SIGNIFICANT WEATHER WAS OBSERVED.


RELATIVE HUMIDITY (PERCENT)
 HIGHEST    84           400 AM
 LOWEST     44           100 PM
 AVERAGE    64

..........................................................


THE BIRMINGHAM CLIMATE NORMALS FOR TOMORROW
                         NORMAL    RECORD    YEAR
 MAXIMUM TEMPERATURE (F)   83        99      1931
 MINIMUM TEMPERATURE (F)   61        41      1990


SUNRISE AND SUNSET
SEPTEMBER 23 2018.....SUNRISE   636 AM CDT   SUNSET   642 PM CDT
SEPTEMBER 24 2018.....SUNRISE   636 AM CDT   SUNSET   641 PM CDT


-  INDICATES NEGATIVE NUMBERS.
R  INDICATES RECORD WAS SET OR TIED.
MM INDICATES DATA IS MISSING.
T  INDICATES TRACE AMOUNT.




$$
