000
CDUS44 KBMX 180835
CLIBHM


CLIMATE REPORT
NATIONAL WEATHER SERVICE BIRMINGHAM, AL
235 AM CST TUE DEC 18 2018


...................................

...THE BIRMINGHAM CLIMATE SUMMARY FOR DECEMBER 17 2018...

CLIMATE NORMAL PERIOD 1981 TO 2010
CLIMATE RECORD PERIOD 1895 TO 2018


WEATHER ITEM   OBSERVED TIME   RECORD YEAR NORMAL DEPARTURE LAST
                VALUE   (LST)  VALUE       VALUE  FROM      YEAR
                                                  NORMAL
..................................................................
TEMPERATURE (F)
 YESTERDAY
  MAXIMUM         62    243 PM  73    1984  55      7       48
                                      1933
  MINIMUM         38   1159 PM  13    1901  36      2       36
  AVERAGE         50                        46      4       42

PRECIPITATION (IN)
  YESTERDAY        0.00          4.06 1961   0.13  -0.13     0.54
  MONTH TO DATE    4.27                      2.61   1.66     1.53
  SINCE DEC 1      4.27                      2.61   1.66     1.53
  SINCE JAN 1     54.02                     51.88   2.14    66.56

SNOWFALL (IN)
  YESTERDAY        0.0                       0.0    0.0      0.0
  MONTH TO DATE    0.0                       0.0    0.0      4.0
  SINCE DEC 1      0.0                       0.0    0.0      4.0
  SINCE JUL 1      T                         0.0    0.0      4.0
  SNOW DEPTH       0

DEGREE DAYS
 HEATING
  YESTERDAY       15                        19     -4       23
  MONTH TO DATE  311                       302      9      334
  SINCE DEC 1    311                       302      9      334
  SINCE JUL 1    849                       760     89      736
..................................................................


WIND (MPH)
  HIGHEST WIND SPEED     9   HIGHEST WIND DIRECTION     W (280)
  HIGHEST GUST SPEED    12   HIGHEST GUST DIRECTION    NW (300)
  AVERAGE WIND SPEED     3.5


SKY COVER
  AVERAGE SKY COVER 0.5


WEATHER CONDITIONS
 THE FOLLOWING WEATHER WAS RECORDED YESTERDAY.
  FOG
  FOG W/VISIBILITY <= 1/4 MILE


RELATIVE HUMIDITY (PERCENT)
 HIGHEST   100          1200 AM
 LOWEST     39           300 PM
 AVERAGE    70

..........................................................


THE BIRMINGHAM CLIMATE NORMALS FOR TODAY
                         NORMAL    RECORD    YEAR
 MAXIMUM TEMPERATURE (F)   55        76      1984
                                             1908
 MINIMUM TEMPERATURE (F)   36         8      1901


SUNRISE AND SUNSET
DECEMBER 18 2018......SUNRISE   646 AM CST   SUNSET   442 PM CST
DECEMBER 19 2018......SUNRISE   646 AM CST   SUNSET   442 PM CST


-  INDICATES NEGATIVE NUMBERS.
R  INDICATES RECORD WAS SET OR TIED.
MM INDICATES DATA IS MISSING.
T  INDICATES TRACE AMOUNT.




$$
