000
CDUS44 KBMX 181548
CLIBHM

CLIMATE REPORT
NATIONAL WEATHER SERVICE BIRMINGHAM AL
1048 AM CDT TUE MAY 18 2021

...................................

...THE BIRMINGHAM CLIMATE SUMMARY FOR MAY 17 2021...

CLIMATE NORMAL PERIOD 1991 TO 2020
CLIMATE RECORD PERIOD 1895 TO 2021


WEATHER ITEM   OBSERVED TIME   RECORD YEAR NORMAL DEPARTURE LAST
                VALUE   (LST)  VALUE       VALUE  FROM      YEAR
                                                  NORMAL
...................................................................
TEMPERATURE (F)
 YESTERDAY
  MAXIMUM         81    234 PM  95    1962  82     -1       80
  MINIMUM         61    519 AM  43    1956  61      0       66
  AVERAGE         71                        72     -1       73

PRECIPITATION (IN)
  YESTERDAY        0.00          2.69 1930   0.16  -0.16     1.09
  MONTH TO DATE    5.15                      2.71   2.44     1.18
  SINCE MAR 1     19.48                     13.45   6.03    18.84
  SINCE JAN 1     26.30                     23.43   2.87    39.92

DEGREE DAYS
 COOLING
  YESTERDAY        6                         7     -1        8
  MONTH TO DATE   49                        97    -48       75
  SINCE MAR 1    136                       194    -58      185
  SINCE JAN 1    152                       200    -48      189
...................................................................


WIND (MPH)
  HIGHEST WIND SPEED    17   HIGHEST WIND DIRECTION    SE (130)
  HIGHEST GUST SPEED    24   HIGHEST GUST DIRECTION    SE (130)
  AVERAGE WIND SPEED     6.9


SKY COVER
  AVERAGE SKY COVER 0.7


WEATHER CONDITIONS
THE FOLLOWING WEATHER WAS RECORDED YESTERDAY.
  NO SIGNIFICANT WEATHER WAS OBSERVED.


RELATIVE HUMIDITY (PERCENT)
 HIGHEST    67          1200 AM
 LOWEST     41           300 PM
 AVERAGE    54

..........................................................


THE BIRMINGHAM CLIMATE NORMALS FOR TODAY
                         NORMAL    RECORD    YEAR
 MAXIMUM TEMPERATURE (F)   83        98      1962
 MINIMUM TEMPERATURE (F)   62        44      1973
                                             2011


SUNRISE AND SUNSET
MAY 18 2021...........SUNRISE   544 AM CDT   SUNSET   743 PM CDT
MAY 19 2021...........SUNRISE   544 AM CDT   SUNSET   744 PM CDT


-  INDICATES NEGATIVE NUMBERS.
R  INDICATES RECORD WAS SET OR TIED.
MM INDICATES DATA IS MISSING.
T  INDICATES TRACE AMOUNT.




$$
