000
CDUS44 KBMX 202120
CLIBHM


CLIMATE REPORT
NATIONAL WEATHER SERVICE BIRMINGHAM, AL
420 PM CDT WED JUN 20 2018


...................................

...THE BIRMINGHAM CLIMATE SUMMARY FOR JUNE 20 2018...
VALID TODAY AS OF 0400 PM LOCAL TIME.

CLIMATE NORMAL PERIOD 1981 TO 2010
CLIMATE RECORD PERIOD 1895 TO 2018


WEATHER ITEM   OBSERVED TIME   RECORD YEAR NORMAL DEPARTURE LAST
                VALUE   (LST)  VALUE       VALUE  FROM      YEAR
                                                  NORMAL
..................................................................
TEMPERATURE (F)
 TODAY
  MAXIMUM         93    129 PM 101    1933  89      4       83
  MINIMUM         71    334 AM  54    1985  69      2       72
  AVERAGE         82                        79      3       78

PRECIPITATION (IN)
  TODAY            0.00          1.21 1920   0.14  -0.14     0.12
  MONTH TO DATE    2.93                      2.86   0.07     3.32
  SINCE JUN 1      2.93                      2.86   0.07     3.32
  SINCE JAN 1     31.78                     26.83   4.95    30.98

DEGREE DAYS
 COOLING
  TODAY           17                        14      3       13
  MONTH TO DATE  290                       237     53      245
  SINCE JUN 1    290                       237     53      245
  SINCE JAN 1    712                       519    193      707
..................................................................


WIND (MPH)
  HIGHEST WIND SPEED    12   HIGHEST WIND DIRECTION     W (290)
  HIGHEST GUST SPEED    16   HIGHEST GUST DIRECTION     W (250)
  AVERAGE WIND SPEED     2.9


SKY COVER
  AVERAGE SKY COVER 0.6


WEATHER CONDITIONS
 THE FOLLOWING WEATHER WAS RECORDED TODAY.
  NO SIGNIFICANT WEATHER WAS OBSERVED.


RELATIVE HUMIDITY (PERCENT)
 HIGHEST    93           400 AM
 LOWEST     44          1000 AM
 AVERAGE    69

..........................................................


THE BIRMINGHAM CLIMATE NORMALS FOR TOMORROW
                         NORMAL    RECORD    YEAR
 MAXIMUM TEMPERATURE (F)   89       102      1933
 MINIMUM TEMPERATURE (F)   69        57      1976


SUNRISE AND SUNSET
JUNE 20 2018..........SUNRISE   537 AM CDT   SUNSET   800 PM CDT
JUNE 21 2018..........SUNRISE   537 AM CDT   SUNSET   800 PM CDT


-  INDICATES NEGATIVE NUMBERS.
R  INDICATES RECORD WAS SET OR TIED.
MM INDICATES DATA IS MISSING.
T  INDICATES TRACE AMOUNT.




$$
