000
CDUS44 KBMX 022136
CLIBHM

CLIMATE REPORT
NATIONAL WEATHER SERVICE BIRMINGHAM AL
436 PM CDT SAT JUL 02 2022

...................................

...THE BIRMINGHAM CLIMATE SUMMARY FOR JULY 2 2022...
VALID AS OF 0400 PM LOCAL TIME.

CLIMATE NORMAL PERIOD 1991 TO 2020
CLIMATE RECORD PERIOD 1895 TO 2022


WEATHER ITEM   OBSERVED TIME   RECORD YEAR NORMAL DEPARTURE LAST
                VALUE   (LST)  VALUE       VALUE  FROM      YEAR
                                                  NORMAL
...................................................................
TEMPERATURE (F)
 TODAY
  MAXIMUM         93    228 PM 101    1954  90      3       85
  MINIMUM         74    534 AM  57    1924  71      3       71
  AVERAGE         84                        81      3       78

PRECIPITATION (IN)
  TODAY            0.00          2.43 1989   0.18  -0.18     0.32
  MONTH TO DATE    T                         0.36  -0.36     0.32
  SINCE JUN 1      9.38                      5.14   4.24     8.78
  SINCE JAN 1     40.21                     30.77   9.44    36.53

DEGREE DAYS
 COOLING
  TODAY           19                        16      3       13
  MONTH TO DATE   37                        32      5       27
  SINCE JUN 1    528                       431     97      411
  SINCE JAN 1    957                       757    200      698
...................................................................


WIND (MPH)
  HIGHEST WIND SPEED     9   HIGHEST WIND DIRECTION     S (170)
  HIGHEST GUST SPEED    13   HIGHEST GUST DIRECTION     W (250)
  AVERAGE WIND SPEED     3.3


SKY COVER
  AVERAGE SKY COVER 0.5


WEATHER CONDITIONS
THE FOLLOWING WEATHER WAS RECORDED TODAY.
  NO SIGNIFICANT WEATHER WAS OBSERVED.


RELATIVE HUMIDITY (PERCENT)
 HIGHEST    85           400 AM
 LOWEST     47           300 PM
 AVERAGE    66

..........................................................


THE BIRMINGHAM CLIMATE NORMALS FOR TOMORROW
                         NORMAL    RECORD    YEAR
 MAXIMUM TEMPERATURE (F)   90       101      1970
 MINIMUM TEMPERATURE (F)   71        57      1924


SUNRISE AND SUNSET
JULY  2 2022..........SUNRISE   541 AM CDT   SUNSET   801 PM CDT
JULY  3 2022..........SUNRISE   541 AM CDT   SUNSET   801 PM CDT


-  INDICATES NEGATIVE NUMBERS.
R  INDICATES RECORD WAS SET OR TIED.
MM INDICATES DATA IS MISSING.
T  INDICATES TRACE AMOUNT.




$$
