009
CDUS44 KBMX 230838
CLIBHM


CLIMATE REPORT
NATIONAL WEATHER SERVICE BIRMINGHAM, AL
238 AM CST FRI FEB 23 2018


...................................

...THE BIRMINGHAM CLIMATE SUMMARY FOR FEBRUARY 22 2018...

CLIMATE NORMAL PERIOD 1981 TO 2010
CLIMATE RECORD PERIOD 1895 TO 2018


WEATHER ITEM   OBSERVED TIME   RECORD YEAR NORMAL DEPARTURE LAST
                VALUE   (LST)  VALUE       VALUE  FROM      YEAR
                                                  NORMAL
..................................................................
TEMPERATURE (F)
 YESTERDAY
  MAXIMUM         81R  1210 PM  81    1897  60     21       71
  MINIMUM         67    429 AM   9    1963  39     28       59
  AVERAGE         74                        50     24       65

PRECIPITATION (IN)
  YESTERDAY        0.00          3.88 1961   0.16  -0.16      T
  MONTH TO DATE    6.24                      3.50   2.74     2.50
  SINCE DEC 1     11.60                     12.79  -1.19    11.60
  SINCE JAN 1      7.59                      8.34  -0.75     9.21

SNOWFALL (IN)
  YESTERDAY        0.0                       0.0    0.0      0.0
  MONTH TO DATE    0.0                       0.1   -0.1      0.0
  SINCE DEC 1      4.0                       0.8    3.2      0.3
  SINCE JUL 1      4.0                       0.8    3.2      0.3
  SNOW DEPTH       0

DEGREE DAYS
 HEATING
  YESTERDAY        0                        16    -16        0
  MONTH TO DATE  222                       399   -177      223
  SINCE DEC 1   1582                      1646    -64     1096
  SINCE JUL 1   1984                      2104   -120     1328
..................................................................


WIND (MPH)
  HIGHEST WIND SPEED    18   HIGHEST WIND DIRECTION     S (190)
  HIGHEST GUST SPEED    27   HIGHEST GUST DIRECTION     S (180)
  AVERAGE WIND SPEED     9.3


SKY COVER
  AVERAGE SKY COVER 0.4


WEATHER CONDITIONS
 THE FOLLOWING WEATHER WAS RECORDED YESTERDAY.
  NO SIGNIFICANT WEATHER WAS OBSERVED.


RELATIVE HUMIDITY (PERCENT)
 HIGHEST    87           300 AM
 LOWEST     49           400 PM
 AVERAGE    68

..........................................................


THE BIRMINGHAM CLIMATE NORMALS FOR TODAY
                         NORMAL    RECORD    YEAR
 MAXIMUM TEMPERATURE (F)   61        83      1996
 MINIMUM TEMPERATURE (F)   39        20      1963


SUNRISE AND SUNSET
FEBRUARY 23 2018......SUNRISE   622 AM CST   SUNSET   539 PM CST
FEBRUARY 24 2018......SUNRISE   621 AM CST   SUNSET   539 PM CST


-  INDICATES NEGATIVE NUMBERS.
R  INDICATES RECORD WAS SET OR TIED.
MM INDICATES DATA IS MISSING.
T  INDICATES TRACE AMOUNT.




$$
