000
CDUS44 KBMX 020929
CLIBHM

CLIMATE REPORT
NATIONAL WEATHER SERVICE BIRMINGHAM AL
329 AM CST SAT MAR 02 2024

...................................

...THE BIRMINGHAM CLIMATE SUMMARY FOR MARCH 1 2024...

CLIMATE NORMAL PERIOD 1991 TO 2020
CLIMATE RECORD PERIOD 1895 TO 2024


WEATHER ITEM   OBSERVED TIME   RECORD YEAR NORMAL DEPARTURE LAST
                VALUE   (LST)  VALUE       VALUE  FROM      YEAR
                                                  NORMAL
...................................................................
TEMPERATURE (F)
 YESTERDAY
  MAXIMUM         51    512 AM  82    1997  63    -12       79
  MINIMUM         45    200 PM  17    1920  42      3       56
                                      1980
  AVERAGE         48                        52     -4       68

PRECIPITATION (IN)
  YESTERDAY        0.85          1.71 1907   0.20   0.65     0.00
  MONTH TO DATE    0.85                      0.20   0.65     0.00
  SINCE MAR 1      0.85                      0.20   0.65     0.00
  SINCE JAN 1     12.02                     10.18   1.84    11.82

SNOWFALL (IN)
  YESTERDAY        0.0                       0.0    0.0      0.0
  MONTH TO DATE    0.0                       0.0    0.0      0.0
  SINCE MAR 1      0.0                       0.0    0.0      0.0
  SINCE JUL 1      T                         0.9   -0.9       T
  SNOW DEPTH       0

DEGREE DAYS
 HEATING
  YESTERDAY       17                        13      4        0
  MONTH TO DATE   17                        13      4        0
  SINCE MAR 1     17                        13      4        0
  SINCE JUL 1   1874                      2108   -234     1657

 COOLING
  YESTERDAY        0                         0      0        3
  MONTH TO DATE    0                         0      0        3
  SINCE MAR 1      0                         0      0        3
  SINCE JAN 1      6                         6      0       39
...................................................................


WIND (MPH)
  HIGHEST WIND SPEED    21   HIGHEST WIND DIRECTION     E (90)
  HIGHEST GUST SPEED    36   HIGHEST GUST DIRECTION     E (110)
  AVERAGE WIND SPEED     7.2


SKY COVER
  AVERAGE SKY COVER 1.0


WEATHER CONDITIONS
THE FOLLOWING WEATHER WAS RECORDED YESTERDAY.
  THUNDERSTORM
  HEAVY RAIN
  RAIN
  LIGHT RAIN
  FOG


RELATIVE HUMIDITY (PERCENT)
 HIGHEST    93          1000 PM
 LOWEST     38           100 AM
 AVERAGE    66

..........................................................


THE BIRMINGHAM CLIMATE NORMALS FOR TODAY
                         NORMAL    RECORD    YEAR
 MAXIMUM TEMPERATURE (F)   63        83      1976
 MINIMUM TEMPERATURE (F)   42        15      1980


SUNRISE AND SUNSET
MARCH  2 2024.........SUNRISE   613 AM CST   SUNSET   545 PM CST
MARCH  3 2024.........SUNRISE   612 AM CST   SUNSET   546 PM CST


-  INDICATES NEGATIVE NUMBERS.
R  INDICATES RECORD WAS SET OR TIED.
MM INDICATES DATA IS MISSING.
T  INDICATES TRACE AMOUNT.




$$
