857
CDUS45 KVEF 180830
CLIBIH


CLIMATE REPORT
NATIONAL WEATHER SERVICE LAS VEGAS, NV
130 AM PDT FRI OCT 18 2019


...................................

...THE BISHOP CA CLIMATE SUMMARY FOR OCTOBER 17 2019...

CLIMATE NORMAL PERIOD 1981 TO 2010
CLIMATE RECORD PERIOD 1943 TO 2019


WEATHER ITEM   OBSERVED TIME   RECORD YEAR NORMAL DEPARTURE LAST
                VALUE   (LST)  VALUE       VALUE  FROM      YEAR
                                                  NORMAL
..................................................................
TEMPERATURE (F)
 YESTERDAY
  MAXIMUM         79    124 PM  88    1988  76      3       74
                                      1943
  MINIMUM         36    552 AM  23    1998  37     -1       31
                                      1980
  AVERAGE         58                        56      2       53

PRECIPITATION (IN)
  YESTERDAY        0.00          0.03 1963   0.01  -0.01     0.00
  MONTH TO DATE    0.00                      0.15  -0.15     0.40
  SINCE OCT 1      0.00                      0.15  -0.15     0.40
  SINCE JAN 1      6.91                      3.70   3.21     3.32

SNOWFALL (IN)
  YESTERDAY        0.0          MM      MM   0.0    0.0      0.0
  MONTH TO DATE    0.0                       0.0    0.0      0.0
  SINCE SEP 1      0.0                       0.0    0.0      0.0
  SINCE JUL 1      0.0                       0.0    0.0      0.0
  SNOW DEPTH       0

DEGREE DAYS
 HEATING
  YESTERDAY        7                         9     -2       12
  MONTH TO DATE  173                       104     69      119
  SINCE SEP 1    228                       145     83      120
  SINCE JUL 1    228                       147     81      120

 COOLING
  YESTERDAY        0                         0      0        0
  MONTH TO DATE    0                         7     -7        1
  SINCE SEP 1    122                       126     -4      149
  SINCE JAN 1   1078                      1103    -25     1448
..................................................................


WIND (MPH)
  RESULTANT WIND SPEED  11   RESULTANT WIND DIRECTION   N (340)
  HIGHEST WIND SPEED    28   HIGHEST WIND DIRECTION     N (360)
  HIGHEST GUST SPEED    36   HIGHEST GUST DIRECTION     N (350)
  AVERAGE WIND SPEED    12.4


SKY COVER
  POSSIBLE SUNSHINE  MM
  AVERAGE SKY COVER 0.1


WEATHER CONDITIONS
 THE FOLLOWING WEATHER WAS RECORDED YESTERDAY.
  NO SIGNIFICANT WEATHER WAS OBSERVED.


RELATIVE HUMIDITY (PERCENT)
 HIGHEST    54           600 AM
 LOWEST     11           200 PM
 AVERAGE    33

..........................................................


THE BISHOP CA CLIMATE NORMALS FOR TODAY
                         NORMAL    RECORD    YEAR
 MAXIMUM TEMPERATURE (F)   75        88      1988
 MINIMUM TEMPERATURE (F)   37        24      1998


SUNRISE AND SUNSET
OCTOBER 18 2019.......SUNRISE   704 AM PDT   SUNSET   613 PM PDT
OCTOBER 19 2019.......SUNRISE   705 AM PDT   SUNSET   611 PM PDT


-  INDICATES NEGATIVE NUMBERS.
R  INDICATES RECORD WAS SET OR TIED.
MM INDICATES DATA IS MISSING.
T  INDICATES TRACE AMOUNT.




$$
