000
CDUS45 KVEF 180829
CLIBIH


CLIMATE REPORT
NATIONAL WEATHER SERVICE LAS VEGAS, NV
129 AM PDT THU OCT 18 2018


...................................

...THE BISHOP CA CLIMATE SUMMARY FOR OCTOBER 17 2018...

CLIMATE NORMAL PERIOD 1981 TO 2010
CLIMATE RECORD PERIOD 1943 TO 2018


WEATHER ITEM   OBSERVED TIME   RECORD YEAR NORMAL DEPARTURE LAST
                VALUE   (LST)  VALUE       VALUE  FROM      YEAR
                                                  NORMAL
..................................................................
TEMPERATURE (F)
 YESTERDAY
  MAXIMUM         74    200 PM  88    1988  76     -2       81
                                      1943
  MINIMUM         31    411 AM  23    1998  37     -6       32
                                      1980
  AVERAGE         53                        56     -3       57

PRECIPITATION (IN)
  YESTERDAY        0.00          0.03 1963   0.01  -0.01     0.00
  MONTH TO DATE    0.40                      0.15   0.25     0.00
  SINCE OCT 1      0.40                      0.15   0.25     0.00
  SINCE JAN 1      3.32                      3.70  -0.38     8.82

SNOWFALL (IN)
  YESTERDAY        0.0          MM      MM   0.0    0.0      0.0
  MONTH TO DATE    0.0                       0.0    0.0      0.0
  SINCE SEP 1      0.0                       0.0    0.0      0.0
  SINCE JUL 1      0.0                       0.0    0.0      0.0
  SNOW DEPTH       0

DEGREE DAYS
 HEATING
  YESTERDAY       12                         9      3        8
  MONTH TO DATE  119                       104     15      161
  SINCE SEP 1    120                       145    -25      233
  SINCE JUL 1    120                       147    -27      233

 COOLING
  YESTERDAY        0                         0      0        0
  MONTH TO DATE    1                         7     -6        0
  SINCE SEP 1    149                       126     23      134
  SINCE JAN 1   1448                      1103    345     1407
..................................................................


WIND (MPH)
  RESULTANT WIND SPEED   2   RESULTANT WIND DIRECTION   W (260)
  HIGHEST WIND SPEED    14   HIGHEST WIND DIRECTION     S (180)
  HIGHEST GUST SPEED    18   HIGHEST GUST DIRECTION     S (170)
  AVERAGE WIND SPEED     6.5


SKY COVER
  POSSIBLE SUNSHINE  MM
  AVERAGE SKY COVER 0.0


WEATHER CONDITIONS
 THE FOLLOWING WEATHER WAS RECORDED YESTERDAY.
  NO SIGNIFICANT WEATHER WAS OBSERVED.


RELATIVE HUMIDITY (PERCENT)
 HIGHEST    47           600 AM
 LOWEST     13           200 PM
 AVERAGE    30

..........................................................


THE BISHOP CA CLIMATE NORMALS FOR TODAY
                         NORMAL    RECORD    YEAR
 MAXIMUM TEMPERATURE (F)   75        88      1988
 MINIMUM TEMPERATURE (F)   37        24      1998


SUNRISE AND SUNSET
OCTOBER 18 2018.......SUNRISE   704 AM PDT   SUNSET   612 PM PDT
OCTOBER 19 2018.......SUNRISE   705 AM PDT   SUNSET   611 PM PDT


-  INDICATES NEGATIVE NUMBERS.
R  INDICATES RECORD WAS SET OR TIED.
MM INDICATES DATA IS MISSING.
T  INDICATES TRACE AMOUNT.




$$
