000
CDUS45 KVEF 180044
CLIBIH


CLIMATE REPORT
NATIONAL WEATHER SERVICE LAS VEGAS, NV
543 PM PDT TUE JUL 17 2018


...................................

...THE BISHOP CA CLIMATE SUMMARY FOR JULY 17 2018...
VALID TODAY AS OF 0500 PM LOCAL TIME.

CLIMATE NORMAL PERIOD 1981 TO 2010
CLIMATE RECORD PERIOD 1943 TO 2018


WEATHER ITEM   OBSERVED RECORD YEAR NORMAL DEPARTURE LAST
                VALUE   VALUE       VALUE  FROM      YEAR
                                           NORMAL
...........................................................
TEMPERATURE (F)
 TODAY
  MAXIMUM        106    107    2006  99      7      104
                               1960
                               1959
  MINIMUM         68     42    1983  57     11       67
  AVERAGE         87

PRECIPITATION (IN)
  TODAY            0.00   0.14 1953   0.01  -0.01     0.00
  MONTH TO DATE    1.46               0.09   1.37      T
  SINCE OCT 1      2.95               4.78  -1.83     9.16
  SINCE JAN 1      2.79               3.16  -0.37     8.80

SNOWFALL (IN)
  TODAY            0.0   MM      MM   0.0    0.0      0.0
  MONTH TO DATE    0.0                0.0    0.0      0.0
  SINCE JUN 1      0.0                0.0    0.0      0.0
  SINCE JUL 1      0.0                0.0    0.0      0.0
  SNOW DEPTH       0

DEGREE DAYS
 HEATING
  TODAY            0                  0      0        0
  MONTH TO DATE    0                  0      0        0
  SINCE JUN 1      0                 19    -19       14
  SINCE JUL 1      0                  0      0        0

 COOLING
  TODAY           22                 13      9       21
  MONTH TO DATE  275                204     71      288
  SINCE JUN 1    587                418    169      621
  SINCE JAN 1    664                486    178      678
...........................................................


WIND (MPH)
  RESULTANT WIND SPEED   0   RESULTANT WIND DIRECTION   S (160)
  HIGHEST WIND SPEED    15   HIGHEST WIND DIRECTION     S (200)
  HIGHEST GUST SPEED    22   HIGHEST GUST DIRECTION    SE (150)
  AVERAGE WIND SPEED     4.9


SKY COVER
  POSSIBLE SUNSHINE  MM
  AVERAGE SKY COVER 0.0


WEATHER CONDITIONS
 THE FOLLOWING WEATHER WAS RECORDED TODAY.
  NO SIGNIFICANT WEATHER WAS OBSERVED.


RELATIVE HUMIDITY (PERCENT)
 HIGHEST    55           500 AM
 LOWEST      9           300 PM
 AVERAGE    32

..........................................................


THE BISHOP CA CLIMATE NORMALS FOR TOMORROW
                         NORMAL    RECORD    YEAR
 MAXIMUM TEMPERATURE (F)   99       108      2005
 MINIMUM TEMPERATURE (F)   57        34      1987


SUNRISE AND SUNSET
JULY 17 2018..........SUNRISE   546 AM PDT   SUNSET   813 PM PDT
JULY 18 2018..........SUNRISE   547 AM PDT   SUNSET   812 PM PDT


-  INDICATES NEGATIVE NUMBERS.
R  INDICATES RECORD WAS SET OR TIED.
MM INDICATES DATA IS MISSING.
T  INDICATES TRACE AMOUNT.




$$
