991
CDUS45 KVEF 230827
CLIBIH


CLIMATE REPORT
NATIONAL WEATHER SERVICE LAS VEGAS, NV
1225 AM PST FRI FEB 23 2018


...................................

...THE BISHOP CA CLIMATE SUMMARY FOR FEBRUARY 22 2018...

CLIMATE NORMAL PERIOD 1981 TO 2010
CLIMATE RECORD PERIOD 1943 TO 2018


WEATHER ITEM   OBSERVED TIME   RECORD YEAR NORMAL DEPARTURE LAST
                VALUE   (LST)  VALUE       VALUE  FROM      YEAR
                                                  NORMAL
..................................................................
TEMPERATURE (F)
 YESTERDAY
  MAXIMUM         48    143 PM  75    2012  60    -12       56
  MINIMUM         14R   423 AM  14    1953  28    -14       30
  AVERAGE         31                        44    -13       43

PRECIPITATION (IN)
  YESTERDAY        0.00          0.92 1944   0.04  -0.04     0.00
  MONTH TO DATE    0.00                      0.67  -0.67     2.21
  SINCE OCT 1      0.20                      3.34  -3.14     7.80
  SINCE JAN 1      0.04                      1.72  -1.68     7.44

SNOWFALL (IN)
  YESTERDAY        0.0           7.0  1944   0.0    0.0      0.0
  MONTH TO DATE    0.0                       0.6   -0.6      0.0
  SINCE DEC 1      0.0                       7.0   -7.0      8.6
  SINCE JUL 1      0.0                       7.3   -7.3      8.6
  SNOW DEPTH       0

DEGREE DAYS
 HEATING
  YESTERDAY       34                        21     13       22
  MONTH TO DATE  469                       515    -46      429
  SINCE DEC 1   1842                      2183   -341     2093
  SINCE JUL 1   2642                      3084   -442     2836

 COOLING
  YESTERDAY        0                         0      0        0
  MONTH TO DATE    0                         0      0        0
  SINCE DEC 1      0                         0      0        0
  SINCE JAN 1      0                         0      0        0
..................................................................


WIND (MPH)
  RESULTANT WIND SPEED   5   RESULTANT WIND DIRECTION  NW (300)
  HIGHEST WIND SPEED    24   HIGHEST WIND DIRECTION     W (270)
  HIGHEST GUST SPEED    33   HIGHEST GUST DIRECTION     W (250)
  AVERAGE WIND SPEED     7.8


SKY COVER
  POSSIBLE SUNSHINE  MM
  AVERAGE SKY COVER 0.2


WEATHER CONDITIONS
 THE FOLLOWING WEATHER WAS RECORDED YESTERDAY.
  NO SIGNIFICANT WEATHER WAS OBSERVED.


RELATIVE HUMIDITY (PERCENT)
 HIGHEST    69          1100 PM
 LOWEST     11           300 PM
 AVERAGE    40

..........................................................


THE BISHOP CA CLIMATE NORMALS FOR TODAY
                         NORMAL    RECORD    YEAR
 MAXIMUM TEMPERATURE (F)   60        74      1995
                                             1989
 MINIMUM TEMPERATURE (F)   28        14      1951
                                             1944


SUNRISE AND SUNSET
FEBRUARY 23 2018......SUNRISE   633 AM PST   SUNSET   541 PM PST
FEBRUARY 24 2018......SUNRISE   631 AM PST   SUNSET   543 PM PST


-  INDICATES NEGATIVE NUMBERS.
R  INDICATES RECORD WAS SET OR TIED.
MM INDICATES DATA IS MISSING.
T  INDICATES TRACE AMOUNT.




$$
