000
CDUS45 KVEF 230026
CLIBIH


CLIMATE REPORT
NATIONAL WEATHER SERVICE LAS VEGAS, NV
425 PM PST TUE JAN 22 2019


...................................

...THE BISHOP CA CLIMATE SUMMARY FOR JANUARY 22 2019...
VALID TODAY AS OF 0400 PM LOCAL TIME.

CLIMATE NORMAL PERIOD 1981 TO 2010
CLIMATE RECORD PERIOD 1943 TO 2019


WEATHER ITEM   OBSERVED RECORD YEAR NORMAL DEPARTURE LAST
                VALUE   VALUE       VALUE  FROM      YEAR
                                           NORMAL
...........................................................
TEMPERATURE (F)
 TODAY
  MAXIMUM         52     73    1950  54     -2       53
                               1948
  MINIMUM         26      5    1982  23      3       15
  AVERAGE         39

PRECIPITATION (IN)
  TODAY            0.00   1.08 2017   0.03  -0.03     0.00
  MONTH TO DATE    1.89               0.83   1.06     0.04
  SINCE OCT 1      3.46               2.45   1.01     0.20
  SINCE JAN 1      1.89               0.83   1.06     0.04

SNOWFALL (IN)
  TODAY            0.0    7.0  1983   0.1   -0.1      0.0
  MONTH TO DATE    T                  4.3   -4.3      0.0
  SINCE DEC 1      T                  5.5   -5.5      0.0
  SINCE JUL 1      T                  5.8   -5.8      0.0
  SNOW DEPTH       0

DEGREE DAYS
 HEATING
  TODAY           26                 26      0       31
  MONTH TO DATE  556                590    -34      463
  SINCE DEC 1   1354               1436    -82     1170
  SINCE JUL 1   2130               2337   -207     1970

 COOLING
  TODAY            0                  0      0        0
  MONTH TO DATE    0                  0      0        0
  SINCE DEC 1      0                  0      0        0
  SINCE JAN 1      0                  0      0        0
...........................................................


WIND (MPH)
  RESULTANT WIND SPEED  11   RESULTANT WIND DIRECTION   N (340)
  HIGHEST WIND SPEED    21   HIGHEST WIND DIRECTION     N (10)
  HIGHEST GUST SPEED    27   HIGHEST GUST DIRECTION     N (20)
  AVERAGE WIND SPEED    12.7


SKY COVER
  POSSIBLE SUNSHINE  MM
  AVERAGE SKY COVER 0.0


WEATHER CONDITIONS
 THE FOLLOWING WEATHER WAS RECORDED TODAY.
  NO SIGNIFICANT WEATHER WAS OBSERVED.


RELATIVE HUMIDITY (PERCENT)
 HIGHEST    58           800 AM
 LOWEST     14           200 PM
 AVERAGE    36

..........................................................


THE BISHOP CA CLIMATE NORMALS FOR TOMORROW
                         NORMAL    RECORD    YEAR
 MAXIMUM TEMPERATURE (F)   55        75      1953
 MINIMUM TEMPERATURE (F)   24         0      1964


SUNRISE AND SUNSET
JANUARY 22 2019.......SUNRISE   704 AM PST   SUNSET   507 PM PST
JANUARY 23 2019.......SUNRISE   703 AM PST   SUNSET   508 PM PST


-  INDICATES NEGATIVE NUMBERS.
R  INDICATES RECORD WAS SET OR TIED.
MM INDICATES DATA IS MISSING.
T  INDICATES TRACE AMOUNT.




$$
