000
CDUS45 KVEF 250827
CLIBIH


CLIMATE REPORT
NATIONAL WEATHER SERVICE LAS VEGAS, NV
1226 AM PST TUE FEB 25 2020


...................................

...THE BISHOP CA CLIMATE SUMMARY FOR FEBRUARY 24 2020...

CLIMATE NORMAL PERIOD 1981 TO 2010
CLIMATE RECORD PERIOD 1943 TO 2020


WEATHER ITEM   OBSERVED TIME   RECORD YEAR NORMAL DEPARTURE LAST
                VALUE   (LST)  VALUE       VALUE  FROM      YEAR
                                                  NORMAL
..................................................................
TEMPERATURE (F)
 YESTERDAY
  MAXIMUM         69    313 PM  76    1989  60      9       55
                                      1986
  MINIMUM         35    611 AM   7    2018  28      7       20
  AVERAGE         52                        44      8       38

PRECIPITATION (IN)
  YESTERDAY        0.00          3.50 1969   0.03  -0.03     0.00
  MONTH TO DATE    0.16                      0.73  -0.57     2.17
  SINCE OCT 1      1.32                      3.40  -2.08     5.63
  SINCE JAN 1      0.22                      1.78  -1.56     4.06

SNOWFALL (IN)
  YESTERDAY        0.0           8.5  1969   0.1   -0.1      0.0
  MONTH TO DATE    0.0                       0.7   -0.7      0.6
  SINCE DEC 1      0.1                       7.1   -7.0      0.9
  SINCE JUL 1      6.9                       7.4   -0.5      0.9
  SNOW DEPTH       0

DEGREE DAYS
 HEATING
  YESTERDAY       13                        21     -8       27
  MONTH TO DATE  485                       557    -72      722
  SINCE DEC 1   2071                      2225   -154     2237
  SINCE JUL 1   3047                      3126    -79     3013

 COOLING
  YESTERDAY        0                         0      0        0
  MONTH TO DATE    0                         0      0        0
  SINCE DEC 1      0                         0      0        0
  SINCE JAN 1      0                         0      0        0
..................................................................


WIND (MPH)
  RESULTANT WIND SPEED  13   RESULTANT WIND DIRECTION   N (350)
  HIGHEST WIND SPEED    25   HIGHEST WIND DIRECTION     N (360)
  HIGHEST GUST SPEED    32   HIGHEST GUST DIRECTION     N (10)
  AVERAGE WIND SPEED    14.1


SKY COVER
  POSSIBLE SUNSHINE  MM
  AVERAGE SKY COVER 0.0


WEATHER CONDITIONS
 THE FOLLOWING WEATHER WAS RECORDED YESTERDAY.
  NO SIGNIFICANT WEATHER WAS OBSERVED.


RELATIVE HUMIDITY (PERCENT)
 HIGHEST    49          1200 AM
 LOWEST      5          1100 AM
 AVERAGE    27

..........................................................


THE BISHOP CA CLIMATE NORMALS FOR TODAY
                         NORMAL    RECORD    YEAR
 MAXIMUM TEMPERATURE (F)   61        79      1986
 MINIMUM TEMPERATURE (F)   28        13      1956
                                             1955
                                             1944


SUNRISE AND SUNSET
FEBRUARY 25 2020......SUNRISE   631 AM PST   SUNSET   543 PM PST
FEBRUARY 26 2020......SUNRISE   629 AM PST   SUNSET   544 PM PST


-  INDICATES NEGATIVE NUMBERS.
R  INDICATES RECORD WAS SET OR TIED.
MM INDICATES DATA IS MISSING.
T  INDICATES TRACE AMOUNT.




$$
