000
CDUS45 KVEF 210824
CLIBIH

CLIMATE REPORT
NATIONAL WEATHER SERVICE LAS VEGAS, NV
124 AM PDT WED OCT 21 2020

...................................

...THE BISHOP CA CLIMATE SUMMARY FOR OCTOBER 20 2020...

CLIMATE NORMAL PERIOD: 1981 TO 2010
CLIMATE RECORD PERIOD: 1943 TO 2020


WEATHER ITEM   OBSERVED TIME   RECORD YEAR NORMAL DEPARTURE LAST
                VALUE   (LST)  VALUE       VALUE  FROM      YEAR
                                                  NORMAL
...................................................................
TEMPERATURE (F)
 YESTERDAY
  MAXIMUM         85   2:35 PM  86    2003  75     10       78
  MINIMUM         38   6:02 AM  25    1946  36      2       46
                                      1971
  AVERAGE         62                        55      7       62

PRECIPITATION (IN)
  YESTERDAY        0.00          0.88 1957   0.01  -0.01     0.00
  MONTH TO DATE    0.00                      0.18  -0.18     0.00
  SINCE OCT 1      0.00                      0.18  -0.18     0.00
  SINCE JAN 1      1.15                      3.73  -2.58     6.91

SNOWFALL (IN)
  YESTERDAY        0.0           0.2  1957   0.0    0.0      0.0
  MONTH TO DATE    0.0                       0.0    0.0      0.0
  SINCE SEP 1      0.0                       0.0    0.0      0.0
  SINCE JUL 1      0.0                       0.0    0.0      0.0
  SNOW DEPTH       0

DEGREE DAYS
 HEATING
  YESTERDAY        3                        10     -7        3
  MONTH TO DATE   15                       132   -117      202
  SINCE SEP 1     19                       173   -154      257
  SINCE JUL 1     19                       175   -156      257

 COOLING
  YESTERDAY        0                         0      0        0
  MONTH TO DATE   35                         7     28        0
  SINCE SEP 1    274                       126    148      122
  SINCE JAN 1   1598                      1103    495     1078
...................................................................


WIND (MPH)
  RESULTANT WIND SPEED   4   RESULTANT WIND DIRECTION  NW (310)
  HIGHEST WIND SPEED    13   HIGHEST WIND DIRECTION     W (290)
  HIGHEST GUST SPEED    15   HIGHEST GUST DIRECTION     W (290)
  AVERAGE WIND SPEED     4.9


SKY COVER
  AVERAGE SKY COVER 0.1


WEATHER CONDITIONS
THE FOLLOWING WEATHER WAS RECORDED YESTERDAY.
  HAZE


RELATIVE HUMIDITY (PERCENT)
 HIGHEST    50           5:00 AM
 LOWEST      9           2:00 PM
 AVERAGE    30

..........................................................


THE BISHOP CA CLIMATE NORMALS FOR TODAY
                         NORMAL    RECORD    YEAR
 MAXIMUM TEMPERATURE (F)   74        89      2003
 MINIMUM TEMPERATURE (F)   36        24      1996


SUNRISE AND SUNSET
OCTOBER 21 2020.......SUNRISE   7:08 AM PDT   SUNSET   6:08 PM PDT
OCTOBER 22 2020.......SUNRISE   7:09 AM PDT   SUNSET   6:06 PM PDT


-  INDICATES NEGATIVE NUMBERS.
R  INDICATES RECORD WAS SET OR TIED.
MM INDICATES DATA IS MISSING.
T  INDICATES TRACE AMOUNT.




$$
