946
CDUS45 KBYZ 162230
CLIBIL


CLIMATE REPORT
NATIONAL WEATHER SERVICE BILLINGS MT
426 PM MDT WED OCT 16 2019


...................................

...THE BILLINGS MT CLIMATE SUMMARY FOR OCTOBER 16 2019...
VALID TODAY AS OF 0400 PM LOCAL TIME.

CLIMATE NORMAL PERIOD 1981 TO 2010
CLIMATE RECORD PERIOD 1934 TO 2019


WEATHER ITEM   OBSERVED TIME   RECORD YEAR NORMAL DEPARTURE LAST
                VALUE   (LST)  VALUE       VALUE  FROM      YEAR
                                                  NORMAL
..................................................................
TEMPERATURE (F)
 TODAY
  MAXIMUM         73    239 PM  86    1991  59     14       62
  MINIMUM         44    129 AM  19    1992  37      7       39
                                      1976
  AVERAGE         59                        48     11       51

PRECIPITATION (IN)
  TODAY            0.00          0.87 1994   0.04  -0.04     0.00
  MONTH TO DATE    0.43                      0.70  -0.27     0.51
  SINCE OCT 1      0.43                      0.70  -0.27     0.51
  SINCE JAN 1     17.59                     12.05   5.54    17.67

SNOWFALL (IN)
  TODAY           MM             5.2  1980   0.1   MM       MM
  MONTH TO DATE    6.2                       1.9    4.3      2.6
  SINCE SEP 1      6.3                       3.0    3.3      4.0
  SINCE JUL 1      6.3                       3.0    3.3      4.0
  SNOW DEPTH      MM

DEGREE DAYS
 HEATING
  TODAY            6                        17    -11       14
  MONTH TO DATE  345                       227    118      368
  SINCE SEP 1    519                       419    100      600
  SINCE JUL 1    527                       451     76      659

 COOLING
  TODAY            0                         0      0        0
  MONTH TO DATE    0                         0      0        0
  SINCE SEP 1    105                        51     54       36
  SINCE JAN 1    824                       633    191      554
..................................................................


WIND (MPH)
  HIGHEST WIND SPEED    20   HIGHEST WIND DIRECTION    SW (240)
  HIGHEST GUST SPEED    23   HIGHEST GUST DIRECTION    SW (230)
  AVERAGE WIND SPEED    11.7


SKY COVER
  POSSIBLE SUNSHINE  MM
  AVERAGE SKY COVER 0.5


WEATHER CONDITIONS
 THE FOLLOWING WEATHER WAS RECORDED TODAY.
  NO SIGNIFICANT WEATHER WAS OBSERVED.


RELATIVE HUMIDITY (PERCENT)
 HIGHEST    46          1200 AM
 LOWEST     20           100 PM
 AVERAGE    33

..........................................................


THE BILLINGS MT CLIMATE NORMALS FOR TOMORROW
                         NORMAL    RECORD    YEAR
 MAXIMUM TEMPERATURE (F)   59        82      2003
                                             1939
 MINIMUM TEMPERATURE (F)   37        20      1948


SUNRISE AND SUNSET
OCTOBER 16 2019.......SUNRISE   732 AM MDT   SUNSET   627 PM MDT
OCTOBER 17 2019.......SUNRISE   733 AM MDT   SUNSET   625 PM MDT


-  INDICATES NEGATIVE NUMBERS.
R  INDICATES RECORD WAS SET OR TIED.
MM INDICATES DATA IS MISSING.
T  INDICATES TRACE AMOUNT.




$$
