000
CDUS45 KBYZ 201820
CLIBIL


CLIMATE REPORT
NATIONAL WEATHER SERVICE BILLINGS MT
1120 AM MST WED FEB 20 2019


...................................

...THE BILLINGS MT CLIMATE SUMMARY FOR FEBRUARY 20 2019...
VALID AS OF 1100 AM LOCAL TIME.

CLIMATE NORMAL PERIOD 1981 TO 2010
CLIMATE RECORD PERIOD 1934 TO 2019


WEATHER ITEM   OBSERVED TIME   RECORD YEAR NORMAL DEPARTURE LAST
                VALUE   (LST)  VALUE       VALUE  FROM      YEAR
                                                  NORMAL
..................................................................
TEMPERATURE (F)
 TODAY
  MAXIMUM         20   1050 AM  69    1995  41    -21        8
  MINIMUM          6    230 AM -15    2018  21    -15      -15
  AVERAGE         13                        31    -18       -3

PRECIPITATION (IN)
  TODAY            0.00          0.45 1965   0.01  -0.01     0.00
  MONTH TO DATE    0.83                      0.32   0.51     1.66
  SINCE OCT 1      3.63                      3.11   0.52     5.91
  SINCE JAN 1      1.78                      0.80   0.98     2.26

SNOWFALL (IN)
  TODAY           MM             5.2  1965   0.3   MM       MM
  MONTH TO DATE   13.5                       4.2    9.3     32.4
  SINCE DEC 1     35.9                      20.8   15.1     64.7
  SINCE JUL 1     42.2                      32.5    9.7     76.9
  SNOW DEPTH      MM

DEGREE DAYS
 HEATING
  TODAY           52                        34     18       68
  MONTH TO DATE 1111                       709    402      999
  SINCE DEC 1   3279                      3077    202     3425
  SINCE JUL 1   5021                      4705    316     5027

 COOLING
  TODAY            0                         0      0        0
  MONTH TO DATE    0                         0      0        0
  SINCE DEC 1      0                         0      0        0
  SINCE JAN 1      0                         0      0        0
..................................................................


WIND (MPH)
  HIGHEST WIND SPEED    20   HIGHEST WIND DIRECTION    SW (240)
  HIGHEST GUST SPEED    24   HIGHEST GUST DIRECTION    SW (240)
  AVERAGE WIND SPEED    14.0


SKY COVER
  AVERAGE SKY COVER 0.4


WEATHER CONDITIONS
 THE FOLLOWING WEATHER WAS RECORDED TODAY.
  NO SIGNIFICANT WEATHER WAS OBSERVED.


RELATIVE HUMIDITY (PERCENT)
 HIGHEST    80           200 AM
 LOWEST     56          1000 AM
 AVERAGE    68





-  INDICATES NEGATIVE NUMBERS.
R  INDICATES RECORD WAS SET OR TIED.
MM INDICATES DATA IS MISSING.
T  INDICATES TRACE AMOUNT.




$$
