000
CDUS45 KBYZ 060722
CLIBIL


CLIMATE REPORT
NATIONAL WEATHER SERVICE BILLINGS MT
122 AM MDT SAT JUN 6 2020


...................................

...THE BILLINGS MT CLIMATE SUMMARY FOR JUNE 5 2020...

CLIMATE NORMAL PERIOD 1981 TO 2010
CLIMATE RECORD PERIOD 1934 TO 2020


WEATHER ITEM   OBSERVED TIME   RECORD YEAR NORMAL DEPARTURE LAST
                VALUE   (LST)  VALUE       VALUE  FROM      YEAR
                                                  NORMAL
..................................................................
TEMPERATURE (F)
 YESTERDAY
  MAXIMUM         84    518 PM 102    1988  73     11       81
  MINIMUM         51    437 AM  38    2013  49      2       56
                                      1944
  AVERAGE         68                        61      7       69

PRECIPITATION (IN)
  YESTERDAY        0.00          0.90 1941   0.08  -0.08     0.00
  MONTH TO DATE    0.69                      0.40   0.29     0.01
  SINCE OCT 1      6.08                      8.57  -2.49     9.57
  SINCE JAN 1      4.14                      6.26  -2.12     7.72

SNOWFALL (IN)
  YESTERDAY        0.0           T    1998   0.0    0.0      0.0
  MONTH TO DATE    0.0                       0.0    0.0      0.0
  SINCE JUN 1      0.0                       0.0    0.0      0.0
  SINCE JUL 1     54.3                      55.0   -0.7     61.1
  SNOW DEPTH       0

DEGREE DAYS
 HEATING
  YESTERDAY        0                         5     -5        0
  MONTH TO DATE    0                        28    -28        0
  SINCE JUN 1      0                        28    -28        0
  SINCE JUL 1   6751                      6709     42     7552

 COOLING
  YESTERDAY        3                         1      2        4
  MONTH TO DATE   17                         5     12       22
  SINCE JUN 1     17                         5     12       22
  SINCE JAN 1     37                        22     15       34
..................................................................


WIND (MPH)
  HIGHEST WIND SPEED    21   HIGHEST WIND DIRECTION     E (90)
  HIGHEST GUST SPEED    26   HIGHEST GUST DIRECTION     E (90)
  AVERAGE WIND SPEED     7.1


SKY COVER
  POSSIBLE SUNSHINE  MM
  AVERAGE SKY COVER 0.4


WEATHER CONDITIONS
 THE FOLLOWING WEATHER WAS RECORDED YESTERDAY.
  NO SIGNIFICANT WEATHER WAS OBSERVED.


RELATIVE HUMIDITY (PERCENT)
 HIGHEST    63           300 AM
 LOWEST     29           500 PM
 AVERAGE    46

..........................................................


THE BILLINGS MT CLIMATE NORMALS FOR TODAY
                         NORMAL    RECORD    YEAR
 MAXIMUM TEMPERATURE (F)   74        96      1988
 MINIMUM TEMPERATURE (F)   50        37      1943


SUNRISE AND SUNSET
JUNE  6 2020..........SUNRISE   525 AM MDT   SUNSET   901 PM MDT
JUNE  7 2020..........SUNRISE   525 AM MDT   SUNSET   902 PM MDT


-  INDICATES NEGATIVE NUMBERS.
R  INDICATES RECORD WAS SET OR TIED.
MM INDICATES DATA IS MISSING.
T  INDICATES TRACE AMOUNT.




$$
