638
CDUS45 KBYZ 201118
CLIBIL


CLIMATE REPORT
NATIONAL WEATHER SERVICE BILLINGS MT
417 AM MST TUE NOV 20 2018


...................................

...THE BILLINGS MT CLIMATE SUMMARY FOR NOVEMBER 19 2018...

CLIMATE NORMAL PERIOD 1981 TO 2010
CLIMATE RECORD PERIOD 1934 TO 2018


WEATHER ITEM   OBSERVED TIME   RECORD YEAR NORMAL DEPARTURE LAST
                VALUE   (LST)  VALUE       VALUE  FROM      YEAR
                                                  NORMAL
..................................................................
TEMPERATURE (F)
 YESTERDAY
  MAXIMUM         45    240 PM  68    2003  43      2       50
  MINIMUM         32    831 AM  -8    1985  25      7       36
  AVERAGE         39                        34      5       43

PRECIPITATION (IN)
  YESTERDAY        0.00          0.56 1977   0.02  -0.02     0.00
  MONTH TO DATE    0.41                      0.41   0.00     1.17
  SINCE OCT 1      1.11                      1.59  -0.48     1.66
  SINCE JAN 1     18.27                     12.94   5.33    15.64

SNOWFALL (IN)
  YESTERDAY        0.0           6.0  1979   0.3   -0.3      0.0
  MONTH TO DATE    1.5                       3.8   -2.3     12.1
  SINCE SEP 1      5.5                       9.0   -3.5     12.1
  SINCE JUL 1      5.5                       9.0   -3.5     12.1
  SNOW DEPTH       0

DEGREE DAYS
 HEATING
  YESTERDAY       26                        31     -5       22
  MONTH TO DATE  583                       508     75      639
  SINCE SEP 1   1396                      1223    173     1373
  SINCE JUL 1   1455                      1260    195     1375

 COOLING
  YESTERDAY        0                         0      0        0
  MONTH TO DATE    0                         0      0        0
  SINCE SEP 1     36                        54    -18      100
  SINCE JAN 1    554                       636    -82      840
..................................................................


WIND (MPH)
  HIGHEST WIND SPEED    21   HIGHEST WIND DIRECTION    SW (230)
  HIGHEST GUST SPEED    26   HIGHEST GUST DIRECTION     S (190)
  AVERAGE WIND SPEED    14.4


SKY COVER
  POSSIBLE SUNSHINE  MM
  AVERAGE SKY COVER 0.5


WEATHER CONDITIONS
 THE FOLLOWING WEATHER WAS RECORDED YESTERDAY.
  NO SIGNIFICANT WEATHER WAS OBSERVED.


RELATIVE HUMIDITY (PERCENT)
 HIGHEST    69          1200 AM
 LOWEST     45          1200 PM
 AVERAGE    57

..........................................................


THE BILLINGS MT CLIMATE NORMALS FOR TODAY
                         NORMAL    RECORD    YEAR
 MAXIMUM TEMPERATURE (F)   43        66      2002
 MINIMUM TEMPERATURE (F)   25       -13      1977


SUNRISE AND SUNSET
NOVEMBER 20 2018......SUNRISE   721 AM MST   SUNSET   438 PM MST
NOVEMBER 21 2018......SUNRISE   722 AM MST   SUNSET   437 PM MST


-  INDICATES NEGATIVE NUMBERS.
R  INDICATES RECORD WAS SET OR TIED.
MM INDICATES DATA IS MISSING.
T  INDICATES TRACE AMOUNT.




$$
