000
CDUS45 KBYZ 251721
CLIBIL


CLIMATE REPORT
NATIONAL WEATHER SERVICE BILLINGS MT
1121 AM MDT FRI MAY 25 2018


...................................

...THE BILLINGS MT CLIMATE SUMMARY FOR MAY 25 2018...
VALID AS OF 1100 AM LOCAL TIME.

CLIMATE NORMAL PERIOD 1981 TO 2010
CLIMATE RECORD PERIOD 1934 TO 2018


WEATHER ITEM   OBSERVED RECORD YEAR NORMAL DEPARTURE LAST
                VALUE   VALUE       VALUE  FROM      YEAR
                                           NORMAL
...........................................................
TEMPERATURE (F)
 TODAY
  MAXIMUM         71     88    1983  70      1
  MINIMUM         57     31    2012  46     11
  AVERAGE         64

PRECIPITATION (IN)
  TODAY            0.00   0.81 1980   0.08  -0.08      T
  MONTH TO DATE    3.65               1.73   1.92     1.58
  SINCE OCT 1     12.42               7.72   4.70    14.16
  SINCE JAN 1      8.77               5.41   3.36     8.60

...........................................................










-  INDICATES NEGATIVE NUMBERS.
R  INDICATES RECORD WAS SET OR TIED.
MM INDICATES DATA IS MISSING.
T  INDICATES TRACE AMOUNT.




$$
