000
CDUS43 KGRR 102247
CLIBIV


CLIMATE REPORT
NATIONAL WEATHER SERVICE GRAND RAPIDS, MI
547 PM EST MON DEC 10 2018


...................................

...THE HOLLAND/TULIP CITY MI CLIMATE SUMMARY FOR DECEMBER 10 2018...
VALID TODAY AS OF 0500 PM LOCAL TIME.

CLIMATE NORMAL PERIOD 1981 TO 2010
CLIMATE RECORD PERIOD 1996 TO 2018


WEATHER ITEM   OBSERVED TIME   NORMAL DEPARTURE LAST
                VALUE   (LST)  VALUE  FROM      YEAR
                                      NORMAL
......................................................
TEMPERATURE (F)
 TODAY
  MAXIMUM         36    253 PM  38     -2       31
  MINIMUM         27    157 AM  28     -1       26
  AVERAGE         32            33     -1       29

PRECIPITATION (IN)
  TODAY            0.00          0.09  -0.09      T
  MONTH TO DATE    0.51          0.97  -0.46     0.31
  SINCE DEC 1      0.51          0.97  -0.46     0.31
  SINCE JAN 1     36.62         35.13   1.49    39.27

DEGREE DAYS
 HEATING
  TODAY           33            32      1       36
  MONTH TO DATE  335           308     27      282
  SINCE DEC 1    335           308     27      282
  SINCE JUL 1   1743          1531    212     1449

 COOLING
  TODAY            0             0      0        0
  MONTH TO DATE    0             0      0        0
  SINCE DEC 1      0             0      0        0
  SINCE JAN 1    891           693    198      613
......................................................


WIND (MPH)
  RESULTANT WIND SPEED   5   RESULTANT WIND DIRECTION  SW (230)
  HIGHEST WIND SPEED    17   HIGHEST WIND DIRECTION    SW (230)
  HIGHEST GUST SPEED    21   HIGHEST GUST DIRECTION    SW (230)
  AVERAGE WIND SPEED     6.5


SKY COVER
  AVERAGE SKY COVER 0.8


WEATHER CONDITIONS
 THE FOLLOWING WEATHER WAS RECORDED TODAY.
  FOG
  HAZE


RELATIVE HUMIDITY (PERCENT)
 HIGHEST    85           100 AM
 LOWEST     64          1200 PM
 AVERAGE    75

..........................................................


THE HOLLAND/TULIP CITY MI CLIMATE NORMALS FOR TOMORROW
                         NORMAL
 MAXIMUM TEMPERATURE (F)   38
 MINIMUM TEMPERATURE (F)   27


SUNRISE AND SUNSET
DECEMBER 10 2018......SUNRISE   804 AM EST   SUNSET   510 PM EST
DECEMBER 11 2018......SUNRISE   805 AM EST   SUNSET   511 PM EST


-  INDICATES NEGATIVE NUMBERS.
R  INDICATES RECORD WAS SET OR TIED.
MM INDICATES DATA IS MISSING.
T  INDICATES TRACE AMOUNT.




$$
