000
CDUS43 KGRR 250518
CLIBIV


CLIMATE REPORT
NATIONAL WEATHER SERVICE GRAND RAPIDS, MI
118 AM EDT SUN AUG 25 2019


...................................

...THE HOLLAND/TULIP CITY MI CLIMATE SUMMARY FOR AUGUST 24 2019...

CLIMATE NORMAL PERIOD 1981 TO 2010
CLIMATE RECORD PERIOD 1996 TO 2019


WEATHER ITEM   OBSERVED TIME   NORMAL DEPARTURE LAST
                VALUE   (LST)  VALUE  FROM      YEAR
                                      NORMAL
......................................................
TEMPERATURE (F)
 YESTERDAY
  MAXIMUM         76    453 PM  80     -4       77
  MINIMUM         50    628 AM  60    -10       56
  AVERAGE         63            70     -7       67

PRECIPITATION (IN)
  YESTERDAY        0.00          0.12  -0.12      T
  MONTH TO DATE    1.34          2.72  -1.38     0.45
  SINCE JUN 1      6.53          9.77  -3.24     6.26
  SINCE JAN 1     21.89         22.36  -0.47    21.43

DEGREE DAYS
 HEATING
  YESTERDAY        2             0      2        0
  MONTH TO DATE    2             0      2        0
  SINCE JUN 1     49            54     -5       12
  SINCE JUL 1      2             6     -4        1

 COOLING
  YESTERDAY        0             5     -5        2
  MONTH TO DATE  153           159     -6      186
  SINCE JUN 1    553           540     13      600
  SINCE JAN 1    557           582    -25      693
......................................................


WIND (MPH)
  RESULTANT WIND SPEED   7   RESULTANT WIND DIRECTION   E (90)
  HIGHEST WIND SPEED    17   HIGHEST WIND DIRECTION     E (110)
  HIGHEST GUST SPEED    24   HIGHEST GUST DIRECTION     E (110)
  AVERAGE WIND SPEED     7.0


SKY COVER
  AVERAGE SKY COVER 0.0


WEATHER CONDITIONS
 THE FOLLOWING WEATHER WAS RECORDED YESTERDAY.
  NO SIGNIFICANT WEATHER WAS OBSERVED.


RELATIVE HUMIDITY (PERCENT)
 HIGHEST    96           500 AM
 LOWEST     43           400 PM
 AVERAGE    70

..........................................................


THE HOLLAND/TULIP CITY MI CLIMATE NORMALS FOR TODAY
                         NORMAL
 MAXIMUM TEMPERATURE (F)   80
 MINIMUM TEMPERATURE (F)   60


SUNRISE AND SUNSET
AUGUST 25 2019........SUNRISE   701 AM EDT   SUNSET   831 PM EDT
AUGUST 26 2019........SUNRISE   703 AM EDT   SUNSET   830 PM EDT


-  INDICATES NEGATIVE NUMBERS.
R  INDICATES RECORD WAS SET OR TIED.
MM INDICATES DATA IS MISSING.
T  INDICATES TRACE AMOUNT.




$$
