000
CDUS43 KGRR 190523
CLIBIV


CLIMATE REPORT
NATIONAL WEATHER SERVICE GRAND RAPIDS, MI
123 AM EDT SAT OCT 19 2019


...................................

...THE HOLLAND/TULIP CITY MI CLIMATE SUMMARY FOR OCTOBER 18 2019...

CLIMATE NORMAL PERIOD 1981 TO 2010
CLIMATE RECORD PERIOD 1996 TO 2019


WEATHER ITEM   OBSERVED TIME   NORMAL DEPARTURE LAST
                VALUE   (LST)  VALUE  FROM      YEAR
                                      NORMAL
......................................................
TEMPERATURE (F)
 YESTERDAY
  MAXIMUM         57    329 PM  61     -4       54
  MINIMUM         34    729 AM  43     -9       29
  AVERAGE         46            52     -6       42

PRECIPITATION (IN)
  YESTERDAY        0.00          0.12  -0.12     0.00
  MONTH TO DATE    3.69          1.97   1.72     5.13
  SINCE SEP 1     12.42          5.87   6.55     7.72
  SINCE JAN 1     35.00         29.08   5.92    32.45

DEGREE DAYS
 HEATING
  YESTERDAY       19            13      6       23
  MONTH TO DATE  201           195      6      186
  SINCE SEP 1    238           310    -72      272
  SINCE JUL 1    247           325    -78      275

 COOLING
  YESTERDAY        0             0      0        0
  MONTH TO DATE   11            10      1       22
  SINCE SEP 1    117            74     43      146
  SINCE JAN 1    689           692     -3      891
......................................................


WIND (MPH)
  RESULTANT WIND SPEED   3   RESULTANT WIND DIRECTION   S (160)
  HIGHEST WIND SPEED    10   HIGHEST WIND DIRECTION     S (200)
  HIGHEST GUST SPEED    15   HIGHEST GUST DIRECTION    SE (150)
  AVERAGE WIND SPEED     4.2


SKY COVER
  AVERAGE SKY COVER 0.0


WEATHER CONDITIONS
 THE FOLLOWING WEATHER WAS RECORDED YESTERDAY.
  NO SIGNIFICANT WEATHER WAS OBSERVED.


RELATIVE HUMIDITY (PERCENT)
 HIGHEST   100          1200 AM
 LOWEST     55           400 PM
 AVERAGE    78

..........................................................


THE HOLLAND/TULIP CITY MI CLIMATE NORMALS FOR TODAY
                         NORMAL
 MAXIMUM TEMPERATURE (F)   61
 MINIMUM TEMPERATURE (F)   43


SUNRISE AND SUNSET
OCTOBER 19 2019.......SUNRISE   802 AM EDT   SUNSET   656 PM EDT
OCTOBER 20 2019.......SUNRISE   804 AM EDT   SUNSET   655 PM EDT


-  INDICATES NEGATIVE NUMBERS.
R  INDICATES RECORD WAS SET OR TIED.
MM INDICATES DATA IS MISSING.
T  INDICATES TRACE AMOUNT.




$$
