000
CDUS43 KGRR 220520
CLIBIV


CLIMATE REPORT
NATIONAL WEATHER SERVICE GRAND RAPIDS, MI
119 AM EDT THU OCT 22 2020


...................................

...THE HOLLAND/TULIP CITY MI CLIMATE SUMMARY FOR OCTOBER 21 2020...

CLIMATE NORMAL PERIOD 1981 TO 2010
CLIMATE RECORD PERIOD 1996 TO 2020


WEATHER ITEM   OBSERVED TIME   NORMAL DEPARTURE LAST
                VALUE   (LST)  VALUE  FROM      YEAR
                                      NORMAL
......................................................
TEMPERATURE (F)
 YESTERDAY
  MAXIMUM         55    236 AM  60     -5       62
  MINIMUM         43    654 PM  42      1       47
  AVERAGE         49            51     -2       55

PRECIPITATION (IN)
  YESTERDAY        0.13          0.13   0.00     0.23
  MONTH TO DATE    2.08          2.34  -0.26     3.98
  SINCE SEP 1      5.14          6.24  -1.10    12.71
  SINCE JAN 1     27.79         29.45  -1.66    35.29

DEGREE DAYS
 HEATING
  YESTERDAY       16            14      2       10
  MONTH TO DATE  281           236     45      236
  SINCE SEP 1    407           351     56      273
  SINCE JUL 1    415           366     49      282

 COOLING
  YESTERDAY        0             0      0        0
  MONTH TO DATE    0            10    -10       11
  SINCE SEP 1     27            74    -47      117
  SINCE JAN 1    768           692     76      689
......................................................


WIND (MPH)
  RESULTANT WIND SPEED   8   RESULTANT WIND DIRECTION   W (270)
  HIGHEST WIND SPEED    22   HIGHEST WIND DIRECTION     W (260)
  HIGHEST GUST SPEED    30   HIGHEST GUST DIRECTION     W (290)
  AVERAGE WIND SPEED     8.8


SKY COVER
  AVERAGE SKY COVER 0.7


WEATHER CONDITIONS
 THE FOLLOWING WEATHER WAS RECORDED YESTERDAY.
  LIGHT RAIN
  FOG


RELATIVE HUMIDITY (PERCENT)
 HIGHEST    93           900 PM
 LOWEST     59           300 PM
 AVERAGE    76

..........................................................


THE HOLLAND/TULIP CITY MI CLIMATE NORMALS FOR TODAY
                         NORMAL
 MAXIMUM TEMPERATURE (F)   60
 MINIMUM TEMPERATURE (F)   42


SUNRISE AND SUNSET
OCTOBER 22 2020.......SUNRISE   807 AM EDT   SUNSET   650 PM EDT
OCTOBER 23 2020.......SUNRISE   808 AM EDT   SUNSET   649 PM EDT


-  INDICATES NEGATIVE NUMBERS.
R  INDICATES RECORD WAS SET OR TIED.
MM INDICATES DATA IS MISSING.
T  INDICATES TRACE AMOUNT.




$$
