000
CDUS43 KGRR 242130
CLIBIV


CLIMATE REPORT
NATIONAL WEATHER SERVICE GRAND RAPIDS, MI
529 PM EDT SUN JUN 24 2018


...................................

...THE HOLLAND/TULIP CITY MI CLIMATE SUMMARY FOR JUNE 24 2018...
VALID TODAY AS OF 0500 PM LOCAL TIME.

CLIMATE NORMAL PERIOD 1981 TO 2010
CLIMATE RECORD PERIOD 1996 TO 2018


WEATHER ITEM   OBSERVED TIME   NORMAL DEPARTURE LAST
                VALUE   (LST)  VALUE  FROM      YEAR
                                      NORMAL
......................................................
TEMPERATURE (F)
 TODAY
  MAXIMUM         73    130 PM  81     -8       71
  MINIMUM         62    454 AM  60      2       56
  AVERAGE         68            71     -3       64

PRECIPITATION (IN)
  TODAY            0.06          0.14  -0.08     0.00
  MONTH TO DATE    2.77          3.45  -0.68     2.19
  SINCE JUN 1      2.77          3.45  -0.68     2.19
  SINCE JAN 1     17.94         16.04   1.90    17.36

DEGREE DAYS
 HEATING
  TODAY            0             1     -1        1
  MONTH TO DATE   11            45    -34       10
  SINCE JUN 1     11            45    -34       10
  SINCE JUL 1   6325          6157    168     5440

 COOLING
  TODAY            3             6     -3        0
  MONTH TO DATE  110           105      5      138
  SINCE JUN 1    110           105      5      138
  SINCE JAN 1    203           147     56      169
......................................................


WIND (MPH)
  RESULTANT WIND SPEED   7   RESULTANT WIND DIRECTION   W (290)
  HIGHEST WIND SPEED    15   HIGHEST WIND DIRECTION     W (270)
  HIGHEST GUST SPEED    19   HIGHEST GUST DIRECTION    NW (330)
  AVERAGE WIND SPEED     7.0


SKY COVER
  AVERAGE SKY COVER 0.9


WEATHER CONDITIONS
 THE FOLLOWING WEATHER WAS RECORDED TODAY.
  RAIN
  LIGHT RAIN
  FOG


RELATIVE HUMIDITY (PERCENT)
 HIGHEST    93          1200 AM
 LOWEST     73           200 PM
 AVERAGE    83

..........................................................


THE HOLLAND/TULIP CITY MI CLIMATE NORMALS FOR TOMORROW
                         NORMAL
 MAXIMUM TEMPERATURE (F)   81
 MINIMUM TEMPERATURE (F)   61


SUNRISE AND SUNSET
JUNE 24 2018..........SUNRISE   607 AM EDT   SUNSET   927 PM EDT
JUNE 25 2018..........SUNRISE   607 AM EDT   SUNSET   927 PM EDT


-  INDICATES NEGATIVE NUMBERS.
R  INDICATES RECORD WAS SET OR TIED.
MM INDICATES DATA IS MISSING.
T  INDICATES TRACE AMOUNT.




$$
