000
CDUS43 KGRR 211352
CLIBIV


CLIMATE REPORT
NATIONAL WEATHER SERVICE GRAND RAPIDS, MI
943 AM EDT FRI SEP 21 2018


...................................

...THE HOLLAND/TULIP CITY MI CLIMATE SUMMARY FOR SEPTEMBER 21 2018...
VALID AS OF 0900 AM LOCAL TIME.

CLIMATE NORMAL PERIOD 1981 TO 2010
CLIMATE RECORD PERIOD 1996 TO 2018


WEATHER ITEM   OBSERVED TIME   NORMAL DEPARTURE LAST
                VALUE   (LST)  VALUE  FROM      YEAR
                                      NORMAL
......................................................
TEMPERATURE (F)
 TODAY
  MAXIMUM         81    448 AM  72      9       90
  MINIMUM         74    743 AM  51     23       68
  AVERAGE         78            61     17       79

PRECIPITATION (IN)
  TODAY            T             0.15  -0.15     0.00
  MONTH TO DATE    1.90          2.46  -0.56     0.53
  SINCE SEP 1      1.90          2.46  -0.56     0.53
  SINCE JAN 1     26.63         25.67   0.96    25.35

DEGREE DAYS
 HEATING
  TODAY            0             5     -5        0
  MONTH TO DATE    9            56    -47       75
  SINCE SEP 1      9            56    -47       75
  SINCE JUL 1     12            71    -59       96

 COOLING
  TODAY           13             1     12       14
  MONTH TO DATE  127            54     73       53
  SINCE SEP 1    127            54     73       53
  SINCE JAN 1    872           672    200      538
......................................................


WIND (MPH)
  RESULTANT WIND SPEED  19   RESULTANT WIND DIRECTION  SW (210)
  HIGHEST WIND SPEED    31   HIGHEST WIND DIRECTION    SW (230)
  HIGHEST GUST SPEED    42   HIGHEST GUST DIRECTION    SW (210)
  AVERAGE WIND SPEED    19.6


SKY COVER
  AVERAGE SKY COVER 0.0


WEATHER CONDITIONS
 THE FOLLOWING WEATHER WAS RECORDED TODAY.
  THUNDERSTORM
  LIGHT RAIN


RELATIVE HUMIDITY (PERCENT)
 HIGHEST    74          1200 AM
 LOWEST     58           300 AM
 AVERAGE    66

..........................................................


THE HOLLAND/TULIP CITY MI CLIMATE NORMALS FOR TOMORROW
                         NORMAL
 MAXIMUM TEMPERATURE (F)   71
 MINIMUM TEMPERATURE (F)   51


SUNRISE AND SUNSET
SEPTEMBER 21 2018.....SUNRISE   731 AM EDT   SUNSET   744 PM EDT
SEPTEMBER 22 2018.....SUNRISE   732 AM EDT   SUNSET   742 PM EDT


-  INDICATES NEGATIVE NUMBERS.
R  INDICATES RECORD WAS SET OR TIED.
MM INDICATES DATA IS MISSING.
T  INDICATES TRACE AMOUNT.




$$

63
