000
CDUS46 KBOI 260937
CLIBKE


CLIMATE REPORT
NATIONAL WEATHER SERVICE BOISE ID
337 AM MDT SAT MAY 26 2018


...................................

...THE BAKER OR CLIMATE SUMMARY FOR MAY 25 2018...

CLIMATE NORMAL PERIOD 1981 TO 2010
CLIMATE RECORD PERIOD 1928 TO 2018


WEATHER ITEM   OBSERVED TIME   RECORD YEAR NORMAL DEPARTURE LAST
                VALUE   (LST)  VALUE       VALUE  FROM      YEAR
                                                  NORMAL
..................................................................
TEMPERATURE (F)
 YESTERDAY
  MAXIMUM         81    308 PM  90    1961  68     13       58
                                      1928
  MINIMUM         47    422 AM  25    1975  39      8       36
  AVERAGE         64                        53     11       47

PRECIPITATION (IN)
  YESTERDAY        0.20          0.90 2011   0.05   0.15     0.00
  MONTH TO DATE    0.89                      1.16  -0.27     0.33
  SINCE OCT 1      5.04                      6.72  -1.68     6.48
  SINCE JAN 1      3.78                      4.21  -0.43     3.74

DEGREE DAYS
 HEATING
  YESTERDAY        1                        12    -11       18
  MONTH TO DATE  160                       368   -208      398
  SINCE MAR 1   1485                      1861   -376     1818
  SINCE JUL 1   6244                      7381  -1137     7646

 COOLING
  YESTERDAY        0                         0      0        0
  MONTH TO DATE    0                         0      0        0
  SINCE MAR 1      0                         0      0        0
  SINCE JAN 1      0                         0      0        0
..................................................................


WIND (MPH)
  RESULTANT WIND SPEED   4   RESULTANT WIND DIRECTION  NW (300)
  HIGHEST WIND SPEED    25   HIGHEST WIND DIRECTION    SW (230)
  HIGHEST GUST SPEED    37   HIGHEST GUST DIRECTION    SW (210)
  AVERAGE WIND SPEED     6.8


SKY COVER
  AVERAGE SKY COVER 0.2


WEATHER CONDITIONS
 THE FOLLOWING WEATHER WAS RECORDED YESTERDAY.
  THUNDERSTORM
  HEAVY RAIN
  LIGHT RAIN
  FOG
  FOG W/VISIBILITY <= 1/4 MILE


RELATIVE HUMIDITY (PERCENT)
 HIGHEST    93           300 AM
 LOWEST     33           200 PM
 AVERAGE    63

..........................................................


THE BAKER OR CLIMATE NORMALS FOR TODAY
                         NORMAL    RECORD    YEAR
 MAXIMUM TEMPERATURE (F)   68        91      1966
                                             1958
                                             1936
 MINIMUM TEMPERATURE (F)   39        30      1964


SUNRISE AND SUNSET
MAY 26 2018...........SUNRISE   512 AM PDT   SUNSET   825 PM PDT
MAY 27 2018...........SUNRISE   511 AM PDT   SUNSET   826 PM PDT


-  INDICATES NEGATIVE NUMBERS.
R  INDICATES RECORD WAS SET OR TIED.
MM INDICATES DATA IS MISSING.
T  INDICATES TRACE AMOUNT.




$$
