699
CDUS46 KBOI 230947
CLIBKE


CLIMATE REPORT
NATIONAL WEATHER SERVICE BOISE ID
247 AM MST WED JAN 23 2019


...................................

...THE BAKER OR CLIMATE SUMMARY FOR JANUARY 22 2019...

CLIMATE NORMAL PERIOD 1981 TO 2010
CLIMATE RECORD PERIOD 1928 TO 2019


WEATHER ITEM   OBSERVED TIME   RECORD YEAR NORMAL DEPARTURE LAST
                VALUE   (LST)  VALUE       VALUE  FROM      YEAR
                                                  NORMAL
..................................................................
TEMPERATURE (F)
 YESTERDAY
  MAXIMUM         35    344 PM  53    1934  34      1       41
  MINIMUM         22    253 AM -28    1962  17      5       23
  AVERAGE         29                        26      3       32

PRECIPITATION (IN)
  YESTERDAY        0.14          0.44 1970   0.02   0.12     0.04
  MONTH TO DATE    0.53                      0.60  -0.07     0.69
  SINCE OCT 1      1.66                      3.11  -1.45     1.95
  SINCE JAN 1      0.53                      0.60  -0.07     0.69

DEGREE DAYS
 HEATING
  YESTERDAY       36                        40     -4       33
  MONTH TO DATE  743                       889   -146      663
  SINCE DEC 1   1841                      2137   -296     1902
  SINCE JUL 1   3569                      4174   -605     3532

 COOLING
  YESTERDAY        0                         0      0        0
  MONTH TO DATE    0                         0      0        0
  SINCE DEC 1      0                         0      0        0
  SINCE JAN 1      0                         0      0        0
..................................................................


WIND (MPH)
  RESULTANT WIND SPEED   4   RESULTANT WIND DIRECTION   E (80)
  HIGHEST WIND SPEED    17   HIGHEST WIND DIRECTION     E (100)
  HIGHEST GUST SPEED    24   HIGHEST GUST DIRECTION     E (90)
  AVERAGE WIND SPEED     6.0


SKY COVER
  AVERAGE SKY COVER 0.6


WEATHER CONDITIONS
 THE FOLLOWING WEATHER WAS RECORDED YESTERDAY.
  LIGHT SNOW
  FOG


RELATIVE HUMIDITY (PERCENT)
 HIGHEST    92           300 AM
 LOWEST     61          1200 PM
 AVERAGE    77

..........................................................


THE BAKER OR CLIMATE NORMALS FOR TODAY
                         NORMAL    RECORD    YEAR
 MAXIMUM TEMPERATURE (F)   34        50      1970
 MINIMUM TEMPERATURE (F)   17       -22      1962


SUNRISE AND SUNSET
JANUARY 23 2019.......SUNRISE   720 AM PST   SUNSET   447 PM PST
JANUARY 24 2019.......SUNRISE   719 AM PST   SUNSET   448 PM PST


-  INDICATES NEGATIVE NUMBERS.
R  INDICATES RECORD WAS SET OR TIED.
MM INDICATES DATA IS MISSING.
T  INDICATES TRACE AMOUNT.




$$
