000
CDUS46 KBOI 130931
CLIBKE


CLIMATE REPORT
NATIONAL WEATHER SERVICE BOISE ID
331 AM MDT MON AUG 13 2018


...................................

...THE BAKER OR CLIMATE SUMMARY FOR AUGUST 12 2018...

CLIMATE NORMAL PERIOD 1981 TO 2010
CLIMATE RECORD PERIOD 1928 TO 2018


WEATHER ITEM   OBSERVED TIME   RECORD YEAR NORMAL DEPARTURE LAST
                VALUE   (LST)  VALUE       VALUE  FROM      YEAR
                                                  NORMAL
..................................................................
TEMPERATURE (F)
 YESTERDAY
  MAXIMUM         84    352 PM 100    2001  86     -2       93
  MINIMUM         53    527 AM  33    1966  46      7       56
  AVERAGE         69                        66      3       75

PRECIPITATION (IN)
  YESTERDAY        0.00          0.45 1988   0.02  -0.02      T
  MONTH TO DATE    0.00                      0.25  -0.25      T
  SINCE OCT 1      6.01                      9.12  -3.11     7.61
  SINCE JAN 1      4.75                      6.61  -1.86     4.87

DEGREE DAYS
 HEATING
  YESTERDAY        0                         2     -2        0
  MONTH TO DATE    1                        19    -18        0
  SINCE JUN 1    154                       315   -161      182
  SINCE JUL 1     17                        89    -72        6

 COOLING
  YESTERDAY        4                         3      1       10
  MONTH TO DATE   92                        36     56       79
  SINCE JUN 1    278                       127    151      228
  SINCE JAN 1    278                       129    149      228
..................................................................


WIND (MPH)
  RESULTANT WIND SPEED   7   RESULTANT WIND DIRECTION  NW (310)
  HIGHEST WIND SPEED    17   HIGHEST WIND DIRECTION    NW (330)
  HIGHEST GUST SPEED    21   HIGHEST GUST DIRECTION     N (340)
  AVERAGE WIND SPEED     8.5


SKY COVER
  AVERAGE SKY COVER 0.0


WEATHER CONDITIONS
 THE FOLLOWING WEATHER WAS RECORDED YESTERDAY.
  NO SIGNIFICANT WEATHER WAS OBSERVED.


RELATIVE HUMIDITY (PERCENT)
 HIGHEST    71           500 AM
 LOWEST     23           100 PM
 AVERAGE    47

..........................................................


THE BAKER OR CLIMATE NORMALS FOR TODAY
                         NORMAL    RECORD    YEAR
 MAXIMUM TEMPERATURE (F)   85        98      1994
 MINIMUM TEMPERATURE (F)   46        35      1947


SUNRISE AND SUNSET
AUGUST 13 2018........SUNRISE   551 AM PDT   SUNSET   800 PM PDT
AUGUST 14 2018........SUNRISE   552 AM PDT   SUNSET   759 PM PDT


-  INDICATES NEGATIVE NUMBERS.
R  INDICATES RECORD WAS SET OR TIED.
MM INDICATES DATA IS MISSING.
T  INDICATES TRACE AMOUNT.




$$
