000
CDUS45 KBOI 100123
CLIBKE

CLIMATE REPORT
NATIONAL WEATHER SERVICE BOISE ID
723 PM MDT SUN AUG 09 2020

...................................

...THE BAKER OR CLIMATE SUMMARY FOR AUGUST 9 2020...
VALID TODAY AS OF 0600 PM LOCAL TIME.

CLIMATE NORMAL PERIOD 1981 TO 2010
CLIMATE RECORD PERIOD 1928 TO 2020


WEATHER ITEM   OBSERVED TIME   RECORD YEAR NORMAL DEPARTURE LAST
                VALUE   (LST)  VALUE       VALUE  FROM      YEAR
                                                  NORMAL
...................................................................
TEMPERATURE (F)
 TODAY
  MAXIMUM         81    228 PM 108    2018  86     -5       91
  MINIMUM         49    507 AM  35    1944  46      3       53
  AVERAGE         65                        66     -1       72

PRECIPITATION (IN)
  TODAY            0.00          0.38 1968   0.02  -0.02      T
  MONTH TO DATE    0.02                      0.18  -0.16      T
  SINCE OCT 1      3.07                      9.05  -5.98     7.21
  SINCE JAN 1      2.63                      6.54  -3.91     6.08

DEGREE DAYS
 HEATING
  TODAY            0                         2     -2        0
  MONTH TO DATE    8                        13     -5        0
  SINCE JUN 1    190                       309   -119      194
  SINCE JUL 1     30                        83    -53       25

 COOLING
  TODAY            0                         3     -3        7
  MONTH TO DATE   30                        27      3       77
  SINCE JUN 1    203                       118     85      191
  SINCE JAN 1    222                       120    102      191
...................................................................


WIND (MPH)
  HIGHEST WIND SPEED    25   HIGHEST WIND DIRECTION    NW (330)
  HIGHEST GUST SPEED    29   HIGHEST GUST DIRECTION    NW (320)
  AVERAGE WIND SPEED    12.7


RELATIVE HUMIDITY (PERCENT)
 HIGHEST    71           500 AM
 LOWEST     21           100 PM
 AVERAGE    46

..........................................................


THE BAKER OR CLIMATE NORMALS FOR TOMORROW
                         NORMAL    RECORD    YEAR
 MAXIMUM TEMPERATURE (F)   86       109      2018
 MINIMUM TEMPERATURE (F)   46        35      2016


SUNRISE AND SUNSET
AUGUST  9 2020........SUNRISE   547 AM PDT   SUNSET   805 PM PDT
AUGUST 10 2020........SUNRISE   548 AM PDT   SUNSET   804 PM PDT


-  INDICATES NEGATIVE NUMBERS.
R  INDICATES RECORD WAS SET OR TIED.
MM INDICATES DATA IS MISSING.
T  INDICATES TRACE AMOUNT.




$$
