495
CDUS45 KBOI 190934
CLIBKE


CLIMATE REPORT
NATIONAL WEATHER SERVICE BOISE ID
334 AM MDT SAT OCT 19 2019

...................................

...THE BAKER OR CLIMATE SUMMARY FOR OCTOBER 18 2019...

CLIMATE NORMAL PERIOD 1981 TO 2010
CLIMATE RECORD PERIOD 1928 TO 2019


WEATHER ITEM   OBSERVED TIME   RECORD YEAR NORMAL DEPARTURE LAST
                VALUE   (LST)  VALUE       VALUE  FROM      YEAR
                                                  NORMAL
...................................................................
TEMPERATURE (F)
 YESTERDAY
  MAXIMUM         58    118 PM  81    2003  60     -2       73
  MINIMUM         35   1109 PM  14    1946  28      7       25
  AVERAGE         47                        44      3       49

PRECIPITATION (IN)
  YESTERDAY        T             0.46 1953   0.02  -0.02     0.00
  MONTH TO DATE    0.02                      0.33  -0.31     0.49
  SINCE OCT 1      0.02                      0.33  -0.31     0.49
  SINCE JAN 1      7.05                      7.95  -0.90     5.24

DEGREE DAYS
 HEATING
  YESTERDAY       18                        21     -3       16
  MONTH TO DATE  392                       327     65      341
  SINCE SEP 1    615                       618     -3      590
  SINCE JUL 1    655                       769   -114      649

 COOLING
  YESTERDAY        0                         0      0        0
  MONTH TO DATE    0                         0      0        0
  SINCE SEP 1     40                         9     31        6
  SINCE JAN 1    292                       169    123      335
...................................................................


WIND (MPH)
  HIGHEST WIND SPEED    12   HIGHEST WIND DIRECTION    NW (330)
  HIGHEST GUST SPEED    16   HIGHEST GUST DIRECTION    NW (320)
  AVERAGE WIND SPEED     3.7


SKY COVER
  AVERAGE SKY COVER 0.5


WEATHER CONDITIONS
THE FOLLOWING WEATHER WAS RECORDED YESTERDAY.
  LIGHT RAIN


RELATIVE HUMIDITY (PERCENT)
 HIGHEST    93           700 AM
 LOWEST     25           100 PM
 AVERAGE    59

..........................................................


THE BAKER OR CLIMATE NORMALS FOR TODAY
                         NORMAL    RECORD    YEAR
 MAXIMUM TEMPERATURE (F)   59        76      1974
 MINIMUM TEMPERATURE (F)   27        16      1948
                                             1995


SUNRISE AND SUNSET
OCTOBER 19 2019.......SUNRISE   712 AM PDT   SUNSET   600 PM PDT
OCTOBER 20 2019.......SUNRISE   713 AM PDT   SUNSET   558 PM PDT


-  INDICATES NEGATIVE NUMBERS.
R  INDICATES RECORD WAS SET OR TIED.
MM INDICATES DATA IS MISSING.
T  INDICATES TRACE AMOUNT.




$$
