000
CDUS46 KBOI 150931
CLIBKE


CLIMATE REPORT
NATIONAL WEATHER SERVICE BOISE ID
331 AM MDT MON OCT 15 2018


...................................

...THE BAKER OR CLIMATE SUMMARY FOR OCTOBER 14 2018...

CLIMATE NORMAL PERIOD 1981 TO 2010
CLIMATE RECORD PERIOD 1928 TO 2018


WEATHER ITEM   OBSERVED TIME   RECORD YEAR NORMAL DEPARTURE LAST
                VALUE   (LST)  VALUE       VALUE  FROM      YEAR
                                                  NORMAL
..................................................................
TEMPERATURE (F)
 YESTERDAY
  MAXIMUM         56    321 PM  83    1958  62     -6       56
  MINIMUM         21    531 AM  13    1969  28     -7       23
  AVERAGE         39                        45     -6       40

PRECIPITATION (IN)
  YESTERDAY        T             0.54 1980   0.02  -0.02     0.00
  MONTH TO DATE    0.49                      0.24   0.25     0.13
  SINCE OCT 1      0.49                      0.24   0.25     0.13
  SINCE JAN 1      5.24                      7.86  -2.62     5.87

DEGREE DAYS
 HEATING
  YESTERDAY       26                        20      6       25
  MONTH TO DATE  264                       244     20      295
  SINCE SEP 1    513                       535    -22      525
  SINCE JUL 1    572                       686   -114      537

 COOLING
  YESTERDAY        0                         0      0        0
  MONTH TO DATE    0                         0      0        0
  SINCE SEP 1      6                         9     -3       53
  SINCE JAN 1    335                       169    166      357
..................................................................


WIND (MPH)
  RESULTANT WIND SPEED   1   RESULTANT WIND DIRECTION   N (340)
  HIGHEST WIND SPEED     9   HIGHEST WIND DIRECTION     W (260)
  HIGHEST GUST SPEED    12   HIGHEST GUST DIRECTION    NW (310)
  AVERAGE WIND SPEED     2.7


SKY COVER
  AVERAGE SKY COVER 0.0


WEATHER CONDITIONS
 THE FOLLOWING WEATHER WAS RECORDED YESTERDAY.
  LIGHT SNOW
  FOG
  HAZE


RELATIVE HUMIDITY (PERCENT)
 HIGHEST    92           600 AM
 LOWEST     19           300 PM
 AVERAGE    56

..........................................................


THE BAKER OR CLIMATE NORMALS FOR TODAY
                         NORMAL    RECORD    YEAR
 MAXIMUM TEMPERATURE (F)   62        81      1961
 MINIMUM TEMPERATURE (F)   28        15      1969


SUNRISE AND SUNSET
OCTOBER 15 2018.......SUNRISE   707 AM PDT   SUNSET   606 PM PDT
OCTOBER 16 2018.......SUNRISE   708 AM PDT   SUNSET   605 PM PDT


-  INDICATES NEGATIVE NUMBERS.
R  INDICATES RECORD WAS SET OR TIED.
MM INDICATES DATA IS MISSING.
T  INDICATES TRACE AMOUNT.




$$
