000
CDUS45 KBOI 200121
CLIBKE

CLIMATE REPORT
NATIONAL WEATHER SERVICE BOISE ID
721 PM MDT SAT JUN 19 2021

...................................

...THE BAKER OR CLIMATE SUMMARY FOR JUNE 19 2021...
VALID TODAY AS OF 0600 PM LOCAL TIME.

CLIMATE NORMAL PERIOD 1991 TO 2020
CLIMATE RECORD PERIOD 1928 TO 2021


WEATHER ITEM   OBSERVED TIME   RECORD YEAR NORMAL DEPARTURE LAST
                VALUE   (LST)  VALUE       VALUE  FROM      YEAR
                                                  NORMAL
...................................................................
TEMPERATURE (F)
 TODAY
  MAXIMUM         85    311 PM  96    1959  78      7       83
  MINIMUM         49    405 AM  27    1996  45      4       41
  AVERAGE         67                        61      6       62

PRECIPITATION (IN)
  TODAY            0.00          1.57 2013   0.04  -0.04     0.00
  MONTH TO DATE    0.12                      0.78  -0.66     0.48
  SINCE OCT 1      2.72                      7.32  -4.60     3.02
  SINCE JAN 1      2.35                      5.12  -2.77     2.58

DEGREE DAYS
 HEATING
  TODAY            0                         5     -5        3
  MONTH TO DATE   86                       122    -36      139
  SINCE JUN 1     86                       122    -36      139
  SINCE JUL 1   6414                      6615   -201     6582

 COOLING
  TODAY            2                         1      1        0
  MONTH TO DATE   24                        12     12        5
  SINCE JUN 1     24                        12     12        5
  SINCE JAN 1     24                        17      7       24
...................................................................


WIND (MPH)
  HIGHEST WIND SPEED    26   HIGHEST WIND DIRECTION     N (360)
  HIGHEST GUST SPEED    35   HIGHEST GUST DIRECTION     N (360)
  AVERAGE WIND SPEED     9.0


RELATIVE HUMIDITY (PERCENT)
 HIGHEST    68           200 AM
 LOWEST     22           400 PM
 AVERAGE    45

..........................................................


THE BAKER OR CLIMATE NORMALS FOR TOMORROW
                         NORMAL    RECORD    YEAR
 MAXIMUM TEMPERATURE (F)   78        94      1955
 MINIMUM TEMPERATURE (F)   45        30      2012


SUNRISE AND SUNSET
JUNE 19 2021..........SUNRISE   505 AM PDT   SUNSET   841 PM PDT
JUNE 20 2021..........SUNRISE   505 AM PDT   SUNSET   841 PM PDT


-  INDICATES NEGATIVE NUMBERS.
R  INDICATES RECORD WAS SET OR TIED.
MM INDICATES DATA IS MISSING.
T  INDICATES TRACE AMOUNT.




$$
