000
CDUS41 KRLX 160729
CLIBKW


CLIMATE REPORT
NATIONAL WEATHER SERVICE CHARLESTON WV
329 AM EDT MON JUL 16 2018


...................................

...THE BECKLEY WV CLIMATE SUMMARY FOR JULY 15 2018...

CLIMATE NORMAL PERIOD 1981 TO 2010
CLIMATE RECORD PERIOD 1893 TO 2018


WEATHER ITEM   OBSERVED TIME   RECORD YEAR NORMAL DEPARTURE LAST
                VALUE   (LST)  VALUE       VALUE  FROM      YEAR
                                                  NORMAL
..................................................................
TEMPERATURE (F)
 YESTERDAY
  MAXIMUM         83    137 PM  94    1936  80      3       80
  MINIMUM         67    808 PM  46    1926  62      5       61
                                      1911
  AVERAGE         75                        71      4       71

PRECIPITATION (IN)
  YESTERDAY        0.45          2.95 1994   0.17   0.28     0.00
  MONTH TO DATE    1.35                      2.36  -1.01     1.47
  SINCE JAN 1     27.98                     23.52   4.46    29.30

DEGREE DAYS
 HEATING
  YESTERDAY        0                         0      0        0
  MONTH TO DATE    0                         0      0        0
  SINCE JUN 1      6                        39    -33       38
  SINCE JUL 1      0                         0      0        0

 COOLING
  YESTERDAY       10                         6      4        6
  MONTH TO DATE  126                        90     36      109
  SINCE JUN 1    279                       201     78      210
  SINCE JAN 1    415                       242    173      275
..................................................................


WIND (MPH)
  HIGHEST WIND SPEED    14   HIGHEST WIND DIRECTION    NE (30)
  HIGHEST GUST SPEED    17   HIGHEST GUST DIRECTION     W (270)
  AVERAGE WIND SPEED     4.6


SKY COVER
  POSSIBLE SUNSHINE  MM
  AVERAGE SKY COVER 0.4


WEATHER CONDITIONS
 THE FOLLOWING WEATHER WAS RECORDED YESTERDAY.
  HEAVY RAIN
  RAIN
  LIGHT RAIN
  FOG


RELATIVE HUMIDITY (PERCENT)
 HIGHEST    90          1100 PM
 LOWEST     58          1200 PM
 AVERAGE    74

..........................................................


THE BECKLEY WV CLIMATE NORMALS FOR TODAY
                         NORMAL    RECORD    YEAR
 MAXIMUM TEMPERATURE (F)   80        96      1912
 MINIMUM TEMPERATURE (F)   62        42      1939


SUNRISE AND SUNSET
JULY 16 2018..........SUNRISE   615 AM EDT   SUNSET   845 PM EDT
JULY 17 2018..........SUNRISE   616 AM EDT   SUNSET   845 PM EDT


-  INDICATES NEGATIVE NUMBERS.
R  INDICATES RECORD WAS SET OR TIED.
MM INDICATES DATA IS MISSING.
T  INDICATES TRACE AMOUNT.




$$
