000
CDUS41 KRLX 220716
CLIBKW


CLIMATE REPORT
NATIONAL WEATHER SERVICE CHARLESTON WV
315 AM EDT SUN APR 22 2018


...................................

...THE BECKLEY WV CLIMATE SUMMARY FOR APRIL 21 2018...

CLIMATE NORMAL PERIOD 1981 TO 2010
CLIMATE RECORD PERIOD 1963 TO 2018


WEATHER ITEM   OBSERVED TIME   RECORD YEAR NORMAL DEPARTURE LAST
                VALUE   (LST)  VALUE       VALUE  FROM      YEAR
                                                  NORMAL
..................................................................
TEMPERATURE (F)
 YESTERDAY
  MAXIMUM         68    408 PM  83    1985  65      3       75
                                      1963
  MINIMUM         30    417 AM  19    1956  43    -13       58
  AVERAGE         49                        54     -5       67

PRECIPITATION (IN)
  YESTERDAY        0.00          6.00 1927   0.11  -0.11     0.39
  MONTH TO DATE    3.45                      2.29   1.16     2.40
  SINCE JAN 1     16.69                     11.43   5.26    12.94

SNOWFALL (IN)
  YESTERDAY        0.0           4.0  1901   0.1   -0.1      0.0
  MONTH TO DATE    3.5                       2.8    0.7      1.8
  SINCE SEP 1     54.5                      61.8   -7.3     26.0
  SNOW DEPTH       0

DEGREE DAYS
 HEATING
  YESTERDAY       16                        11      5        0
  MONTH TO DATE  371                       303     68      168
  SINCE MAR 1   1228                      1015    213      862
  SINCE JUL 1   4918                      5016    -98     3996

 COOLING
  YESTERDAY        0                         0      0        2
  MONTH TO DATE   10                         0     10        9
  SINCE MAR 1     11                         1     10        9
  SINCE JAN 1     12                         1     11        9
..................................................................


WIND (MPH)
  HIGHEST WIND SPEED    17   HIGHEST WIND DIRECTION    SE (150)
  HIGHEST GUST SPEED    23   HIGHEST GUST DIRECTION     S (160)
  AVERAGE WIND SPEED     4.0


SKY COVER
  POSSIBLE SUNSHINE  MM
  AVERAGE SKY COVER 0.0


WEATHER CONDITIONS
 THE FOLLOWING WEATHER WAS RECORDED YESTERDAY.
  NO SIGNIFICANT WEATHER WAS OBSERVED.


RELATIVE HUMIDITY (PERCENT)
 HIGHEST    63           500 AM
 LOWEST     18           300 PM
 AVERAGE    41

..........................................................


THE BECKLEY WV CLIMATE NORMALS FOR TODAY
                         NORMAL    RECORD    YEAR
 MAXIMUM TEMPERATURE (F)   65        85      1915
 MINIMUM TEMPERATURE (F)   43        24      1953


SUNRISE AND SUNSET
APRIL 22 2018.........SUNRISE   640 AM EDT   SUNSET   807 PM EDT
APRIL 23 2018.........SUNRISE   639 AM EDT   SUNSET   808 PM EDT


-  INDICATES NEGATIVE NUMBERS.
R  INDICATES RECORD WAS SET OR TIED.
MM INDICATES DATA IS MISSING.
T  INDICATES TRACE AMOUNT.




$$
