000
CDUS41 KRLX 252129
CLIBKW

CLIMATE REPORT
NATIONAL WEATHER SERVICE CHARLESTON WV
529 PM EDT SUN OCT 25 2020

...................................

...THE BECKLEY WV CLIMATE SUMMARY FOR OCTOBER 25 2020...
VALID TODAY AS OF 0500 PM LOCAL TIME.

CLIMATE NORMAL PERIOD: 1981 TO 2010
CLIMATE RECORD PERIOD: 1893 TO 2020


WEATHER ITEM   OBSERVED TIME   RECORD YEAR NORMAL DEPARTURE LAST
                VALUE   (LST)  VALUE       VALUE  FROM      YEAR
                                                  NORMAL
...................................................................
TEMPERATURE (F)
 TODAY
  MAXIMUM         61   2:33 PM  79    1919  61      0       64
                                      1939
  MINIMUM         49   3:41 AM  15    1907  41      8       43
  AVERAGE         55                        51      4       54

PRECIPITATION (IN)
  TODAY            0.20          1.66 1917   0.08   0.12     0.02
  MONTH TO DATE    1.20                      2.03  -0.83     4.78
  SINCE SEP 1      3.45                      5.04  -1.59     4.88
  SINCE JAN 1     44.85                     34.70  10.15    36.60

DEGREE DAYS
 HEATING
  TODAY           10                        14     -4       11
  MONTH TO DATE  203                       281    -78      211
  SINCE SEP 1    316                       394    -78      212
  SINCE JUL 1    316                       415    -99      221

 COOLING
  TODAY            0                         0      0        0
  MONTH TO DATE    3                         2      1       40
  SINCE SEP 1     78                        59     19      254
  SINCE JAN 1    797                       552    245      948
...................................................................


WIND (MPH)
  HIGHEST WIND SPEED    15   HIGHEST WIND DIRECTION    SE (140)
  HIGHEST GUST SPEED    20   HIGHEST GUST DIRECTION    SE (140)
  AVERAGE WIND SPEED     6.4


SKY COVER
  AVERAGE SKY COVER 1.0


WEATHER CONDITIONS
THE FOLLOWING WEATHER WAS RECORDED TODAY.
  RAIN
  LIGHT RAIN
  FOG
  FOG W/VISIBILITY <= 1/4 MILE


RELATIVE HUMIDITY (PERCENT)
 HIGHEST   100
 LOWEST     86
 AVERAGE    93

..........................................................


THE BECKLEY WV CLIMATE NORMALS FOR TOMORROW
                         NORMAL    RECORD    YEAR
 MAXIMUM TEMPERATURE (F)   61        81      1919
 MINIMUM TEMPERATURE (F)   40        18      1930
                                             1962


SUNRISE AND SUNSET
OCTOBER 25 2020.......SUNRISE   7:43 AM EDT   SUNSET   6:33 PM EDT
OCTOBER 26 2020.......SUNRISE   7:44 AM EDT   SUNSET   6:32 PM EDT


-  INDICATES NEGATIVE NUMBERS.
R  INDICATES RECORD WAS SET OR TIED.
MM INDICATES DATA IS MISSING.
T  INDICATES TRACE AMOUNT.




$$
