000
CDUS41 KRLX 161411
CLIBKW


CLIMATE REPORT
NATIONAL WEATHER SERVICE CHARLESTON WV
911 AM EST WED JAN 16 2019


...................................

...THE BECKLEY WV CLIMATE SUMMARY FOR JANUARY 15 2019...

CLIMATE NORMAL PERIOD 1981 TO 2010
CLIMATE RECORD PERIOD 1893 TO 2019


WEATHER ITEM   OBSERVED TIME   RECORD YEAR NORMAL DEPARTURE LAST
                VALUE   (LST)  VALUE       VALUE  FROM      YEAR
                                                  NORMAL
..................................................................
TEMPERATURE (F)
 YESTERDAY
  MAXIMUM         28   1117 PM  71    1932  39    -11       35
  MINIMUM         25   1037 AM  -9    1994  23      2       14
  AVERAGE         27                        31     -4       25

PRECIPITATION (IN)
  YESTERDAY        0.01          1.11 1995   0.09  -0.08     0.00
  MONTH TO DATE    1.18                      1.37  -0.19     1.50
  SINCE JAN 1      1.18                      1.37  -0.19     1.50

SNOWFALL (IN)
  YESTERDAY       MM             4.5  1999   0.6   MM        0.0
  MONTH TO DATE    2.1                       8.2   -6.1      4.2
  SINCE SEP 1     22.8                      24.1   -1.3     14.2
  SNOW DEPTH       0

DEGREE DAYS
 HEATING
  YESTERDAY       38                        34      4       40
  MONTH TO DATE  436                       510    -74      622
  SINCE DEC 1   1273                      1463   -190     1618
  SINCE JUL 1   2405                      2603   -198     2601

 COOLING
  YESTERDAY        0                         0      0        0
  MONTH TO DATE    0                         0      0        0
  SINCE DEC 1      0                         0      0        0
  SINCE JAN 1      0                         0      0        0
..................................................................


WIND (MPH)
  HIGHEST WIND SPEED    12   HIGHEST WIND DIRECTION    SW (230)
  HIGHEST GUST SPEED    18   HIGHEST GUST DIRECTION    SW (240)
  AVERAGE WIND SPEED     6.6


SKY COVER
  POSSIBLE SUNSHINE  MM
  AVERAGE SKY COVER 1.0


WEATHER CONDITIONS
 THE FOLLOWING WEATHER WAS RECORDED YESTERDAY.
  LIGHT SNOW
  FOG
  FOG W/VISIBILITY <= 1/4 MILE


RELATIVE HUMIDITY (PERCENT)
 HIGHEST   100          1200 AM
 LOWEST     92           400 AM
 AVERAGE    96

..........................................................


THE BECKLEY WV CLIMATE NORMALS FOR TODAY
                         NORMAL    RECORD    YEAR
 MAXIMUM TEMPERATURE (F)   39        69      1932
 MINIMUM TEMPERATURE (F)   23       -15      1972


SUNRISE AND SUNSET
JANUARY 16 2019.......SUNRISE   738 AM EST   SUNSET   530 PM EST
JANUARY 17 2019.......SUNRISE   738 AM EST   SUNSET   531 PM EST


-  INDICATES NEGATIVE NUMBERS.
R  INDICATES RECORD WAS SET OR TIED.
MM INDICATES DATA IS MISSING.
T  INDICATES TRACE AMOUNT.




$$
