000
CDUS41 KRLX 300722
CLIBKW


CLIMATE REPORT
NATIONAL WEATHER SERVICE CHARLESTON WV
321 AM EDT MON MAR 30 2020


...................................

...THE BECKLEY WV CLIMATE SUMMARY FOR MARCH 29 2020...

CLIMATE NORMAL PERIOD 1981 TO 2010
CLIMATE RECORD PERIOD 1893 TO 2020


WEATHER ITEM   OBSERVED TIME   RECORD YEAR NORMAL DEPARTURE LAST
                VALUE   (LST)  VALUE       VALUE  FROM      YEAR
                                                  NORMAL
..................................................................
TEMPERATURE (F)
 YESTERDAY
  MAXIMUM         75    427 PM  82    1910  57     18       65
                                      1907
  MINIMUM         59   1150 PM  10    1923  36     23       49
  AVERAGE         67                        46     21       57

PRECIPITATION (IN)
  YESTERDAY        0.07          1.10 1975   0.12  -0.05     0.00
  MONTH TO DATE    4.43                      3.34   1.09     2.41
  SINCE JAN 1     13.37                      8.91   4.46    11.97

SNOWFALL (IN)
  YESTERDAY        0.0           3.1  1994   0.2   -0.2      0.0
  MONTH TO DATE    1.8                       8.2   -6.4      8.2
  SINCE SEP 1     26.2                      58.7  -32.5     40.3
  SNOW DEPTH       0

DEGREE DAYS
 HEATING
  YESTERDAY        0                        19    -19        8
  MONTH TO DATE  474                       674   -200      724
  SINCE MAR 1    474                       674   -200      724
  SINCE JUL 1   3882                      4675   -793     4397

 COOLING
  YESTERDAY        2                         0      2        0
  MONTH TO DATE   14                         0     14        0
  SINCE MAR 1     14                         0     14        0
  SINCE JAN 1     14                         0     14        0
..................................................................


WIND (MPH)
  HIGHEST WIND SPEED    30   HIGHEST WIND DIRECTION     W (260)
  HIGHEST GUST SPEED    43   HIGHEST GUST DIRECTION    SW (240)
  AVERAGE WIND SPEED    15.6


SKY COVER
  POSSIBLE SUNSHINE  MM
  AVERAGE SKY COVER 0.2


WEATHER CONDITIONS
 THE FOLLOWING WEATHER WAS RECORDED YESTERDAY.
  LIGHT RAIN
  FOG


RELATIVE HUMIDITY (PERCENT)
 HIGHEST    84           800 AM
 LOWEST     17           500 PM
 AVERAGE    51

..........................................................


THE BECKLEY WV CLIMATE NORMALS FOR TODAY
                         NORMAL    RECORD    YEAR
 MAXIMUM TEMPERATURE (F)   57        81      1998
 MINIMUM TEMPERATURE (F)   36        11      1964


SUNRISE AND SUNSET
MARCH 30 2020.........SUNRISE   712 AM EDT   SUNSET   746 PM EDT
MARCH 31 2020.........SUNRISE   711 AM EDT   SUNSET   747 PM EDT


-  INDICATES NEGATIVE NUMBERS.
R  INDICATES RECORD WAS SET OR TIED.
MM INDICATES DATA IS MISSING.
T  INDICATES TRACE AMOUNT.




$$
