000
CDUS41 KRLX 170717
CLIBKW


CLIMATE REPORT
NATIONAL WEATHER SERVICE CHARLESTON WV
317 AM EDT WED OCT 17 2018


...................................

...THE BECKLEY WV CLIMATE SUMMARY FOR OCTOBER 16 2018...

CLIMATE NORMAL PERIOD 1981 TO 2010
CLIMATE RECORD PERIOD 1893 TO 2018


WEATHER ITEM   OBSERVED TIME   RECORD YEAR NORMAL DEPARTURE LAST
                VALUE   (LST)  VALUE       VALUE  FROM      YEAR
                                                  NORMAL
..................................................................
TEMPERATURE (F)
 YESTERDAY
  MAXIMUM         51   1100 PM  82    1908  63    -12       54
  MINIMUM         45    845 AM  21    1907  43      2       38
  AVERAGE         48                        53     -5       46

PRECIPITATION (IN)
  YESTERDAY        T             3.37 1954   0.08  -0.08     0.02
  MONTH TO DATE    1.91                      1.30   0.61     1.76
  SINCE JAN 1     46.75                     33.97  12.78    36.95

SNOWFALL (IN)
  YESTERDAY        0.0           T    1977   0.0    0.0      0.0
  MONTH TO DATE    0.0                       0.0    0.0      0.0
  SINCE SEP 1      0.0                       0.0    0.0      0.0
  SNOW DEPTH       0

DEGREE DAYS
 HEATING
  YESTERDAY       17                        12      5       19
  MONTH TO DATE   83                       161    -78       41
  SINCE SEP 1     92                       274   -182      139
  SINCE JUL 1     97                       295   -198      156

 COOLING
  YESTERDAY        0                         0      0        0
  MONTH TO DATE   56                         2     54       33
  SINCE SEP 1    222                        59    163       81
  SINCE JAN 1    933                       552    381      594
..................................................................


WIND (MPH)
  HIGHEST WIND SPEED    14   HIGHEST WIND DIRECTION     N (340)
  HIGHEST GUST SPEED    16   HIGHEST GUST DIRECTION     N (340)
  AVERAGE WIND SPEED     4.3


SKY COVER
  POSSIBLE SUNSHINE  MM
  AVERAGE SKY COVER 1.0


WEATHER CONDITIONS
 THE FOLLOWING WEATHER WAS RECORDED YESTERDAY.
  LIGHT RAIN
  FOG
  FOG W/VISIBILITY <= 1/4 MILE


RELATIVE HUMIDITY (PERCENT)
 HIGHEST    93          1200 AM
 LOWEST     86           100 AM
 AVERAGE    90

..........................................................


THE BECKLEY WV CLIMATE NORMALS FOR TODAY
                         NORMAL    RECORD    YEAR
 MAXIMUM TEMPERATURE (F)   63        84      1938
 MINIMUM TEMPERATURE (F)   43        22      1952
                                             1907


SUNRISE AND SUNSET
OCTOBER 17 2018.......SUNRISE   735 AM EDT   SUNSET   644 PM EDT
OCTOBER 18 2018.......SUNRISE   736 AM EDT   SUNSET   643 PM EDT


-  INDICATES NEGATIVE NUMBERS.
R  INDICATES RECORD WAS SET OR TIED.
MM INDICATES DATA IS MISSING.
T  INDICATES TRACE AMOUNT.




$$
