000
CDUS41 KRNK 070627
CLIBLF

CLIMATE REPORT
NATIONAL WEATHER SERVICE BLACKSBURG, VA
227 AM EDT FRI MAY 07 2021

...................................

...THE BLUEFIELD WV CLIMATE SUMMARY FOR MAY 6 2021...

CLIMATE NORMAL PERIOD: 1991 TO 2020
CLIMATE RECORD PERIOD: 1909 TO 2021


WEATHER ITEM   OBSERVED TIME   RECORD YEAR NORMAL DEPARTURE LAST
                VALUE   (LST)  VALUE       VALUE  FROM      YEAR
                                                  NORMAL
...................................................................
TEMPERATURE (F)
 YESTERDAY
  MAXIMUM         57   5:37 PM  87    1949  68    -11       48
  MINIMUM         36   5:12 AM  29    1957  49    -13       34
  AVERAGE         47                        58    -11       41

PRECIPITATION (IN)
  YESTERDAY        0.00          1.69 1971   0.15  -0.15     0.01
  MONTH TO DATE    0.85                      0.87  -0.02     1.39
  SINCE MAR 1      7.33                      8.35  -1.02    13.52
  SINCE JAN 1     15.46                     14.28   1.18    20.88

SNOWFALL (IN)
  YESTERDAY        0.0                                       0.0
  MONTH TO DATE    0.0                                       0.0
  SINCE MAR 1      T                                         3.1
  SINCE JUL 1     45.1                                      15.7
  SNOW DEPTH       0

DEGREE DAYS
 HEATING
  YESTERDAY       18                         8     10       24
  MONTH TO DATE   44                        48     -4       77
  SINCE MAR 1   1040                      1136    -96     1100
  SINCE JUL 1   4850                      5044   -194     4579

 COOLING
  YESTERDAY        0                         1     -1        0
  MONTH TO DATE    3                         6     -3        3
  SINCE MAR 1      9                        17     -8       11
  SINCE JAN 1      9                        17     -8       11
...................................................................


WIND (MPH)
  RESULTANT WIND SPEED   2   RESULTANT WIND DIRECTION   N (340)
  HIGHEST WIND SPEED    14   HIGHEST WIND DIRECTION     W (280)
  HIGHEST GUST SPEED    17   HIGHEST GUST DIRECTION    NW (310)
  AVERAGE WIND SPEED     5.1


SKY COVER
  AVERAGE SKY COVER 0.3


WEATHER CONDITIONS
THE FOLLOWING WEATHER WAS RECORDED YESTERDAY.
  NO SIGNIFICANT WEATHER WAS OBSERVED.


RELATIVE HUMIDITY (PERCENT)
 HIGHEST    86          12:00 AM
 LOWEST     35           6:00 PM
 AVERAGE    61

..........................................................


THE BLUEFIELD WV CLIMATE NORMALS FOR TODAY
                         NORMAL    RECORD    YEAR
 MAXIMUM TEMPERATURE (F)   68        86      1949
                                             2014
 MINIMUM TEMPERATURE (F)   49        28      1989


SUNRISE AND SUNSET
MAY  7 2021...........SUNRISE   6:23 AM EDT   SUNSET   8:20 PM EDT
MAY  8 2021...........SUNRISE   6:22 AM EDT   SUNSET   8:21 PM EDT


-  INDICATES NEGATIVE NUMBERS.
R  INDICATES RECORD WAS SET OR TIED.
MM INDICATES DATA IS MISSING.
T  INDICATES TRACE AMOUNT.




$$
