000
CDUS41 KRNK 132209
CLIBLF


CLIMATE REPORT
NATIONAL WEATHER SERVICE BLACKSBURG VA
508 PM EST THU DEC 13 2018


...................................

...THE BLUEFIELD WV CLIMATE SUMMARY FOR DECEMBER 13 2018...
VALID TODAY AS OF 0500 PM LOCAL TIME.

CLIMATE NORMAL PERIOD 1981 TO 2010
CLIMATE RECORD PERIOD 1909 TO 2018


WEATHER ITEM   OBSERVED TIME   RECORD YEAR NORMAL DEPARTURE LAST
                VALUE   (LST)  VALUE       VALUE  FROM      YEAR
                                                  NORMAL
..................................................................
TEMPERATURE (F)
 TODAY
  MAXIMUM         48    259 PM  70    1923  45      3       37
  MINIMUM         38    855 AM  -9    1962  30      8       11
  AVERAGE         43                        38      5       24

PRECIPITATION (IN)
  TODAY            0.00          1.05 1941   0.10  -0.10      T
  MONTH TO DATE    0.90                      1.28  -0.38     0.24
  SINCE DEC 1      0.90                      1.28  -0.38     0.24
  SINCE JAN 1     47.36                     38.00   9.36    39.57

SNOWFALL (IN)
  TODAY            0.0                                        T
  MONTH TO DATE   16.6                                       2.7
  SINCE DEC 1     16.6                                       2.7
  SINCE JUL 1     19.5                                       3.0
  SNOW DEPTH      MM

DEGREE DAYS
 HEATING
  TODAY           22                        27     -5       41
  MONTH TO DATE  403                       333     70      375
  SINCE DEC 1    403                       333     70      375
  SINCE JUL 1   1577                      1236    341     1402

 COOLING
  TODAY            0                         0      0        0
  MONTH TO DATE    0                         0      0        0
  SINCE DEC 1      0                         0      0        0
  SINCE JAN 1    749                       853   -104      488
..................................................................


WIND (MPH)
  HIGHEST WIND SPEED    16   HIGHEST WIND DIRECTION     W (260)
  HIGHEST GUST SPEED    23   HIGHEST GUST DIRECTION    SW (240)
  AVERAGE WIND SPEED     7.6


SKY COVER
  AVERAGE SKY COVER 0.9


WEATHER CONDITIONS
 THE FOLLOWING WEATHER WAS RECORDED TODAY.
  NO SIGNIFICANT WEATHER WAS OBSERVED.


RELATIVE HUMIDITY (PERCENT)
 HIGHEST    54          1200 AM
 LOWEST     37           200 PM
 AVERAGE    46

..........................................................


THE BLUEFIELD WV CLIMATE NORMALS FOR TOMORROW
                         NORMAL    RECORD    YEAR
 MAXIMUM TEMPERATURE (F)   45        68      1984
 MINIMUM TEMPERATURE (F)   30        -3      1898


SUNRISE AND SUNSET
DECEMBER 13 2018......SUNRISE   730 AM EST   SUNSET   508 PM EST
DECEMBER 14 2018......SUNRISE   731 AM EST   SUNSET   508 PM EST


-  INDICATES NEGATIVE NUMBERS.
R  INDICATES RECORD WAS SET OR TIED.
MM INDICATES DATA IS MISSING.
T  INDICATES TRACE AMOUNT.

REMARKS:
DUE TO MISSING RAINFALL DATA ON JUNE 21-25, ALL PRECIPITATION
INFORMATION WILL BE CALCULATED WITHOUT DATA FROM THESE DATES.


$$
