000
CDUS41 KRNK 210909
CLIBLF


CLIMATE REPORT
NATIONAL WEATHER SERVICE BLACKSBURG VA
508 AM EDT FRI SEP 21 2018


...................................

...THE BLUEFIELD WV CLIMATE SUMMARY FOR SEPTEMBER 20 2018...

CLIMATE NORMAL PERIOD 1981 TO 2010
CLIMATE RECORD PERIOD 1909 TO 2018


WEATHER ITEM   OBSERVED TIME   RECORD YEAR NORMAL DEPARTURE LAST
                VALUE   (LST)  VALUE       VALUE  FROM      YEAR
                                                  NORMAL
..................................................................
TEMPERATURE (F)
 YESTERDAY
  MAXIMUM         82    400 PM  89    1895  73      9       77
  MINIMUM         60    703 AM  33    1916  56      4       60
  AVERAGE         71                        64      7       69

PRECIPITATION (IN)
  YESTERDAY        0.00          2.14 1954   0.11  -0.11     0.00
  MONTH TO DATE    6.96                      2.08   4.88     0.84
  SINCE SEP 1      6.96                      2.08   4.88     0.84
  SINCE JAN 1     35.77                     30.47   5.30    32.90

SNOWFALL (IN)
  YESTERDAY        0.0                                       0.0
  MONTH TO DATE    0.0                                       0.0
  SINCE SEP 1      0.0                                       0.0
  SINCE JUL 1      0.0                                       0.0
  SNOW DEPTH       0

DEGREE DAYS
 HEATING
  YESTERDAY        0                         3     -3        0
  MONTH TO DATE    1                        29    -28      102
  SINCE SEP 1      1                        29    -28      102
  SINCE JUL 1     10                        35    -25      128

 COOLING
  YESTERDAY        6                         3      3        4
  MONTH TO DATE  112                        81     31       10
  SINCE SEP 1    112                        81     31       10
  SINCE JAN 1    691                       815   -124      434
..................................................................


WIND (MPH)
  HIGHEST WIND SPEED     9   HIGHEST WIND DIRECTION     W (260)
  HIGHEST GUST SPEED    12   HIGHEST GUST DIRECTION     S (180)
  AVERAGE WIND SPEED     1.8


SKY COVER
  AVERAGE SKY COVER 0.1


WEATHER CONDITIONS
 THE FOLLOWING WEATHER WAS RECORDED YESTERDAY.
  FOG
  FOG W/VISIBILITY <= 1/4 MILE


RELATIVE HUMIDITY (PERCENT)
 HIGHEST   100           300 AM
 LOWEST     47           300 PM
 AVERAGE    74

..........................................................


THE BLUEFIELD WV CLIMATE NORMALS FOR TODAY
                         NORMAL    RECORD    YEAR
 MAXIMUM TEMPERATURE (F)   73        93      1895
 MINIMUM TEMPERATURE (F)   55        29      1956


SUNRISE AND SUNSET
SEPTEMBER 21 2018.....SUNRISE   712 AM EDT   SUNSET   723 PM EDT
SEPTEMBER 22 2018.....SUNRISE   713 AM EDT   SUNSET   722 PM EDT


-  INDICATES NEGATIVE NUMBERS.
R  INDICATES RECORD WAS SET OR TIED.
MM INDICATES DATA IS MISSING.
T  INDICATES TRACE AMOUNT.

REMARKS:
DUE TO MISSING RAINFALL DATA ON JUNE 21-25, ALL PRECIPITATION
INFORMATION WILL BE CALCULATED WITHOUT DATA FROM THESE DATES.


$$
