000
CDUS41 KRNK 172118
CLIBLF


CLIMATE REPORT
NATIONAL WEATHER SERVICE BLACKSBURG VA
516 PM EDT THU OCT 17 2019


...................................

...THE BLUEFIELD WV CLIMATE SUMMARY FOR OCTOBER 17 2019...
VALID TODAY AS OF 0500 PM LOCAL TIME.

CLIMATE NORMAL PERIOD 1981 TO 2010
CLIMATE RECORD PERIOD 1909 TO 2019


WEATHER ITEM   OBSERVED TIME   RECORD YEAR NORMAL DEPARTURE LAST
                VALUE   (LST)  VALUE       VALUE  FROM      YEAR
                                                  NORMAL
..................................................................
TEMPERATURE (F)
 TODAY
  MAXIMUM         50    333 PM  83    1918  65    -15       56
  MINIMUM         37    827 AM  30    1977  47    -10       41
                                      1970
                                      1955
  AVERAGE         44                        56    -12       49

PRECIPITATION (IN)
  TODAY            0.00          2.05 1911   0.07  -0.07     0.00
  MONTH TO DATE    2.55                      1.39   1.16     1.99
  SINCE SEP 1      3.62                      4.53  -0.91    12.24
  SINCE JAN 1     31.08                     32.92  -1.84    41.05

SNOWFALL (IN)
  TODAY            0.0                                       0.0
  MONTH TO DATE    0.0                                       0.0
  SINCE SEP 1      0.0                                       0.0
  SINCE JUL 1      0.0                                       0.0
  SNOW DEPTH       0

DEGREE DAYS
 HEATING
  TODAY           21                         9     12       16
  MONTH TO DATE  122                       129     -7       92
  SINCE SEP 1    129                       202    -73      107
  SINCE JUL 1    150                       208    -58      116

 COOLING
  TODAY            0                         0      0        0
  MONTH TO DATE   32                        16     16       41
  SINCE SEP 1    214                       114    100      170
  SINCE JAN 1    748                       848   -100      749
..................................................................


WIND (MPH)
  HIGHEST WIND SPEED    20   HIGHEST WIND DIRECTION     W (290)
  HIGHEST GUST SPEED    32   HIGHEST GUST DIRECTION     W (290)
  AVERAGE WIND SPEED    13.1


SKY COVER
  AVERAGE SKY COVER 0.8


WEATHER CONDITIONS
 THE FOLLOWING WEATHER WAS RECORDED TODAY.
  NO SIGNIFICANT WEATHER WAS OBSERVED.


RELATIVE HUMIDITY (PERCENT)
 HIGHEST    92          1200 AM
 LOWEST     50           400 PM
 AVERAGE    71

..........................................................


THE BLUEFIELD WV CLIMATE NORMALS FOR TOMORROW
                         NORMAL    RECORD    YEAR
 MAXIMUM TEMPERATURE (F)   65        86      1938
 MINIMUM TEMPERATURE (F)   47        27      1976


SUNRISE AND SUNSET
OCTOBER 17 2019.......SUNRISE   734 AM EDT   SUNSET   645 PM EDT
OCTOBER 18 2019.......SUNRISE   735 AM EDT   SUNSET   644 PM EDT


-  INDICATES NEGATIVE NUMBERS.
R  INDICATES RECORD WAS SET OR TIED.
MM INDICATES DATA IS MISSING.
T  INDICATES TRACE AMOUNT.

REMARKS:
DUE TO MISSING TEMPERATURES ON MAY 10 AND JULY 11-12, ALL
TEMPERATURE AND COOLING DEGREE DAY INFORMATION WILL BE CALCULATED
WITHOUT DATA FROM THESE DATES.


$$
