000
CDUS41 KRNK 190739
CLIBLF


CLIMATE REPORT
NATIONAL WEATHER SERVICE BLACKSBURG VA
338 AM EDT TUE JUN 19 2018


...................................

...THE BLUEFIELD WV CLIMATE SUMMARY FOR JUNE 18 2018...

CLIMATE NORMAL PERIOD 1981 TO 2010
CLIMATE RECORD PERIOD 1909 TO 2018


WEATHER ITEM   OBSERVED TIME   RECORD YEAR NORMAL DEPARTURE LAST
                VALUE   (LST)  VALUE       VALUE  FROM      YEAR
                                                  NORMAL
..................................................................
TEMPERATURE (F)
 YESTERDAY
  MAXIMUM         85    407 PM  92    1944  79      6       82
  MINIMUM         66    531 AM  36    1959  62      4       64
  AVERAGE         76                        71      5       73

PRECIPITATION (IN)
  YESTERDAY        0.00          1.12 1934   0.14  -0.14     0.01
  MONTH TO DATE    1.00                      2.55  -1.55     3.29
  SINCE JUN 1      1.00                      2.55  -1.55     3.29
  SINCE JAN 1     21.18                     19.37   1.81    24.09

SNOWFALL (IN)
  YESTERDAY        0.0                                       0.0
  MONTH TO DATE    0.0                                       0.0
  SINCE JUN 1      0.0                                       0.0
  SINCE JUL 1     48.5                                      20.5
  SNOW DEPTH       0

DEGREE DAYS
 HEATING
  YESTERDAY        0                         0      0        0
  MONTH TO DATE   10                        21    -11       31
  SINCE JUN 1     10                        21    -11       31
  SINCE JUL 1   5131                      4587    544     4292

 COOLING
  YESTERDAY       11                         6      5        8
  MONTH TO DATE   66                        84    -18       44
  SINCE JUN 1     66                        84    -18       44
  SINCE JAN 1    161                       175    -14       96
..................................................................


WIND (MPH)
  HIGHEST WIND SPEED    12   HIGHEST WIND DIRECTION    NW (310)
  HIGHEST GUST SPEED    16   HIGHEST GUST DIRECTION    NW (320)
  AVERAGE WIND SPEED     6.1


SKY COVER
  AVERAGE SKY COVER 0.1


WEATHER CONDITIONS
 THE FOLLOWING WEATHER WAS RECORDED YESTERDAY.
  NO SIGNIFICANT WEATHER WAS OBSERVED.


RELATIVE HUMIDITY (PERCENT)
 HIGHEST    93           500 AM
 LOWEST     51           300 PM
 AVERAGE    72

..........................................................


THE BLUEFIELD WV CLIMATE NORMALS FOR TODAY
                         NORMAL    RECORD    YEAR
 MAXIMUM TEMPERATURE (F)   79        91      1905
 MINIMUM TEMPERATURE (F)   62        38      1959


SUNRISE AND SUNSET
JUNE 19 2018..........SUNRISE   604 AM EDT   SUNSET   848 PM EDT
JUNE 20 2018..........SUNRISE   604 AM EDT   SUNSET   848 PM EDT


-  INDICATES NEGATIVE NUMBERS.
R  INDICATES RECORD WAS SET OR TIED.
MM INDICATES DATA IS MISSING.
T  INDICATES TRACE AMOUNT.




$$
