000
CDUS41 KRNK 230823
CLIBLF


CLIMATE REPORT
NATIONAL WEATHER SERVICE BLACKSBURG VA
317 AM EST FRI FEB 23 2018


...................................

...THE BLUEFIELD WV CLIMATE SUMMARY FOR FEBRUARY 22 2018...

CLIMATE NORMAL PERIOD 1981 TO 2010
CLIMATE RECORD PERIOD 1959 TO 2018


WEATHER ITEM   OBSERVED TIME   RECORD YEAR NORMAL DEPARTURE LAST
                VALUE   (LST)  VALUE       VALUE  FROM      YEAR
                                                  NORMAL
..................................................................
TEMPERATURE (F)
 YESTERDAY
  MAXIMUM         74R   126 PM  67    1992  47     27       54
  MINIMUM         58   1109 PM  -8    1963  30     28       44
  AVERAGE         66                        39     27       49

PRECIPITATION (IN)
  YESTERDAY        0.00          1.49 2003   0.10  -0.10     0.29
  MONTH TO DATE    4.69                      2.14   2.55     0.99
  SINCE DEC 1      7.14                      7.95  -0.81     8.44
  SINCE JAN 1      6.18                      5.04   1.14     5.24

SNOWFALL (IN)
  YESTERDAY        0.0                                       0.0
  MONTH TO DATE    5.5                                       0.9
  SINCE DEC 1     14.4                                      17.2
  SINCE JUL 1     14.7                                      17.2
  SNOW DEPTH       0

DEGREE DAYS
 HEATING
  YESTERDAY        0                        26    -26       16
  MONTH TO DATE  498                       621   -123      514
  SINCE DEC 1   2625                      2438    187     2255
  SINCE JUL 1   3652                      3341    311     3031

 COOLING
  YESTERDAY        1                         0      1        0
  MONTH TO DATE    2                         0      2        0
  SINCE DEC 1      2                         0      2        0
  SINCE JAN 1      2                         0      2        0
..................................................................


WIND (MPH)
  HIGHEST WIND SPEED    28   HIGHEST WIND DIRECTION    SW (240)
  HIGHEST GUST SPEED    36   HIGHEST GUST DIRECTION     W (250)
  AVERAGE WIND SPEED     7.5


SKY COVER
  AVERAGE SKY COVER 0.1


WEATHER CONDITIONS
 THE FOLLOWING WEATHER WAS RECORDED YESTERDAY.
  NO SIGNIFICANT WEATHER WAS OBSERVED.


RELATIVE HUMIDITY (PERCENT)
 HIGHEST    84          1100 PM
 LOWEST     44           200 PM
 AVERAGE    64

..........................................................


THE BLUEFIELD WV CLIMATE NORMALS FOR TODAY
                         NORMAL    RECORD    YEAR
 MAXIMUM TEMPERATURE (F)   48        74      1975
 MINIMUM TEMPERATURE (F)   31         5      1963


SUNRISE AND SUNSET
FEBRUARY 23 2018......SUNRISE   704 AM EST   SUNSET   613 PM EST
FEBRUARY 24 2018......SUNRISE   703 AM EST   SUNSET   614 PM EST


-  INDICATES NEGATIVE NUMBERS.
R  INDICATES RECORD WAS SET OR TIED.
MM INDICATES DATA IS MISSING.
T  INDICATES TRACE AMOUNT.




$$
