000
CDUS41 KRNK 090526
CLIBLF

CLIMATE REPORT
NATIONAL WEATHER SERVICE BLACKSBURG, VA
126 AM EDT SUN AUG 09 2020

...................................

...THE BLUEFIELD WV CLIMATE SUMMARY FOR AUGUST 8 2020...

CLIMATE NORMAL PERIOD: 1981 TO 2010
CLIMATE RECORD PERIOD: 1909 TO 2020


WEATHER ITEM   OBSERVED TIME   RECORD YEAR NORMAL DEPARTURE LAST
                VALUE   (LST)  VALUE       VALUE  FROM      YEAR
                                                  NORMAL
...................................................................
TEMPERATURE (F)
 YESTERDAY
  MAXIMUM         80   4:19 PM  91    1930  81     -1       79
                                      2007
  MINIMUM         61   5:41 AM  47    1957  64     -3       62
  AVERAGE         71                        73     -2       71

PRECIPITATION (IN)
  YESTERDAY        0.00          1.36 1996   0.11  -0.11     0.00
  MONTH TO DATE    0.74                      0.94  -0.20     0.34
  SINCE JUN 1     11.04                      9.25   1.79     6.17
  SINCE JAN 1     37.32                     26.07  11.25    25.67

SNOWFALL (IN)
  YESTERDAY        0.0                                       0.0
  MONTH TO DATE    0.0                                       0.0
  SINCE JUN 1      0.0                                       0.0
  SINCE JUL 1      0.0                                       0.0
  SNOW DEPTH       0

DEGREE DAYS
 HEATING
  YESTERDAY        0                         0      0        0
  MONTH TO DATE    0                         0      0        0
  SINCE JUN 1     56                        24     32       52
  SINCE JUL 1      0                         2     -2        5

 COOLING
  YESTERDAY        6                         8     -2        6
  MONTH TO DATE   35                        64    -29       45
  SINCE JUN 1    367                       478   -111      321
  SINCE JAN 1    406                       569   -163      400
...................................................................


WIND (MPH)
  RESULTANT WIND SPEED   2   RESULTANT WIND DIRECTION   W (290)
  HIGHEST WIND SPEED     9   HIGHEST WIND DIRECTION     W (280)
  HIGHEST GUST SPEED    14   HIGHEST GUST DIRECTION     W (280)
  AVERAGE WIND SPEED     2.4


SKY COVER
  AVERAGE SKY COVER 0.2


WEATHER CONDITIONS
THE FOLLOWING WEATHER WAS RECORDED YESTERDAY.
  NO SIGNIFICANT WEATHER WAS OBSERVED.


RELATIVE HUMIDITY (PERCENT)
 HIGHEST   100           3:00 AM
 LOWEST     58           3:00 PM
 AVERAGE    79

..........................................................


THE BLUEFIELD WV CLIMATE NORMALS FOR TODAY
                         NORMAL    RECORD    YEAR
 MAXIMUM TEMPERATURE (F)   81        99      1957
 MINIMUM TEMPERATURE (F)   64        46      1989


SUNRISE AND SUNSET
AUGUST  9 2020........SUNRISE   6:37 AM EDT   SUNSET   8:23 PM EDT
AUGUST 10 2020........SUNRISE   6:37 AM EDT   SUNSET   8:22 PM EDT


-  INDICATES NEGATIVE NUMBERS.
R  INDICATES RECORD WAS SET OR TIED.
MM INDICATES DATA IS MISSING.
T  INDICATES TRACE AMOUNT.

REMARKS:
DUE TO MISSING RAINFALL ON MAY 28, THE ANNUAL PRECIPITATION TOTAL
WILL BE CALCULATED WITHOUT DATA FROM THIS DAY.

$$
