000
CDUS46 KSEW 260848
CLIBLI


CLIMATE REPORT
NATIONAL WEATHER SERVICE SEATTLE WA
147 AM PDT SAT MAY 26 2018


...................................

...THE BELLINGHAM WA AIRPORT CLIMATE SUMMARY FOR MAY 25 2018...

CLIMATE NORMAL PERIOD 1981 TO 2010
CLIMATE RECORD PERIOD 1949 TO 2018


WEATHER ITEM   OBSERVED TIME   RECORD YEAR NORMAL DEPARTURE LAST
                VALUE   (LST)  VALUE       VALUE  FROM      YEAR
                                                  NORMAL
..................................................................
TEMPERATURE (F)
 YESTERDAY
  MAXIMUM         64    438 PM  80    1979  64      0       67
  MINIMUM         52   1159 PM  35    1972  47      5       43
  AVERAGE         58                        56      2       55

PRECIPITATION (IN)
  YESTERDAY        T             0.61 1984   0.08  -0.08     0.00
  MONTH TO DATE    0.17                      1.99  -1.82     0.89
  SINCE OCT 1     33.47                     29.29   4.18    34.59
  SINCE JAN 1     15.85                     15.59   0.26    15.47

DEGREE DAYS
 HEATING
  YESTERDAY        7                         9     -2       10
  MONTH TO DATE  163                       291   -128      266
  SINCE MAR 1   1288                      1432   -144     1294

 COOLING
  YESTERDAY        0                         0      0        0
  MONTH TO DATE    1                         0      1        0
  SINCE MAR 1      1                         0      1        0
  SINCE JAN 1      1                         0      1        0
..................................................................


WIND (MPH)
  RESULTANT WIND SPEED  10   RESULTANT WIND DIRECTION   S (170)
  HIGHEST WIND SPEED    20   HIGHEST WIND DIRECTION     S (170)
  HIGHEST GUST SPEED    27   HIGHEST GUST DIRECTION     S (170)
  AVERAGE WIND SPEED    10.4


SKY COVER
  AVERAGE SKY COVER 0.5


WEATHER CONDITIONS
 THE FOLLOWING WEATHER WAS RECORDED YESTERDAY.
  LIGHT RAIN


RELATIVE HUMIDITY (PERCENT)
 HIGHEST    72           800 AM
 LOWEST     31           400 PM
 AVERAGE    52

..........................................................


THE BELLINGHAM WA AIRPORT CLIMATE NORMALS FOR TODAY
                         NORMAL    RECORD    YEAR
 MAXIMUM TEMPERATURE (F)   64        84      2005
 MINIMUM TEMPERATURE (F)   48        38      1951


SUNRISE AND SUNSET
MAY 26 2018...........SUNRISE   516 AM PDT   SUNSET   859 PM PDT
MAY 27 2018...........SUNRISE   515 AM PDT   SUNSET   900 PM PDT


-  INDICATES NEGATIVE NUMBERS.
R  INDICATES RECORD WAS SET OR TIED.
MM INDICATES DATA IS MISSING.
T  INDICATES TRACE AMOUNT.




$$
