000
CDUS46 KSEW 280828
CLIBLI


CLIMATE REPORT
NATIONAL WEATHER SERVICE SEATTLE WA
127 AM PDT WED OCT 28 2020


...................................

...THE BELLINGHAM WA AIRPORT CLIMATE SUMMARY FOR OCTOBER 27 2020...

CLIMATE NORMAL PERIOD 1981 TO 2010
CLIMATE RECORD PERIOD 1949 TO 2020


WEATHER ITEM   OBSERVED TIME   RECORD YEAR NORMAL DEPARTURE LAST
                VALUE   (LST)  VALUE       VALUE  FROM      YEAR
                                                  NORMAL
..................................................................
TEMPERATURE (F)
 YESTERDAY
  MAXIMUM         56   1155 PM  65    2017  55      1       57
                                      1990
                                      1973
  MINIMUM         42    716 AM  27    1970  40      2       35
  AVERAGE         49                        47      2       46

PRECIPITATION (IN)
  YESTERDAY        0.00          1.75 1985   0.15  -0.15     0.00
  MONTH TO DATE    3.43                      3.03   0.40     4.53
  SINCE OCT 1      3.43                      3.03   0.40     4.53
  SINCE JAN 1     28.24                     25.16   3.08    24.49

DEGREE DAYS
 HEATING
  YESTERDAY       16                        18     -2       19
  MONTH TO DATE  355                       399    -44      390
  SINCE SEP 1    445                       633   -188      519
  SINCE JUL 1    586                       830   -244      591

 COOLING
  YESTERDAY        0                         0      0        0
  MONTH TO DATE    0                         0      0        0
  SINCE SEP 1     11                         2      9        6
  SINCE JAN 1     84                        42     42       73
..................................................................


WIND (MPH)
  RESULTANT WIND SPEED   4   RESULTANT WIND DIRECTION   S (170)
  HIGHEST WIND SPEED    17   HIGHEST WIND DIRECTION     S (190)
  HIGHEST GUST SPEED    27   HIGHEST GUST DIRECTION     S (190)
  AVERAGE WIND SPEED     5.4


SKY COVER
  AVERAGE SKY COVER 0.9


WEATHER CONDITIONS
 THE FOLLOWING WEATHER WAS RECORDED YESTERDAY.
  NO SIGNIFICANT WEATHER WAS OBSERVED.


RELATIVE HUMIDITY (PERCENT)
 HIGHEST    82           400 AM
 LOWEST     61           800 PM
 AVERAGE    72

..........................................................


THE BELLINGHAM WA AIRPORT CLIMATE NORMALS FOR TODAY
                         NORMAL    RECORD    YEAR
 MAXIMUM TEMPERATURE (F)   54        69      1968
 MINIMUM TEMPERATURE (F)   40        25      1971
                                             1956


SUNRISE AND SUNSET
OCTOBER 28 2020.......SUNRISE   752 AM PDT   SUNSET   555 PM PDT
OCTOBER 29 2020.......SUNRISE   753 AM PDT   SUNSET   554 PM PDT


-  INDICATES NEGATIVE NUMBERS.
R  INDICATES RECORD WAS SET OR TIED.
MM INDICATES DATA IS MISSING.
T  INDICATES TRACE AMOUNT.




$$
