000
CDUS46 KSEW 250117
CLIBLI


CLIMATE REPORT
NATIONAL WEATHER SERVICE SEATTLE WA
516 PM PST FRI JAN 24 2020


...................................

...THE BELLINGHAM WA AIRPORT CLIMATE SUMMARY FOR JANUARY 24 2020...
VALID TODAY AS OF 0500 PM LOCAL TIME.

CLIMATE NORMAL PERIOD 1981 TO 2010
CLIMATE RECORD PERIOD 1949 TO 2020


WEATHER ITEM   OBSERVED TIME   RECORD YEAR NORMAL DEPARTURE LAST
                VALUE   (LST)  VALUE       VALUE  FROM      YEAR
                                                  NORMAL
..................................................................
TEMPERATURE (F)
 TODAY
  MAXIMUM         55   1248 AM  56    2015  47      8       46
  MINIMUM         48    459 PM   4    1950  33     15       34
  AVERAGE         52                        40     12       40

PRECIPITATION (IN)
  TODAY            0.24          2.46 1984   0.15   0.09     0.00
  MONTH TO DATE    4.43                      3.69   0.74     3.78
  SINCE OCT 1     15.41                     17.39  -1.98    16.19
  SINCE JAN 1      4.43                      3.69   0.74     3.78

DEGREE DAYS
 HEATING
  TODAY           13                        25    -12       25
  MONTH TO DATE  593                       623    -30      547
  SINCE DEC 1   1275                      1457   -182     1256
  SINCE JUL 1   2543                      3015   -472     2480

 COOLING
  TODAY            0                         0      0        0
  MONTH TO DATE    0                         0      0        0
  SINCE DEC 1      0                         0      0        0
  SINCE JAN 1      0                         0      0        0
..................................................................


WIND (MPH)
  RESULTANT WIND SPEED  11   RESULTANT WIND DIRECTION   S (160)
  HIGHEST WIND SPEED    24   HIGHEST WIND DIRECTION     S (160)
  HIGHEST GUST SPEED    32   HIGHEST GUST DIRECTION     S (180)
  AVERAGE WIND SPEED    11.1


SKY COVER
  AVERAGE SKY COVER 0.9


WEATHER CONDITIONS
 THE FOLLOWING WEATHER WAS RECORDED TODAY.
  RAIN
  LIGHT RAIN
  FOG


RELATIVE HUMIDITY (PERCENT)
 HIGHEST    86           200 PM
 LOWEST     66          1200 AM
 AVERAGE    76

..........................................................


THE BELLINGHAM WA AIRPORT CLIMATE NORMALS FOR TOMORROW
                         NORMAL    RECORD    YEAR
 MAXIMUM TEMPERATURE (F)   47        59      2015
 MINIMUM TEMPERATURE (F)   33        -2      1950


SUNRISE AND SUNSET
JANUARY 24 2020.......SUNRISE   750 AM PST   SUNSET   455 PM PST
JANUARY 25 2020.......SUNRISE   749 AM PST   SUNSET   456 PM PST


-  INDICATES NEGATIVE NUMBERS.
R  INDICATES RECORD WAS SET OR TIED.
MM INDICATES DATA IS MISSING.
T  INDICATES TRACE AMOUNT.




$$
