157
CDUS46 KSEW 180829
CLIBLI


CLIMATE REPORT
NATIONAL WEATHER SERVICE SEATTLE WA
1229 AM PST SUN NOV 18 2018


...................................

...THE BELLINGHAM WA AIRPORT CLIMATE SUMMARY FOR NOVEMBER 17 2018...

CLIMATE NORMAL PERIOD 1981 TO 2010
CLIMATE RECORD PERIOD 1949 TO 2018


WEATHER ITEM   OBSERVED TIME   RECORD YEAR NORMAL DEPARTURE LAST
                VALUE   (LST)  VALUE       VALUE  FROM      YEAR
                                                  NORMAL
..................................................................
TEMPERATURE (F)
 YESTERDAY
  MAXIMUM         52    138 PM  65    1995  49      3       49
  MINIMUM         31   1159 PM  13    1955  37     -6       37
  AVERAGE         42                        43     -1       43

PRECIPITATION (IN)
  YESTERDAY        0.00          1.45 1959   0.20  -0.20     0.09
  MONTH TO DATE    3.38                      3.35   0.03     2.46
  SINCE OCT 1      6.41                      7.03  -0.62     7.79
  SINCE JAN 1     26.19                     29.16  -2.97    26.46

DEGREE DAYS
 HEATING
  YESTERDAY       23                        22      1       22
  MONTH TO DATE  300                       345    -45      372
  SINCE SEP 1    910                      1052   -142      967

 COOLING
  YESTERDAY        0                         0      0        0
  MONTH TO DATE    0                         0      0        0
  SINCE SEP 1      1                         2     -1       31
  SINCE JAN 1    147                        42    105       97
..................................................................


WIND (MPH)
  RESULTANT WIND SPEED   6   RESULTANT WIND DIRECTION   N (10)
  HIGHEST WIND SPEED    16   HIGHEST WIND DIRECTION     N (20)
  HIGHEST GUST SPEED    18   HIGHEST GUST DIRECTION     N (20)
  AVERAGE WIND SPEED     5.8


SKY COVER
  AVERAGE SKY COVER 0.0


WEATHER CONDITIONS
 THE FOLLOWING WEATHER WAS RECORDED YESTERDAY.
  NO SIGNIFICANT WEATHER WAS OBSERVED.


RELATIVE HUMIDITY (PERCENT)
 HIGHEST    89           800 PM
 LOWEST     38           200 PM
 AVERAGE    64

..........................................................


THE BELLINGHAM WA AIRPORT CLIMATE NORMALS FOR TODAY
                         NORMAL    RECORD    YEAR
 MAXIMUM TEMPERATURE (F)   49        56      1986
                                             1984
                                             1965
 MINIMUM TEMPERATURE (F)   36        23      1994
                                             1985


SUNRISE AND SUNSET
NOVEMBER 18 2018......SUNRISE   724 AM PST   SUNSET   426 PM PST
NOVEMBER 19 2018......SUNRISE   725 AM PST   SUNSET   425 PM PST


-  INDICATES NEGATIVE NUMBERS.
R  INDICATES RECORD WAS SET OR TIED.
MM INDICATES DATA IS MISSING.
T  INDICATES TRACE AMOUNT.




$$
