000
CDUS46 KSEW 190831
CLIBLI


CLIMATE REPORT
NATIONAL WEATHER SERVICE SEATTLE WA
130 AM PDT SUN AUG 19 2018


...................................

...THE BELLINGHAM WA AIRPORT CLIMATE SUMMARY FOR AUGUST 18 2018...

CLIMATE NORMAL PERIOD 1981 TO 2010
CLIMATE RECORD PERIOD 1949 TO 2018


WEATHER ITEM   OBSERVED TIME   RECORD YEAR NORMAL DEPARTURE LAST
                VALUE   (LST)  VALUE       VALUE  FROM      YEAR
                                                  NORMAL
..................................................................
TEMPERATURE (F)
 YESTERDAY
  MAXIMUM         73    406 PM  88    2016  72      1       69
  MINIMUM         50    528 AM  42    1973  53     -3       57
  AVERAGE         62                        63     -1       63

PRECIPITATION (IN)
  YESTERDAY        0.00          0.84 1990   0.05  -0.05     0.00
  MONTH TO DATE    0.07                      0.62  -0.55     0.09
  SINCE OCT 1     34.59                     33.44   1.15    36.03
  SINCE JAN 1     16.97                     19.74  -2.77    16.91

DEGREE DAYS
 HEATING
  YESTERDAY        3                         2      1        2
  MONTH TO DATE   13                        35    -22       17
  SINCE JUN 1    196                       337   -141      205

 COOLING
  YESTERDAY        0                         0      0        0
  MONTH TO DATE   47                         0     47       24
  SINCE JUN 1    135                        23    112       48
  SINCE JAN 1    136                        23    113       50
..................................................................


WIND (MPH)
  RESULTANT WIND SPEED   1   RESULTANT WIND DIRECTION   W (260)
  HIGHEST WIND SPEED     9   HIGHEST WIND DIRECTION     W (280)
  HIGHEST GUST SPEED    13   HIGHEST GUST DIRECTION    SW (210)
  AVERAGE WIND SPEED     2.2


SKY COVER
  AVERAGE SKY COVER 0.2


WEATHER CONDITIONS
 THE FOLLOWING WEATHER WAS RECORDED YESTERDAY.
  FOG
  HAZE


RELATIVE HUMIDITY (PERCENT)
 HIGHEST    89           200 AM
 LOWEST     53           400 PM
 AVERAGE    71

..........................................................


THE BELLINGHAM WA AIRPORT CLIMATE NORMALS FOR TODAY
                         NORMAL    RECORD    YEAR
 MAXIMUM TEMPERATURE (F)   72        89      2016
 MINIMUM TEMPERATURE (F)   53        44      1973


SUNRISE AND SUNSET
AUGUST 19 2018........SUNRISE   609 AM PDT   SUNSET   818 PM PDT
AUGUST 20 2018........SUNRISE   610 AM PDT   SUNSET   816 PM PDT


-  INDICATES NEGATIVE NUMBERS.
R  INDICATES RECORD WAS SET OR TIED.
MM INDICATES DATA IS MISSING.
T  INDICATES TRACE AMOUNT.




$$
