000
CDUS46 KSEW 210847
CLIBLI


CLIMATE REPORT
NATIONAL WEATHER SERVICE SEATTLE WA
1246 AM PST THU FEB 21 2019


...................................

...THE BELLINGHAM WA AIRPORT CLIMATE SUMMARY FOR FEBRUARY 20 2019...

CLIMATE NORMAL PERIOD 1981 TO 2010
CLIMATE RECORD PERIOD 1949 TO 2019


WEATHER ITEM   OBSERVED TIME   RECORD YEAR NORMAL DEPARTURE LAST
                VALUE   (LST)  VALUE       VALUE  FROM      YEAR
                                                  NORMAL
..................................................................
TEMPERATURE (F)
 YESTERDAY
  MAXIMUM         43    356 PM  61    1995  49     -6       38
  MINIMUM         30    934 PM  15    1986  33     -3       22
  AVERAGE         37                        41     -4       30

PRECIPITATION (IN)
  YESTERDAY        0.01          1.31 1984   0.11  -0.10     0.00
  MONTH TO DATE    2.06                      2.20  -0.14     3.81
  SINCE OCT 1     18.26                     20.57  -2.31    26.43
  SINCE JAN 1      5.85                      6.87  -1.02     8.81

DEGREE DAYS
 HEATING
  YESTERDAY       28                        24      4       35
  MONTH TO DATE  680                       491    189      485
  SINCE DEC 1   2111                      2125    -14     2030

 COOLING
  YESTERDAY        0                         0      0        0
  MONTH TO DATE    0                         0      0        0
  SINCE DEC 1      0                         0      0        0
  SINCE JAN 1      0                         0      0        0
..................................................................


WIND (MPH)
  RESULTANT WIND SPEED   5   RESULTANT WIND DIRECTION   N (350)
  HIGHEST WIND SPEED    13   HIGHEST WIND DIRECTION     N (10)
  HIGHEST GUST SPEED    15   HIGHEST GUST DIRECTION     N (10)
  AVERAGE WIND SPEED     5.9


SKY COVER
  AVERAGE SKY COVER 0.6


WEATHER CONDITIONS
 THE FOLLOWING WEATHER WAS RECORDED YESTERDAY.
  LIGHT RAIN
  LIGHT SNOW
  FOG
  FOG W/VISIBILITY <= 1/4 MILE


RELATIVE HUMIDITY (PERCENT)
 HIGHEST    96          1200 AM
 LOWEST     62           300 PM
 AVERAGE    79

..........................................................


THE BELLINGHAM WA AIRPORT CLIMATE NORMALS FOR TODAY
                         NORMAL    RECORD    YEAR
 MAXIMUM TEMPERATURE (F)   49        61      1958
 MINIMUM TEMPERATURE (F)   33        21      2018


SUNRISE AND SUNSET
FEBRUARY 21 2019......SUNRISE   707 AM PST   SUNSET   541 PM PST
FEBRUARY 22 2019......SUNRISE   706 AM PST   SUNSET   542 PM PST


-  INDICATES NEGATIVE NUMBERS.
R  INDICATES RECORD WAS SET OR TIED.
MM INDICATES DATA IS MISSING.
T  INDICATES TRACE AMOUNT.




$$
