191
CDUS46 KSEW 210120
CLIBLI


CLIMATE REPORT
NATIONAL WEATHER SERVICE SEATTLE WA
619 PM PDT SUN OCT 20 2019


...................................

...THE BELLINGHAM WA AIRPORT CLIMATE SUMMARY FOR OCTOBER 20 2019...
VALID TODAY AS OF 0500 PM LOCAL TIME.

CLIMATE NORMAL PERIOD 1981 TO 2010
CLIMATE RECORD PERIOD 1949 TO 2019


WEATHER ITEM   OBSERVED TIME   RECORD YEAR NORMAL DEPARTURE LAST
                VALUE   (LST)  VALUE       VALUE  FROM      YEAR
                                                  NORMAL
..................................................................
TEMPERATURE (F)
 TODAY
  MAXIMUM         53    459 PM  67    1987  57     -4       58
  MINIMUM         48    612 AM  24    1949  41      7       37
  AVERAGE         51                        49      2       48

PRECIPITATION (IN)
  TODAY            0.05          1.40 2003   0.13  -0.08     0.00
  MONTH TO DATE    2.54                      2.02   0.52     0.67
  SINCE OCT 1      2.54                      2.02   0.52     0.67
  SINCE JAN 1     22.50                     24.15  -1.65    20.45

DEGREE DAYS
 HEATING
  TODAY           14                        16     -2       17
  MONTH TO DATE  289                       280      9      273
  SINCE SEP 1    418                       514    -96      459

 COOLING
  TODAY            0                         0      0        0
  MONTH TO DATE    0                         0      0        0
  SINCE SEP 1      6                         2      4        1
  SINCE JAN 1     73                        42     31      147
..................................................................


WIND (MPH)
  RESULTANT WIND SPEED   9   RESULTANT WIND DIRECTION   S (160)
  HIGHEST WIND SPEED    21   HIGHEST WIND DIRECTION    SE (140)
  HIGHEST GUST SPEED    29   HIGHEST GUST DIRECTION    SE (130)
  AVERAGE WIND SPEED     9.3


SKY COVER
  AVERAGE SKY COVER 0.7


WEATHER CONDITIONS
 THE FOLLOWING WEATHER WAS RECORDED TODAY.
  LIGHT RAIN


RELATIVE HUMIDITY (PERCENT)
 HIGHEST    80          1200 AM
 LOWEST     63           100 PM
 AVERAGE    72

..........................................................


THE BELLINGHAM WA AIRPORT CLIMATE NORMALS FOR TOMORROW
                         NORMAL    RECORD    YEAR
 MAXIMUM TEMPERATURE (F)   56        68      1998
                                             1965
 MINIMUM TEMPERATURE (F)   41        28      1949


SUNRISE AND SUNSET
OCTOBER 20 2019.......SUNRISE   738 AM PDT   SUNSET   611 PM PDT
OCTOBER 21 2019.......SUNRISE   739 AM PDT   SUNSET   609 PM PDT


-  INDICATES NEGATIVE NUMBERS.
R  INDICATES RECORD WAS SET OR TIED.
MM INDICATES DATA IS MISSING.
T  INDICATES TRACE AMOUNT.




$$
