000
CDUS43 KIND 310532
CLIBMG

CLIMATE REPORT
NATIONAL WEATHER SERVICE INDIANAPOLIS IN
132 AM EDT SAT OCT 31 2020

...................................

...THE BLOOMINGTON IN CLIMATE SUMMARY FOR OCTOBER 30 2020...

CLIMATE NORMAL PERIOD 1981 TO 2010
CLIMATE RECORD PERIOD 9999 TO 9999


WEATHER ITEM   OBSERVED TIME   NORMAL DEPARTURE LAST
                VALUE   (LST)  VALUE  FROM      YEAR
                                      NORMAL
.......................................................
TEMPERATURE (F)
 YESTERDAY
  MAXIMUM         52    357 PM  62    -10       53
  MINIMUM         31   1159 PM  39     -8       48
  AVERAGE         42            50     -8       51

PRECIPITATION (IN)
  YESTERDAY        0.00          0.10  -0.10     0.15
  MONTH TO DATE    4.22          3.43   0.79     4.17
  SINCE SEP 1      4.50          6.78  -2.28     5.38
  SINCE JAN 1     37.73         39.97  -2.24    41.60

DEGREE DAYS
 HEATING
  YESTERDAY       23            15      8       14
  MONTH TO DATE  279           319    -40      272
  SINCE SEP 1    324           397    -73      274
  SINCE JUL 1    324           404    -80      274

 COOLING
  YESTERDAY        0             0      0        0
  MONTH TO DATE   28            11     17       37
  SINCE SEP 1    149           107     42      267
  SINCE JAN 1   1212           924    288     1239
.......................................................


WIND (MPH)
  HIGHEST WIND SPEED    14   HIGHEST WIND DIRECTION     N (340)
  HIGHEST GUST SPEED    22   HIGHEST GUST DIRECTION     N (340)
  AVERAGE WIND SPEED     4.6


SKY COVER
  AVERAGE SKY COVER 0.3


WEATHER CONDITIONS
THE FOLLOWING WEATHER WAS RECORDED YESTERDAY.
  FOG


RELATIVE HUMIDITY (PERCENT)
 HIGHEST    85          1200 AM
 LOWEST     43           400 PM
 AVERAGE    64

..........................................................


THE BLOOMINGTON IN CLIMATE NORMALS FOR TODAY
                         NORMAL    RECORD    YEAR
 MAXIMUM TEMPERATURE (F)   62        MM        MM
 MINIMUM TEMPERATURE (F)   39        MM        MM


SUNRISE AND SUNSET
OCTOBER 31 2020.......SUNRISE   814 AM EDT   SUNSET   646 PM EDT
NOVEMBER  1 2020......SUNRISE   715 AM EST   SUNSET   545 PM EST


-  INDICATES NEGATIVE NUMBERS.
R  INDICATES RECORD WAS SET OR TIED.
MM INDICATES DATA IS MISSING.
T  INDICATES TRACE AMOUNT.




$$
