000
CDUS43 KIND 230531
CLIBMG


CLIMATE REPORT
NATIONAL WEATHER SERVICE INDIANAPOLIS IN
131 AM EDT SUN SEP 23 2018


...................................

...THE BLOOMINGTON IN CLIMATE SUMMARY FOR SEPTEMBER 22 2018...

CLIMATE NORMAL PERIOD 1981 TO 2010
CLIMATE RECORD PERIOD 9999 TO 9999


WEATHER ITEM   OBSERVED TIME   NORMAL DEPARTURE LAST
                VALUE   (LST)  VALUE  FROM      YEAR
                                      NORMAL
......................................................
TEMPERATURE (F)
 YESTERDAY
  MAXIMUM         65   1244 AM  76    -11       93
  MINIMUM         58   1159 PM  50      8       65
  AVERAGE         62            63     -1       79

PRECIPITATION (IN)
  YESTERDAY        0.01          0.11  -0.10     0.00
  MONTH TO DATE    6.64          2.38   4.26     0.86
  SINCE SEP 1      6.64          2.38   4.26     0.86
  SINCE JAN 1     42.10         35.57   6.53    30.42

DEGREE DAYS
 HEATING
  YESTERDAY        3             4     -1        0
  MONTH TO DATE    9            35    -26       40
  SINCE SEP 1      9            35    -26       40
  SINCE JUL 1     11            42    -31       43

 COOLING
  YESTERDAY        0             2     -2       14
  MONTH TO DATE  207            84    123       98
  SINCE SEP 1    207            84    123       98
  SINCE JAN 1   1400           901    499      986
......................................................


WIND (MPH)
  HIGHEST WIND SPEED    14   HIGHEST WIND DIRECTION    NE (50)
  HIGHEST GUST SPEED    21   HIGHEST GUST DIRECTION    NE (40)
  AVERAGE WIND SPEED     7.8


SKY COVER
  AVERAGE SKY COVER 0.2


WEATHER CONDITIONS
 THE FOLLOWING WEATHER WAS RECORDED YESTERDAY.
  LIGHT RAIN


RELATIVE HUMIDITY (PERCENT)
 HIGHEST    93           900 PM
 LOWEST     72           300 AM
 AVERAGE    83

..........................................................


THE BLOOMINGTON IN CLIMATE NORMALS FOR TODAY
                         NORMAL
 MAXIMUM TEMPERATURE (F)   75
 MINIMUM TEMPERATURE (F)   50


SUNRISE AND SUNSET
SEPTEMBER 23 2018.....SUNRISE   735 AM EDT   SUNSET   742 PM EDT
SEPTEMBER 24 2018.....SUNRISE   736 AM EDT   SUNSET   740 PM EDT


-  INDICATES NEGATIVE NUMBERS.
R  INDICATES RECORD WAS SET OR TIED.
MM INDICATES DATA IS MISSING.
T  INDICATES TRACE AMOUNT.




$$
