000
CDUS43 KIND 142052
CLIBMG


CLIMATE REPORT
NATIONAL WEATHER SERVICE INDIANAPOLIS IN
451 PM EDT MON OCT 14 2019


...................................

...THE BLOOMINGTON IN CLIMATE SUMMARY FOR OCTOBER 14 2019...
VALID TODAY AS OF 0400 PM LOCAL TIME.

CLIMATE NORMAL PERIOD 1981 TO 2010
CLIMATE RECORD PERIOD 9999 TO 9999


WEATHER ITEM   OBSERVED TIME   NORMAL DEPARTURE LAST
                VALUE   (LST)  VALUE  FROM      YEAR
                                      NORMAL
......................................................
TEMPERATURE (F)
 TODAY
  MAXIMUM         66    259 PM  68     -2       53
  MINIMUM         36    724 AM  43     -7       45
  AVERAGE         51            55     -4       49

PRECIPITATION (IN)
  TODAY            0.00          0.12  -0.12     0.11
  MONTH TO DATE    0.91          1.59  -0.68     0.80
  SINCE SEP 1      2.12          4.94  -2.82     8.40
  SINCE JAN 1         M         38.13      M    43.86

......................................................


WIND (MPH)
  HIGHEST WIND SPEED    13   HIGHEST WIND DIRECTION     W (260)
  HIGHEST GUST SPEED    20   HIGHEST GUST DIRECTION     W (290)
  AVERAGE WIND SPEED     2.9


SKY COVER
  AVERAGE SKY COVER 0.0


WEATHER CONDITIONS
 THE FOLLOWING WEATHER WAS RECORDED TODAY.
  NO SIGNIFICANT WEATHER WAS OBSERVED.


RELATIVE HUMIDITY (PERCENT)
 HIGHEST    92           800 AM
 LOWEST     30           300 PM

..........................................................


THE BLOOMINGTON IN CLIMATE NORMALS FOR TOMORROW
                         NORMAL
 MAXIMUM TEMPERATURE (F)   68
 MINIMUM TEMPERATURE (F)   42


SUNRISE AND SUNSET
OCTOBER 14 2019.......SUNRISE   755 AM EDT   SUNSET   710 PM EDT
OCTOBER 15 2019.......SUNRISE   756 AM EDT   SUNSET   708 PM EDT


-  INDICATES NEGATIVE NUMBERS.
R  INDICATES RECORD WAS SET OR TIED.
MM INDICATES DATA IS MISSING.
T  INDICATES TRACE AMOUNT.




$$
