064
CDUS43 KIND 150535
CLIBMG


CLIMATE REPORT
NATIONAL WEATHER SERVICE INDIANAPOLIS IN
1235 AM EST SAT DEC 15 2018


...................................

...THE BLOOMINGTON IN CLIMATE SUMMARY FOR DECEMBER 14 2018...

CLIMATE NORMAL PERIOD 1981 TO 2010
CLIMATE RECORD PERIOD 9999 TO 9999


WEATHER ITEM   OBSERVED TIME   NORMAL DEPARTURE LAST
                VALUE   (LST)  VALUE  FROM      YEAR
                                      NORMAL
......................................................
TEMPERATURE (F)
 YESTERDAY
  MAXIMUM         51    624 PM  40     11       36
  MINIMUM         42   1228 AM  24     18       22
  AVERAGE         47            32     15       29

PRECIPITATION (IN)
  YESTERDAY        0.48          0.08   0.40     0.00
  MONTH TO DATE    2.01          1.45   0.56     0.45
  SINCE DEC 1      2.01          1.45   0.56     0.45
  SINCE JAN 1     51.70         45.46   6.24    39.41

DEGREE DAYS
 HEATING
  YESTERDAY       18            33    -15       36
  MONTH TO DATE  409           430    -21      417
  SINCE DEC 1    409           430    -21      417
  SINCE JUL 1   1599          1486    113     1334

 COOLING
  YESTERDAY        0             0      0        0
  MONTH TO DATE    0             0      0        0
  SINCE DEC 1      0             0      0        0
  SINCE JAN 1   1507           927    580     1088
......................................................


WIND (MPH)
  HIGHEST WIND SPEED    17   HIGHEST WIND DIRECTION    NE (40)
  HIGHEST GUST SPEED    25   HIGHEST GUST DIRECTION    NE (30)
  AVERAGE WIND SPEED     6.1


SKY COVER
  AVERAGE SKY COVER 0.9


WEATHER CONDITIONS
 THE FOLLOWING WEATHER WAS RECORDED YESTERDAY.
  RAIN
  LIGHT RAIN
  FOG


RELATIVE HUMIDITY (PERCENT)
 HIGHEST   100           100 AM
 LOWEST     86          1200 AM
 AVERAGE    93

..........................................................


THE BLOOMINGTON IN CLIMATE NORMALS FOR TODAY
                         NORMAL
 MAXIMUM TEMPERATURE (F)   40
 MINIMUM TEMPERATURE (F)   24


SUNRISE AND SUNSET
DECEMBER 15 2018......SUNRISE   759 AM EST   SUNSET   525 PM EST
DECEMBER 16 2018......SUNRISE   759 AM EST   SUNSET   525 PM EST


-  INDICATES NEGATIVE NUMBERS.
R  INDICATES RECORD WAS SET OR TIED.
MM INDICATES DATA IS MISSING.
T  INDICATES TRACE AMOUNT.




$$
