000
CDUS45 KBOI 220120
CLIBNO


CLIMATE REPORT
NATIONAL WEATHER SERVICE BOISE ID
720 PM MDT SAT APR 21 2018


...................................

...THE BURNS OR CLIMATE SUMMARY FOR APRIL 21 2018...
VALID TODAY AS OF 0600 PM LOCAL TIME.

CLIMATE NORMAL PERIOD 1981 TO 2010
CLIMATE RECORD PERIOD 1938 TO 2018


WEATHER ITEM   OBSERVED TIME   RECORD YEAR NORMAL DEPARTURE LAST
                VALUE   (LST)  VALUE       VALUE  FROM      YEAR
                                                  NORMAL
..................................................................
TEMPERATURE (F)
 TODAY
  MAXIMUM         64    403 PM  83    2009  58      6       55
  MINIMUM         36    518 AM  11    2008  30      6       21
  AVERAGE         50                        44      6       38

PRECIPITATION (IN)
  TODAY            0.00          0.36 2003   0.03  -0.03     0.00
  MONTH TO DATE    0.53                      0.65  -0.12     0.80
  SINCE OCT 1      5.93                      7.45  -1.52    11.01
  SINCE JAN 1      3.27                      3.95  -0.68     7.50

DEGREE DAYS
 HEATING
  TODAY           15                        21     -6       27
  MONTH TO DATE  473                       479     -6      497
  SINCE MAR 1   1351                      1336     15     1292
  SINCE JUL 1   6624                      6864   -240     7166

 COOLING
  TODAY            0                         0      0        0
  MONTH TO DATE    0                         0      0        0
  SINCE MAR 1      0                         0      0        0
  SINCE JAN 1      0                         0      0        0
..................................................................


WIND (MPH)
  HIGHEST WIND SPEED    21   HIGHEST WIND DIRECTION    SW (210)
  HIGHEST GUST SPEED    24   HIGHEST GUST DIRECTION    SW (210)
  AVERAGE WIND SPEED     9.5



WEATHER CONDITIONS
 THE FOLLOWING WEATHER WAS RECORDED TODAY.
  NO SIGNIFICANT WEATHER WAS OBSERVED.


RELATIVE HUMIDITY (PERCENT)
 HIGHEST    76           400 AM
 LOWEST     19           100 PM
 AVERAGE    48

..........................................................


THE BURNS OR CLIMATE NORMALS FOR TOMORROW
                         NORMAL    RECORD    YEAR
 MAXIMUM TEMPERATURE (F)   59        83      2012
 MINIMUM TEMPERATURE (F)   30        17      1972


SUNRISE AND SUNSET
APRIL 21 2018.........SUNRISE   603 AM PDT   SUNSET   746 PM PDT
APRIL 22 2018.........SUNRISE   602 AM PDT   SUNSET   748 PM PDT


-  INDICATES NEGATIVE NUMBERS.
R  INDICATES RECORD WAS SET OR TIED.
MM INDICATES DATA IS MISSING.
T  INDICATES TRACE AMOUNT.




$$
