000
CDUS45 KBOI 230933
CLIBNO


CLIMATE REPORT
NATIONAL WEATHER SERVICE BOISE ID
232 AM MST FRI FEB 23 2018


...................................

...THE BURNS OR CLIMATE SUMMARY FOR FEBRUARY 22 2018...

CLIMATE NORMAL PERIOD 1981 TO 2010
CLIMATE RECORD PERIOD 1938 TO 2018


WEATHER ITEM   OBSERVED TIME   RECORD YEAR NORMAL DEPARTURE LAST
                VALUE   (LST)  VALUE       VALUE  FROM      YEAR
                                                  NORMAL
..................................................................
TEMPERATURE (F)
 YESTERDAY
  MAXIMUM         32    217 PM  62    1995  41     -9       34
  MINIMUM          6    658 AM   1    1952  20    -14       21
  AVERAGE         19                        31    -12       28

PRECIPITATION (IN)
  YESTERDAY        T             0.25 1956   0.04  -0.04      T
  MONTH TO DATE    0.20                      0.79  -0.59     1.72
  SINCE OCT 1      4.13                      5.48  -1.35     8.47
  SINCE JAN 1      1.47                      1.98  -0.51     4.96

DEGREE DAYS
 HEATING
  YESTERDAY       46                        34     12       37
  MONTH TO DATE  738                       815    -77      774
  SINCE DEC 1   3101                      3327   -226     3788
  SINCE JUL 1   5017                      5328   -311     5601

 COOLING
  YESTERDAY        0                         0      0        0
  MONTH TO DATE    0                         0      0        0
  SINCE DEC 1      0                         0      0        0
  SINCE JAN 1      0                         0      0        0
..................................................................


WIND (MPH)
  HIGHEST WIND SPEED    18   HIGHEST WIND DIRECTION    NW (310)
  HIGHEST GUST SPEED    23   HIGHEST GUST DIRECTION     W (290)
  AVERAGE WIND SPEED     8.4


SKY COVER
  POSSIBLE SUNSHINE  MM
  AVERAGE SKY COVER 0.5


WEATHER CONDITIONS
 THE FOLLOWING WEATHER WAS RECORDED YESTERDAY.
  LIGHT SNOW
  FOG


RELATIVE HUMIDITY (PERCENT)
 HIGHEST    91           600 AM
 LOWEST     42           400 PM
 AVERAGE    67

..........................................................


THE BURNS OR CLIMATE NORMALS FOR TODAY
                         NORMAL    RECORD    YEAR
 MAXIMUM TEMPERATURE (F)   42        66      1995
 MINIMUM TEMPERATURE (F)   20         7      2017


SUNRISE AND SUNSET
FEBRUARY 23 2018......SUNRISE   642 AM PST   SUNSET   537 PM PST
FEBRUARY 24 2018......SUNRISE   640 AM PST   SUNSET   538 PM PST


-  INDICATES NEGATIVE NUMBERS.
R  INDICATES RECORD WAS SET OR TIED.
MM INDICATES DATA IS MISSING.
T  INDICATES TRACE AMOUNT.




$$
