000
CDUS45 KBOI 230121
CLIBNO


CLIMATE REPORT
NATIONAL WEATHER SERVICE BOISE ID
620 PM MST TUE JAN 22 2019


...................................

...THE BURNS OR CLIMATE SUMMARY FOR JANUARY 22 2019...
VALID TODAY AS OF 0600 PM LOCAL TIME.

CLIMATE NORMAL PERIOD 1981 TO 2010
CLIMATE RECORD PERIOD 1938 TO 2019


WEATHER ITEM   OBSERVED TIME   RECORD YEAR NORMAL DEPARTURE LAST
                VALUE   (LST)  VALUE       VALUE  FROM      YEAR
                                                  NORMAL
..................................................................
TEMPERATURE (F)
 TODAY
  MAXIMUM         32    407 PM  55    1948  35     -3       37
  MINIMUM         20    745 AM -22    1962  15      5       12
  AVERAGE         26                        25      1       25

PRECIPITATION (IN)
  TODAY            T             0.93 1972   0.03  -0.03     0.01
  MONTH TO DATE    1.31                      0.88   0.43     1.02
  SINCE OCT 1      3.53                      4.38  -0.85     3.68
  SINCE JAN 1      1.31                      0.88   0.43     1.02

DEGREE DAYS
 HEATING
  TODAY           39                        40     -1       40
  MONTH TO DATE  833                       891    -58      741
  SINCE DEC 1   2097                      2157    -60     2073
  SINCE JUL 1   4230                      4158     72     3989

 COOLING
  TODAY            0                         0      0        0
  MONTH TO DATE    0                         0      0        0
  SINCE DEC 1      0                         0      0        0
  SINCE JAN 1      0                         0      0        0
..................................................................


WIND (MPH)
  HIGHEST WIND SPEED    10   HIGHEST WIND DIRECTION    SW (230)
  HIGHEST GUST SPEED    12   HIGHEST GUST DIRECTION     W (280)
  AVERAGE WIND SPEED     2.4



WEATHER CONDITIONS
 THE FOLLOWING WEATHER WAS RECORDED TODAY.
  LIGHT SNOW


RELATIVE HUMIDITY (PERCENT)
 HIGHEST    91           700 AM
 LOWEST     72           200 PM
 AVERAGE    82

..........................................................


THE BURNS OR CLIMATE NORMALS FOR TOMORROW
                         NORMAL    RECORD    YEAR
 MAXIMUM TEMPERATURE (F)   35        58      1959
 MINIMUM TEMPERATURE (F)   15       -22      1962


SUNRISE AND SUNSET
JANUARY 22 2019.......SUNRISE   722 AM PST   SUNSET   454 PM PST
JANUARY 23 2019.......SUNRISE   721 AM PST   SUNSET   455 PM PST


-  INDICATES NEGATIVE NUMBERS.
R  INDICATES RECORD WAS SET OR TIED.
MM INDICATES DATA IS MISSING.
T  INDICATES TRACE AMOUNT.




$$
