064
CDUS45 KBOI 220930
CLIBNO


CLIMATE REPORT
NATIONAL WEATHER SERVICE BOISE ID
330 AM MDT SUN JUL 22 2018


...................................

...THE BURNS OR CLIMATE SUMMARY FOR JULY 21 2018...

CLIMATE NORMAL PERIOD 1981 TO 2010
CLIMATE RECORD PERIOD 1938 TO 2018


WEATHER ITEM   OBSERVED TIME   RECORD YEAR NORMAL DEPARTURE LAST
                VALUE   (LST)  VALUE       VALUE  FROM      YEAR
                                                  NORMAL
..................................................................
TEMPERATURE (F)
 YESTERDAY
  MAXIMUM         90    256 PM 103    2006  88      2       87
  MINIMUM         43    258 AM  36    1972  48     -5       47
  AVERAGE         67                        68     -1       67

PRECIPITATION (IN)
  YESTERDAY        0.00          1.00 1971   0.02  -0.02     0.00
  MONTH TO DATE    0.02                      0.28  -0.26      T
  SINCE OCT 1      7.87                     10.00  -2.13    11.85
  SINCE JAN 1      5.21                      6.50  -1.29     8.34

DEGREE DAYS
 HEATING
  YESTERDAY        0                         1     -1        0
  MONTH TO DATE   24                        47    -23        0
  SINCE JUN 1    211                       265    -54      183
  SINCE JUL 1     24                        47    -23        0

 COOLING
  YESTERDAY        2                         4     -2        2
  MONTH TO DATE   69                        66      3      101
  SINCE JUN 1     72                        86    -14      128
  SINCE JAN 1     72                        89    -17      129
..................................................................


WIND (MPH)
  HIGHEST WIND SPEED    24   HIGHEST WIND DIRECTION    SW (230)
  HIGHEST GUST SPEED    31   HIGHEST GUST DIRECTION    SW (240)
  AVERAGE WIND SPEED     9.1


SKY COVER
  POSSIBLE SUNSHINE  MM
  AVERAGE SKY COVER 0.0


WEATHER CONDITIONS
 THE FOLLOWING WEATHER WAS RECORDED YESTERDAY.
  NO SIGNIFICANT WEATHER WAS OBSERVED.


RELATIVE HUMIDITY (PERCENT)
 HIGHEST    37           300 AM
 LOWEST      5           400 PM
 AVERAGE    21

..........................................................


THE BURNS OR CLIMATE NORMALS FOR TODAY
                         NORMAL    RECORD    YEAR
 MAXIMUM TEMPERATURE (F)   88       106      2003
 MINIMUM TEMPERATURE (F)   48        38      2001
                                             1999
                                             1972


SUNRISE AND SUNSET
JULY 22 2018..........SUNRISE   535 AM PDT   SUNSET   829 PM PDT
JULY 23 2018..........SUNRISE   536 AM PDT   SUNSET   828 PM PDT


-  INDICATES NEGATIVE NUMBERS.
R  INDICATES RECORD WAS SET OR TIED.
MM INDICATES DATA IS MISSING.
T  INDICATES TRACE AMOUNT.




$$
