000
CDUS45 KBOI 160120
CLIBOI


CLIMATE REPORT
NATIONAL WEATHER SERVICE BOISE ID
620 PM MST SAT DEC 15 2018


...................................

...THE BOISE ID CLIMATE SUMMARY FOR DECEMBER 15 2018...
VALID TODAY AS OF 0600 PM LOCAL TIME.

CLIMATE NORMAL PERIOD 1981 TO 2010
CLIMATE RECORD PERIOD 1875 TO 2018


WEATHER ITEM   OBSERVED TIME   RECORD YEAR NORMAL DEPARTURE LAST
                VALUE   (LST)  VALUE       VALUE  FROM      YEAR
                                                  NORMAL
..................................................................
TEMPERATURE (F)
 TODAY
  MAXIMUM         42    249 PM  60    1929  37      5       29
  MINIMUM         32    755 AM  -7    1972  24      8       26
  AVERAGE         37                        30      7       28

PRECIPITATION (IN)
  TODAY            0.00          0.82 2009   0.05  -0.05     0.05
  MONTH TO DATE    0.76                      0.74   0.02     0.40
  SINCE OCT 1      2.97                      2.84   0.13     2.77
  SINCE JAN 1     10.03                     10.92  -0.89    14.75

DEGREE DAYS
 HEATING
  TODAY           28                        35     -7       37
  MONTH TO DATE  531                       498     33      540
  SINCE DEC 1    531                       498     33      540
  SINCE JUL 1   1735                      1752    -17     1764

 COOLING
  TODAY            0                         0      0        0
  MONTH TO DATE    0                         0      0        0
  SINCE DEC 1      0                         0      0        0
  SINCE JAN 1   1121                       942    179     1341
..................................................................


WIND (MPH)
  HIGHEST WIND SPEED    18   HIGHEST WIND DIRECTION    SE (140)
  HIGHEST GUST SPEED    26   HIGHEST GUST DIRECTION    SE (140)
  AVERAGE WIND SPEED    10.3



WEATHER CONDITIONS
 THE FOLLOWING WEATHER WAS RECORDED TODAY.
  NO SIGNIFICANT WEATHER WAS OBSERVED.


RELATIVE HUMIDITY (PERCENT)
 HIGHEST    89           100 AM
 LOWEST     60           200 PM
 AVERAGE    75

..........................................................


THE BOISE ID CLIMATE NORMALS FOR TOMORROW
                         NORMAL    RECORD    YEAR
 MAXIMUM TEMPERATURE (F)   37        64      1939
 MINIMUM TEMPERATURE (F)   23        -2      1985
                                             1922


SUNRISE AND SUNSET
DECEMBER 15 2018......SUNRISE   811 AM MST   SUNSET   509 PM MST
DECEMBER 16 2018......SUNRISE   812 AM MST   SUNSET   509 PM MST


-  INDICATES NEGATIVE NUMBERS.
R  INDICATES RECORD WAS SET OR TIED.
MM INDICATES DATA IS MISSING.
T  INDICATES TRACE AMOUNT.




$$
