000
CDUS45 KBOI 310937
CLIBOI

CLIMATE REPORT
NATIONAL WEATHER SERVICE BOISE ID
337 AM MDT SAT OCT 31 2020

...................................

...THE BOISE ID CLIMATE SUMMARY FOR OCTOBER 30 2020...

CLIMATE NORMAL PERIOD 1981 TO 2010
CLIMATE RECORD PERIOD 1875 TO 2020


WEATHER ITEM   OBSERVED TIME   RECORD YEAR NORMAL DEPARTURE LAST
                VALUE   (LST)  VALUE       VALUE  FROM      YEAR
                                                  NORMAL
...................................................................
TEMPERATURE (F)
 YESTERDAY
  MAXIMUM         75    339 PM  77    1937  57     18       41
  MINIMUM         37    540 AM  16    1991  37      0       16
                                      2019
  AVERAGE         56                        47      9       29

PRECIPITATION (IN)
  YESTERDAY        T             0.50 1945   0.04  -0.04     0.00
  MONTH TO DATE    0.45                      0.72  -0.27     0.29
  SINCE OCT 1      0.45                      0.72  -0.27     0.29
  SINCE JAN 1     12.27                      8.80   3.47    13.35

SNOWFALL (IN)
  YESTERDAY        0.0           0.7  1971   0.0    0.0      0.0
  MONTH TO DATE    0.0                       0.1   -0.1      0.4
  SINCE JUL 1      0.0                       0.1   -0.1      0.4
  SNOW DEPTH       0

DEGREE DAYS
 HEATING
  YESTERDAY        9                        18     -9       36
  MONTH TO DATE  316                       366    -50      543
  SINCE SEP 1    347                       469   -122      655
  SINCE JUL 1    348                       487   -139      655

 COOLING
  YESTERDAY        0                         0      0        0
  MONTH TO DATE   13                         7      6        0
  SINCE SEP 1    163                       107     56      119
  SINCE JAN 1   1087                       941    146     1020
...................................................................


WIND (MPH)
  HIGHEST WIND SPEED    18   HIGHEST WIND DIRECTION    NW (310)
  HIGHEST GUST SPEED    24   HIGHEST GUST DIRECTION    NW (300)
  AVERAGE WIND SPEED     5.8


SKY COVER
  AVERAGE SKY COVER 0.1


WEATHER CONDITIONS
THE FOLLOWING WEATHER WAS RECORDED YESTERDAY.
  NO SIGNIFICANT WEATHER WAS OBSERVED.


RELATIVE HUMIDITY (PERCENT)
 HIGHEST    62           600 AM
 LOWEST     11           300 PM
 AVERAGE    37

..........................................................


THE BOISE ID CLIMATE NORMALS FOR TODAY
                         NORMAL    RECORD    YEAR
 MAXIMUM TEMPERATURE (F)   57        74      2012
 MINIMUM TEMPERATURE (F)   37        13      2002


SUNRISE AND SUNSET
OCTOBER 31 2020.......SUNRISE   820 AM MDT   SUNSET   636 PM MDT
NOVEMBER  1 2020......SUNRISE   721 AM MST   SUNSET   535 PM MST


-  INDICATES NEGATIVE NUMBERS.
R  INDICATES RECORD WAS SET OR TIED.
MM INDICATES DATA IS MISSING.
T  INDICATES TRACE AMOUNT.




$$
