000
CDUS45 KBOI 240120
CLIBOI


CLIMATE REPORT
NATIONAL WEATHER SERVICE BOISE ID
620 PM MST FRI FEB 23 2018


...................................

...THE BOISE ID CLIMATE SUMMARY FOR FEBRUARY 23 2018...
VALID TODAY AS OF 0600 PM LOCAL TIME.

CLIMATE NORMAL PERIOD 1981 TO 2010
CLIMATE RECORD PERIOD 1875 TO 2018


WEATHER ITEM   OBSERVED TIME   RECORD YEAR NORMAL DEPARTURE LAST
                VALUE   (LST)  VALUE       VALUE  FROM      YEAR
                                                  NORMAL
..................................................................
TEMPERATURE (F)
 TODAY
  MAXIMUM         30    517 PM  64    1995  48    -18       34
  MINIMUM         10    754 AM   7    1894  30    -20       29
  AVERAGE         20                        39    -19       32

PRECIPITATION (IN)
  TODAY            0.00          0.79 2000   0.04  -0.04      T
  MONTH TO DATE    0.48                      0.80  -0.32     1.13
  SINCE OCT 1      5.23                      5.69  -0.46     7.59
  SINCE JAN 1      1.84                      2.04  -0.20     4.09

DEGREE DAYS
 HEATING
  TODAY           45                        26     19       33
  MONTH TO DATE  635                       671    -36      590
  SINCE DEC 1   2590                      2778   -188     3219
  SINCE JUL 1   3814                      4032   -218     4124

 COOLING
  TODAY            0                         0      0        0
  MONTH TO DATE    0                         0      0        0
  SINCE DEC 1      0                         0      0        0
  SINCE JAN 1      0                         0      0        0
..................................................................


WIND (MPH)
  HIGHEST WIND SPEED    18   HIGHEST WIND DIRECTION    NW (320)
  HIGHEST GUST SPEED    23   HIGHEST GUST DIRECTION    NW (320)
  AVERAGE WIND SPEED     6.8



WEATHER CONDITIONS
 THE FOLLOWING WEATHER WAS RECORDED TODAY.
  NO SIGNIFICANT WEATHER WAS OBSERVED.


RELATIVE HUMIDITY (PERCENT)
 HIGHEST    84           600 AM
 LOWEST     43           400 PM
 AVERAGE    64

..........................................................


THE BOISE ID CLIMATE NORMALS FOR TOMORROW
                         NORMAL    RECORD    YEAR
 MAXIMUM TEMPERATURE (F)   48        68      1986
 MINIMUM TEMPERATURE (F)   30        10      1894


SUNRISE AND SUNSET
FEBRUARY 23 2018......SUNRISE   731 AM MST   SUNSET   626 PM MST
FEBRUARY 24 2018......SUNRISE   729 AM MST   SUNSET   627 PM MST


-  INDICATES NEGATIVE NUMBERS.
R  INDICATES RECORD WAS SET OR TIED.
MM INDICATES DATA IS MISSING.
T  INDICATES TRACE AMOUNT.




$$
