000
CDUS45 KBOI 250935
CLIBOI


CLIMATE REPORT
NATIONAL WEATHER SERVICE BOISE ID
334 AM MDT TUE SEP 25 2018


...................................

...THE BOISE ID CLIMATE SUMMARY FOR SEPTEMBER 24 2018...

CLIMATE NORMAL PERIOD 1981 TO 2010
CLIMATE RECORD PERIOD 1875 TO 2018


WEATHER ITEM   OBSERVED TIME   RECORD YEAR NORMAL DEPARTURE LAST
                VALUE   (LST)  VALUE       VALUE  FROM      YEAR
                                                  NORMAL
..................................................................
TEMPERATURE (F)
 YESTERDAY
  MAXIMUM         69    536 PM  98    2011  75     -6       67
  MINIMUM         38    700 AM  23    1926  48    -10       36
  AVERAGE         54                        62     -8       52

PRECIPITATION (IN)
  YESTERDAY        0.00          0.64 1986   0.02  -0.02     0.00
  MONTH TO DATE    T                         0.44  -0.44     0.53
  SINCE OCT 1     10.45                     11.59  -1.14    15.45
  SINCE JAN 1      7.06                      7.94  -0.88    11.95

SNOWFALL (IN)
  YESTERDAY        0.0           0.0  2006   0.0    0.0      0.0
  MONTH TO DATE    0.0                       0.0    0.0      0.0
  SINCE OCT 1     20.1                      19.2    0.9     39.1
  SINCE JUL 1      0.0                       0.0    0.0      0.0
  SNOW DEPTH       0

DEGREE DAYS
 HEATING
  YESTERDAY       11                         5      6       13
  MONTH TO DATE   44                        67    -23      105
  SINCE SEP 1     44                        67    -23      105
  SINCE JUL 1     51                        85    -34      105

 COOLING
  YESTERDAY        0                         2     -2        0
  MONTH TO DATE   81                        91    -10      175
  SINCE SEP 1     81                        91    -10      175
  SINCE JAN 1   1117                       925    192     1341
..................................................................


WIND (MPH)
  HIGHEST WIND SPEED    20   HIGHEST WIND DIRECTION    NW (310)
  HIGHEST GUST SPEED    26   HIGHEST GUST DIRECTION    NW (300)
  AVERAGE WIND SPEED     8.2


SKY COVER
  POSSIBLE SUNSHINE  MM
  AVERAGE SKY COVER 0.0


WEATHER CONDITIONS
 THE FOLLOWING WEATHER WAS RECORDED YESTERDAY.
  NO SIGNIFICANT WEATHER WAS OBSERVED.


RELATIVE HUMIDITY (PERCENT)
 HIGHEST    60           500 AM
 LOWEST     21           400 PM
 AVERAGE    41

..........................................................


THE BOISE ID CLIMATE NORMALS FOR TODAY
                         NORMAL    RECORD    YEAR
 MAXIMUM TEMPERATURE (F)   75        95      2015
                                             1963
 MINIMUM TEMPERATURE (F)   48        28      1972
                                             1926


SUNRISE AND SUNSET
SEPTEMBER 25 2018.....SUNRISE   736 AM MDT   SUNSET   737 PM MDT
SEPTEMBER 26 2018.....SUNRISE   737 AM MDT   SUNSET   735 PM MDT


-  INDICATES NEGATIVE NUMBERS.
R  INDICATES RECORD WAS SET OR TIED.
MM INDICATES DATA IS MISSING.
T  INDICATES TRACE AMOUNT.




$$
