000
CDUS45 KBOI 040934
CLIBOI

CLIMATE REPORT
NATIONAL WEATHER SERVICE BOISE ID
334 AM MDT THU JUN 04 2020

...................................

...THE BOISE ID CLIMATE SUMMARY FOR JUNE 3 2020...

CLIMATE NORMAL PERIOD 1981 TO 2010
CLIMATE RECORD PERIOD 1875 TO 2020


WEATHER ITEM   OBSERVED TIME   RECORD YEAR NORMAL DEPARTURE LAST
                VALUE   (LST)  VALUE       VALUE  FROM      YEAR
                                                  NORMAL
...................................................................
TEMPERATURE (F)
 YESTERDAY
  MAXIMUM         85    242 PM  98    2007  77      8       85
  MINIMUM         60    543 AM  34    1892  51      9       62
                                      1898
  AVERAGE         73                        64      9       74

PRECIPITATION (IN)
  YESTERDAY        0.00          0.89 1908   0.03  -0.03     0.00
  MONTH TO DATE    0.00                      0.10  -0.10      T
  SINCE OCT 1      9.83                      9.99  -0.16    15.68
  SINCE JAN 1      8.36                      6.34   2.02    12.07

SNOWFALL (IN)
  YESTERDAY        0.0           0.0  2007   0.0    0.0      0.0
  MONTH TO DATE    0.0                       0.0    0.0      0.0
  SINCE JUL 1     15.3                      19.2   -3.9     18.0
  SNOW DEPTH       0

DEGREE DAYS
 HEATING
  YESTERDAY        0                         4     -4        0
  MONTH TO DATE    0                        12    -12        0
  SINCE JUN 1      0                        12    -12        0
  SINCE JUL 1   5102                      5462   -360     5168

 COOLING
  YESTERDAY        8                         3      5        9
  MONTH TO DATE   14                         8      6       20
  SINCE JUN 1     14                         8      6       20
  SINCE JAN 1     78                        52     26       44
...................................................................


WIND (MPH)
  HIGHEST WIND SPEED    15   HIGHEST WIND DIRECTION    NW (330)
  HIGHEST GUST SPEED    20   HIGHEST GUST DIRECTION     N (360)
  AVERAGE WIND SPEED     6.6


SKY COVER
  AVERAGE SKY COVER 0.0


WEATHER CONDITIONS
THE FOLLOWING WEATHER WAS RECORDED YESTERDAY.
  NO SIGNIFICANT WEATHER WAS OBSERVED.


RELATIVE HUMIDITY (PERCENT)
 HIGHEST    56           400 AM
 LOWEST     21           700 PM
 AVERAGE    39

..........................................................


THE BOISE ID CLIMATE NORMALS FOR TODAY
                         NORMAL    RECORD    YEAR
 MAXIMUM TEMPERATURE (F)   77        98      1969
 MINIMUM TEMPERATURE (F)   51        33      1962
                                             1976


SUNRISE AND SUNSET
JUNE  4 2020..........SUNRISE   605 AM MDT   SUNSET   922 PM MDT
JUNE  5 2020..........SUNRISE   605 AM MDT   SUNSET   923 PM MDT


-  INDICATES NEGATIVE NUMBERS.
R  INDICATES RECORD WAS SET OR TIED.
MM INDICATES DATA IS MISSING.
T  INDICATES TRACE AMOUNT.




$$
