000
CDUS41 KBOX 140721
CLIBOS

CLIMATE REPORT
NATIONAL WEATHER SERVICE BOSTON/NORTON MA
321 AM EDT SUN APR 14 2024

...................................

...THE BOSTON MA CLIMATE SUMMARY FOR APRIL 13 2024...

CLIMATE NORMAL PERIOD 1991 TO 2020
CLIMATE RECORD PERIOD 1872 TO 2024


WEATHER ITEM   OBSERVED TIME   RECORD YEAR NORMAL DEPARTURE LAST
                VALUE   (LST)  VALUE       VALUE  FROM      YEAR
                                                  NORMAL
...................................................................
TEMPERATURE (F)
 YESTERDAY
  MAXIMUM         57    137 PM  88    2023  56      1       88
  MINIMUM         46    513 AM  20    1874  40      6       49
  AVERAGE         52                        48      4       69

PRECIPITATION (IN)
  YESTERDAY        T             1.97 2004   0.13  -0.13     0.00
  MONTH TO DATE    2.39                      1.71   0.68     0.36
  SINCE MAR 1     11.33                      5.88   5.45     4.65
  SINCE JAN 1     19.62                     12.48   7.14    11.24

SNOWFALL (IN)
  YESTERDAY        0.0           5.0  1933   0.0    0.0      0.0
  MONTH TO DATE    0.1                       1.2   -1.1      0.0
  SINCE MAR 1      0.1                      10.2  -10.1      0.9
  SINCE JUL 1      9.8                      48.8  -39.0     12.4

DEGREE DAYS
 HEATING
  YESTERDAY       13                        17     -4        0
  MONTH TO DATE  243                       255    -12      193
  SINCE MAR 1    947                      1083   -136      937
  SINCE JUL 1   4432                      5021   -589     4253

 COOLING
  YESTERDAY        0                         0      0        4
  MONTH TO DATE    0                         0      0        4
  SINCE MAR 1      0                         0      0        4
  SINCE JAN 1      0                         0      0        4
...................................................................


WIND (MPH)
  RESULTANT WIND SPEED  13   RESULTANT WIND DIRECTION   W (250)
  HIGHEST WIND SPEED    30   HIGHEST WIND DIRECTION     W (280)
  HIGHEST GUST SPEED    42   HIGHEST GUST DIRECTION     W (270)
  AVERAGE WIND SPEED    15.1


SKY COVER
  POSSIBLE SUNSHINE  MM
  AVERAGE SKY COVER 0.7


WEATHER CONDITIONS
THE FOLLOWING WEATHER WAS RECORDED YESTERDAY.
  NO SIGNIFICANT WEATHER WAS OBSERVED.


RELATIVE HUMIDITY (PERCENT)
 HIGHEST    89           200 AM
 LOWEST     43           300 PM
 AVERAGE    66

..........................................................


THE BOSTON MA CLIMATE NORMALS FOR TODAY
                         NORMAL    RECORD    YEAR
 MAXIMUM TEMPERATURE (F)   56        83      2023
 MINIMUM TEMPERATURE (F)   40        26      1940


SUNRISE AND SUNSET
APRIL 14 2024.........SUNRISE   604 AM EDT   SUNSET   725 PM EDT
APRIL 15 2024.........SUNRISE   602 AM EDT   SUNSET   726 PM EDT


-  INDICATES NEGATIVE NUMBERS.
R  INDICATES RECORD WAS SET OR TIED.
MM INDICATES DATA IS MISSING.
T  INDICATES TRACE AMOUNT.




$$
