000
CDUS45 KRIW 230032
CLIBPI


CLIMATE REPORT
NATIONAL WEATHER SERVICE RIVERTON WY
632 PM MDT MON OCT 22 2018


...................................

...THE BIG PINEY WY CLIMATE SUMMARY FOR OCTOBER 22 2018...
VALID TODAY AS OF 0500 PM LOCAL TIME.

CLIMATE NORMAL PERIOD 1981 TO 2010
CLIMATE RECORD PERIOD 1976 TO 2018


WEATHER ITEM   OBSERVED TIME   RECORD YEAR NORMAL DEPARTURE LAST
                VALUE   (LST)  VALUE       VALUE  FROM      YEAR
                                                  NORMAL
..................................................................
TEMPERATURE (F)
 TODAY
  MAXIMUM         62        MM  73    2003  53      9       55
  MINIMUM         23        MM   4    1990  19      4       16
                                      1976
  AVERAGE         43

PRECIPITATION (IN)
  TODAY            0.00          0.23 2002   0.01  -0.01     0.00
  MONTH TO DATE    0.53                      0.43   0.10     0.01
  SINCE SEP 1      0.53                      1.21  -0.68     1.73
  SINCE JAN 1      5.43                      5.87  -0.44     8.83

DEGREE DAYS
 HEATING
  TODAY           22                        29     -7       29
  MONTH TO DATE  575                       549     26      631
  SINCE SEP 1    925                      1007    -82     1057
  SINCE JUL 1   1126                      1300   -174     1244

 COOLING
  TODAY            0                         0      0        0
  MONTH TO DATE    0                         0      0        0
  SINCE SEP 1      0                         0      0        0
  SINCE JAN 1     57                        35     22       27
..................................................................


WIND (MPH)
  HIGHEST WIND SPEED    10   HIGHEST WIND DIRECTION     N (350)
  HIGHEST GUST SPEED    MM   HIGHEST GUST DIRECTION    MM
  AVERAGE WIND SPEED     4.8


SKY COVER
  POSSIBLE SUNSHINE  MM
  AVERAGE SKY COVER 0.2


WEATHER CONDITIONS
 THE FOLLOWING WEATHER WAS RECORDED TODAY.
  NO SIGNIFICANT WEATHER WAS OBSERVED.


RELATIVE HUMIDITY (PERCENT)
 HIGHEST    75           400 AM
 LOWEST     29           400 PM
 AVERAGE    52

..........................................................


THE BIG PINEY WY CLIMATE NORMALS FOR TOMORROW
                         NORMAL    RECORD    YEAR
 MAXIMUM TEMPERATURE (F)   52        69      1989
 MINIMUM TEMPERATURE (F)   19        -4      1984


SUNRISE AND SUNSET
OCTOBER 22 2018.......SUNRISE   742 AM MDT   SUNSET   627 PM MDT
OCTOBER 23 2018.......SUNRISE   743 AM MDT   SUNSET   626 PM MDT


-  INDICATES NEGATIVE NUMBERS.
R  INDICATES RECORD WAS SET OR TIED.
MM INDICATES DATA IS MISSING.
T  INDICATES TRACE AMOUNT.




$$
