000
CDUS45 KRIW 070726
CLIBPI

CLIMATE REPORT
NATIONAL WEATHER SERVICE RIVERTON WY
126 AM MDT FRI MAY 07 2021

...................................

...THE BIG PINEY  WY CLIMATE SUMMARY FOR MAY 6 2021...

CLIMATE NORMAL PERIOD: 1991 TO 2020
CLIMATE RECORD PERIOD: 1976 TO 2021


WEATHER ITEM   OBSERVED TIME   RECORD YEAR NORMAL DEPARTURE LAST
                VALUE   (LST)  VALUE       VALUE  FROM      YEAR
                                                  NORMAL
...................................................................
TEMPERATURE (F)
 YESTERDAY
  MAXIMUM         73   4:18 PM  75    2017  59     14       69
                                      2018
  MINIMUM         20   5:16 AM  12    2003  26     -6       27
  AVERAGE         47                        42      5

PRECIPITATION (IN)
  YESTERDAY        0.00          1.17 2016   0.04  -0.04     0.00
  MONTH TO DATE    0.10                      0.24  -0.14     0.05
  SINCE MAR 1      0.81                      1.35  -0.54     0.51
  SINCE JAN 1      0.84                      2.16  -1.32     0.69

DEGREE DAYS
 HEATING
  YESTERDAY       18                        23     -5       17
  MONTH TO DATE  118                       143    -25      123
  SINCE MAR 1   2106                      2184    -78     2190
  SINCE JUL 1   9111                      9613   -502    10287

 COOLING
  YESTERDAY        0                         0      0        0
  MONTH TO DATE    0                         0      0        0
  SINCE MAR 1      0                         0      0        0
  SINCE JAN 1      0                         0      0        0
...................................................................


WIND (MPH)
  HIGHEST WIND SPEED    21   HIGHEST WIND DIRECTION    NW (310)
  HIGHEST GUST SPEED    31   HIGHEST GUST DIRECTION     W (280)
  AVERAGE WIND SPEED     6.2


SKY COVER
  POSSIBLE SUNSHINE  MM
  AVERAGE SKY COVER 0.1


WEATHER CONDITIONS
THE FOLLOWING WEATHER WAS RECORDED YESTERDAY.
  NO SIGNIFICANT WEATHER WAS OBSERVED.


RELATIVE HUMIDITY (PERCENT)
 HIGHEST    88           3:00 AM
 LOWEST     15           5:00 PM
 AVERAGE    52

..........................................................


THE BIG PINEY  WY CLIMATE NORMALS FOR TODAY
                         NORMAL    RECORD    YEAR
 MAXIMUM TEMPERATURE (F)   59        72      2004
                                             2018
 MINIMUM TEMPERATURE (F)   26        12      2010


SUNRISE AND SUNSET
MAY  7 2021...........SUNRISE   6:07 AM MDT   SUNSET   8:28 PM MDT
MAY  8 2021...........SUNRISE   6:06 AM MDT   SUNSET   8:29 PM MDT


-  INDICATES NEGATIVE NUMBERS.
R  INDICATES RECORD WAS SET OR TIED.
MM INDICATES DATA IS MISSING.
T  INDICATES TRACE AMOUNT.




$$
