000
CDUS45 KRIW 160814
CLIBPI


CLIMATE REPORT
NATIONAL WEATHER SERVICE RIVERTON WY
113 AM MST SAT FEB 16 2019


...................................

...THE BIG PINEY WY CLIMATE SUMMARY FOR FEBRUARY 15 2019...

CLIMATE NORMAL PERIOD 1981 TO 2010
CLIMATE RECORD PERIOD 1976 TO 2019


WEATHER ITEM   OBSERVED TIME   RECORD YEAR NORMAL DEPARTURE LAST
                VALUE   (LST)  VALUE       VALUE  FROM      YEAR
                                                  NORMAL
..................................................................
TEMPERATURE (F)
 YESTERDAY
  MAXIMUM         36   1208 PM  49    1996  29      7       31
  MINIMUM         15   1159 PM -33    1995   0     15        2
  AVERAGE         26                        14     12       17

PRECIPITATION (IN)
  YESTERDAY        0.04          0.07 2004   0.01   0.03      T
  MONTH TO DATE    0.04                      0.18  -0.14      T
  SINCE DEC 1      0.25                      0.79  -0.54     0.12
  SINCE JAN 1      0.15                      0.49  -0.34     0.05

DEGREE DAYS
 HEATING
  YESTERDAY       39                        51    -12       48
  MONTH TO DATE  824                       787     37      583
  SINCE DEC 1   4186                      4085    101     3245
  SINCE JUL 1   6786                      6900   -114     5801

 COOLING
  YESTERDAY        0                         0      0        0
  MONTH TO DATE    0                         0      0        0
  SINCE DEC 1      0                         0      0        0
  SINCE JAN 1      0                         0      0        0
..................................................................


WIND (MPH)
  HIGHEST WIND SPEED    32   HIGHEST WIND DIRECTION    NW (330)
  HIGHEST GUST SPEED    41   HIGHEST GUST DIRECTION    NW (330)
  AVERAGE WIND SPEED     9.6


SKY COVER
  POSSIBLE SUNSHINE  MM
  AVERAGE SKY COVER 0.9


WEATHER CONDITIONS
 THE FOLLOWING WEATHER WAS RECORDED YESTERDAY.
  HEAVY SNOW
  SNOW
  LIGHT SNOW
  FOG
  FOG W/VISIBILITY <= 1/4 MILE
  HAZE


RELATIVE HUMIDITY (PERCENT)
 HIGHEST   100          1200 AM
 LOWEST     47          1200 PM
 AVERAGE    74

..........................................................


THE BIG PINEY WY CLIMATE NORMALS FOR TODAY
                         NORMAL    RECORD    YEAR
 MAXIMUM TEMPERATURE (F)   29        49      2016
 MINIMUM TEMPERATURE (F)    0       -34      1993


SUNRISE AND SUNSET
FEBRUARY 16 2019......SUNRISE   716 AM MST   SUNSET   554 PM MST
FEBRUARY 17 2019......SUNRISE   715 AM MST   SUNSET   555 PM MST


-  INDICATES NEGATIVE NUMBERS.
R  INDICATES RECORD WAS SET OR TIED.
MM INDICATES DATA IS MISSING.
T  INDICATES TRACE AMOUNT.




$$
