000
CDUS45 KRIW 180055
CLIBPI


CLIMATE REPORT
NATIONAL WEATHER SERVICE RIVERTON WY
654 PM MDT TUE JUL 17 2018


...................................

...THE BIG PINEY WY CLIMATE SUMMARY FOR JULY 17 2018...
VALID TODAY AS OF 0500 PM LOCAL TIME.

CLIMATE NORMAL PERIOD 1981 TO 2010
CLIMATE RECORD PERIOD 1976 TO 2018


WEATHER ITEM   OBSERVED TIME   RECORD YEAR NORMAL DEPARTURE LAST
                VALUE   (LST)  VALUE       VALUE  FROM      YEAR
                                                  NORMAL
..................................................................
TEMPERATURE (F)
 TODAY
  MAXIMUM         83        MM  92    2006  81      2       78
  MINIMUM         51        MM  33    2001  44      7       46
                                      1977
  AVERAGE         67

PRECIPITATION (IN)
  TODAY            0.06          0.27 1987   0.02   0.04      T
  MONTH TO DATE    0.21                      0.34  -0.13     0.18
  SINCE JUN 1      1.87                      1.13   0.74     0.32
  SINCE JAN 1      4.40                      3.60   0.80     5.78

DEGREE DAYS
 HEATING
  TODAY            0                         3     -3        3
  MONTH TO DATE   33                        73    -40       17
  SINCE JUN 1    286                       378    -92      288
  SINCE JUL 1     33                        73    -40       17

 COOLING
  TODAY            2                         1      1        0
  MONTH TO DATE   27                         9     18       18
  SINCE JUN 1     27                        11     16       19
  SINCE JAN 1     27                        11     16       19
..................................................................


WIND (MPH)
  HIGHEST WIND SPEED    24   HIGHEST WIND DIRECTION     W (270)
  HIGHEST GUST SPEED    45   HIGHEST GUST DIRECTION     N (360)
  AVERAGE WIND SPEED    10.1


SKY COVER
  POSSIBLE SUNSHINE  MM
  AVERAGE SKY COVER 0.3


WEATHER CONDITIONS
 THE FOLLOWING WEATHER WAS RECORDED TODAY.
  THUNDERSTORM
  LIGHT RAIN


RELATIVE HUMIDITY (PERCENT)
 HIGHEST    71           500 AM
 LOWEST     26           300 PM
 AVERAGE    49

..........................................................


THE BIG PINEY WY CLIMATE NORMALS FOR TOMORROW
                         NORMAL    RECORD    YEAR
 MAXIMUM TEMPERATURE (F)   81        92      2006
 MINIMUM TEMPERATURE (F)   44        29      1983


SUNRISE AND SUNSET
JULY 17 2018..........SUNRISE   558 AM MDT   SUNSET   855 PM MDT
JULY 18 2018..........SUNRISE   559 AM MDT   SUNSET   854 PM MDT


-  INDICATES NEGATIVE NUMBERS.
R  INDICATES RECORD WAS SET OR TIED.
MM INDICATES DATA IS MISSING.
T  INDICATES TRACE AMOUNT.




$$
