000
CDUS45 KRIW 090747
CLIBPI


CLIMATE REPORT
NATIONAL WEATHER SERVICE RIVERTON WY
133 AM MDT SUN AUG 9 2020


...................................

...THE BIG PINEY WY CLIMATE SUMMARY FOR AUGUST 8 2020...

CLIMATE NORMAL PERIOD 1981 TO 2010
CLIMATE RECORD PERIOD 1976 TO 2020


WEATHER ITEM   OBSERVED TIME   RECORD YEAR NORMAL DEPARTURE LAST
                VALUE   (LST)  VALUE       VALUE  FROM      YEAR
                                                  NORMAL
..................................................................
TEMPERATURE (F)
 YESTERDAY
  MAXIMUM         84    400 PM  93    2001  81      3       79
  MINIMUM         37    512 AM  29    1976  42     -5       43
  AVERAGE         61                        62     -1       61

PRECIPITATION (IN)
  YESTERDAY        0.00          0.25 1998   0.02  -0.02      T
  MONTH TO DATE    T                         0.18  -0.18      T
  SINCE JUN 1      1.01                      1.68  -0.67     0.09
  SINCE JAN 1      1.91                      4.15  -2.24     0.77

DEGREE DAYS
 HEATING
  YESTERDAY        4                         4      0        4
  MONTH TO DATE   10                        28    -18        8
  SINCE JUN 1    437                       450    -13      458
  SINCE JUL 1    111                       145    -34      106

 COOLING
  YESTERDAY        0                         1     -1        0
  MONTH TO DATE   11                         8      3        3
  SINCE JUN 1     13                        32    -19       12
  SINCE JAN 1     13                        32    -19       12
..................................................................


WIND (MPH)
  HIGHEST WIND SPEED    25   HIGHEST WIND DIRECTION    NW (300)
  HIGHEST GUST SPEED    36   HIGHEST GUST DIRECTION     W (280)
  AVERAGE WIND SPEED     8.1


SKY COVER
  POSSIBLE SUNSHINE  MM
  AVERAGE SKY COVER 0.1


WEATHER CONDITIONS
 THE FOLLOWING WEATHER WAS RECORDED YESTERDAY.
  NO SIGNIFICANT WEATHER WAS OBSERVED.


RELATIVE HUMIDITY (PERCENT)
 HIGHEST    65           500 AM
 LOWEST     14           400 PM
 AVERAGE    40

..........................................................


THE BIG PINEY WY CLIMATE NORMALS FOR TODAY
                         NORMAL    RECORD    YEAR
 MAXIMUM TEMPERATURE (F)   81        93      2003
 MINIMUM TEMPERATURE (F)   42        30      2002
                                             1995
                                             1987


SUNRISE AND SUNSET
AUGUST  9 2020........SUNRISE   621 AM MDT   SUNSET   829 PM MDT
AUGUST 10 2020........SUNRISE   622 AM MDT   SUNSET   828 PM MDT


-  INDICATES NEGATIVE NUMBERS.
R  INDICATES RECORD WAS SET OR TIED.
MM INDICATES DATA IS MISSING.
T  INDICATES TRACE AMOUNT.




$$
