954
CDUS45 KRIW 180731
CLIBPI


CLIMATE REPORT
NATIONAL WEATHER SERVICE RIVERTON WY
130 AM MDT FRI OCT 18 2019


...................................

...THE BIG PINEY WY CLIMATE SUMMARY FOR OCTOBER 17 2019...

CLIMATE NORMAL PERIOD 1981 TO 2010
CLIMATE RECORD PERIOD 1976 TO 2019


WEATHER ITEM   OBSERVED TIME   RECORD YEAR NORMAL DEPARTURE LAST
                VALUE   (LST)  VALUE       VALUE  FROM      YEAR
                                                  NORMAL
..................................................................
TEMPERATURE (F)
 YESTERDAY
  MAXIMUM         64    149 PM  71    2003  55      9       57
  MINIMUM         22    635 AM   9    1996  21      1       16
  AVERAGE         43                        38      5       37

PRECIPITATION (IN)
  YESTERDAY        T             0.45 2016   0.02  -0.02     0.00
  MONTH TO DATE    0.04                      0.36  -0.32     0.53
  SINCE SEP 1      1.14                      1.14   0.00     0.53
  SINCE JAN 1      1.91                      5.80  -3.89     5.43

DEGREE DAYS
 HEATING
  YESTERDAY       22                        27     -5       28
  MONTH TO DATE  490                       408     82      459
  SINCE SEP 1    902                       866     36      809
  SINCE JUL 1   1126                      1159    -33     1010

 COOLING
  YESTERDAY        0                         0      0        0
  MONTH TO DATE    0                         0      0        0
  SINCE SEP 1      0                         0      0        0
  SINCE JAN 1     12                        35    -23       57
..................................................................


WIND (MPH)
  HIGHEST WIND SPEED    25   HIGHEST WIND DIRECTION     W (260)
  HIGHEST GUST SPEED    34   HIGHEST GUST DIRECTION     W (250)
  AVERAGE WIND SPEED    10.4


SKY COVER
  POSSIBLE SUNSHINE  MM
  AVERAGE SKY COVER 0.2


WEATHER CONDITIONS
 THE FOLLOWING WEATHER WAS RECORDED YESTERDAY.
  LIGHT SNOW


RELATIVE HUMIDITY (PERCENT)
 HIGHEST    64          1000 PM
 LOWEST     20           100 PM
 AVERAGE    42

..........................................................


THE BIG PINEY WY CLIMATE NORMALS FOR TODAY
                         NORMAL    RECORD    YEAR
 MAXIMUM TEMPERATURE (F)   55        72      2003
 MINIMUM TEMPERATURE (F)   21         1      1976


SUNRISE AND SUNSET
OCTOBER 18 2019.......SUNRISE   737 AM MDT   SUNSET   634 PM MDT
OCTOBER 19 2019.......SUNRISE   738 AM MDT   SUNSET   632 PM MDT


-  INDICATES NEGATIVE NUMBERS.
R  INDICATES RECORD WAS SET OR TIED.
MM INDICATES DATA IS MISSING.
T  INDICATES TRACE AMOUNT.




$$
