127
CDUS44 KLCH 212210
CLIBPT


CLIMATE REPORT
NATIONAL WEATHER SERVICE LAKE CHARLES, LA
410 PM CST WED FEB 21 2018


...................................

...THE BEAUMONT PORT ARTHUR CLIMATE SUMMARY FOR FEBRUARY 21 2018...
VALID TODAY AS OF 0400 PM LOCAL TIME.

CLIMATE NORMAL PERIOD 1981 TO 2010
CLIMATE RECORD PERIOD 1901 TO 2018


WEATHER ITEM   OBSERVED TIME   RECORD YEAR NORMAL DEPARTURE LAST
                VALUE   (LST)  VALUE       VALUE  FROM      YEAR
                                                  NORMAL
..................................................................
TEMPERATURE (F)
 TODAY
  MAXIMUM         78   1204 PM  83    1993  66     12       76
  MINIMUM         71    853 AM  29    1978  48     23       55
  AVERAGE         75                        57     18       66

PRECIPITATION (IN)
  TODAY            0.06          2.65 1990   0.12  -0.06     0.00
  MONTH TO DATE    3.27                      2.75   0.52     1.11
  SINCE DEC 1     19.21                     13.30   5.91    15.07
  SINCE JAN 1     13.60                      8.01   5.59     2.05

SNOWFALL (IN)
  TODAY            0.0           T    1964   0.0    0.0      0.0
                                      1963
                                      1953
  MONTH TO DATE    0.0                       0.0    0.0      0.0
  SINCE DEC 1      3.1                       T      3.1      0.0
  SINCE JUL 1      3.1                       T      3.1      0.0
  SNOW DEPTH       0

DEGREE DAYS
 HEATING
  TODAY            0                         9     -9        0
  MONTH TO DATE  103                       216   -113       57
  SINCE DEC 1    985                       964     21      477
  SINCE JUL 1   1115                      1159    -44      547

 COOLING
  TODAY           10                         1      9        1
  MONTH TO DATE   59                         9     50       85
  SINCE DEC 1     78                        42     36      231
  SINCE JAN 1     60                        20     40      161
..................................................................


WIND (MPH)
  HIGHEST WIND SPEED    30   HIGHEST WIND DIRECTION     S (160)
  HIGHEST GUST SPEED    39   HIGHEST GUST DIRECTION     S (160)
  AVERAGE WIND SPEED    16.2


SKY COVER
  POSSIBLE SUNSHINE  MM
  AVERAGE SKY COVER 1.0


WEATHER CONDITIONS
 THE FOLLOWING WEATHER WAS RECORDED TODAY.
  THUNDERSTORM
  LIGHT RAIN
  FOG


RELATIVE HUMIDITY (PERCENT)
 HIGHEST    93          1200 AM
 LOWEST     76          1200 PM
 AVERAGE    85

..........................................................


THE BEAUMONT PORT ARTHUR CLIMATE NORMALS FOR TOMORROW
                         NORMAL    RECORD    YEAR
 MAXIMUM TEMPERATURE (F)   67        82      2017
                                             1980
 MINIMUM TEMPERATURE (F)   48        24      1978


SUNRISE AND SUNSET
FEBRUARY 21 2018......SUNRISE   650 AM CST   SUNSET   610 PM CST
FEBRUARY 22 2018......SUNRISE   649 AM CST   SUNSET   610 PM CST


-  INDICATES NEGATIVE NUMBERS.
R  INDICATES RECORD WAS SET OR TIED.
MM INDICATES DATA IS MISSING.
T  INDICATES TRACE AMOUNT.




$$
