000
CDUS44 KLCH 200818
CLIBPT


CLIMATE REPORT
NATIONAL WEATHER SERVICE LAKE CHARLES, LA
318 AM CDT SUN OCT 20 2019


...................................

...THE BEAUMONT PORT ARTHUR CLIMATE SUMMARY FOR OCTOBER 19 2019...

CLIMATE NORMAL PERIOD 1981 TO 2010
CLIMATE RECORD PERIOD 1901 TO 2019


WEATHER ITEM   OBSERVED TIME   RECORD YEAR NORMAL DEPARTURE LAST
                VALUE   (LST)  VALUE       VALUE  FROM      YEAR
                                                  NORMAL
..................................................................
TEMPERATURE (F)
 YESTERDAY
  MAXIMUM         88    133 PM  95    1905  80      8       85
  MINIMUM         61    631 AM  35    1989  60      1       65
                                      1948
  AVERAGE         75                        70      5       75

PRECIPITATION (IN)
  YESTERDAY        0.00          1.25 1984   0.21  -0.21     0.00
  MONTH TO DATE    2.33                      3.44  -1.11     3.46
  SINCE SEP 1     25.53                      9.41  16.12    21.94
  SINCE JAN 1     78.19                     48.64  29.55    70.00

SNOWFALL (IN)
  YESTERDAY        0.0           0.0    MM   0.0    0.0      0.0
  MONTH TO DATE    0.0                       0.0    0.0      0.0
  SINCE SEP 1      0.0                       0.0    0.0      0.0
  SINCE JUL 1      0.0                       0.0    0.0      0.0
  SNOW DEPTH       0

DEGREE DAYS
 HEATING
  YESTERDAY        0                         1     -1        0
  MONTH TO DATE    4                         9     -5        2
  SINCE SEP 1      4                        10     -6        2
  SINCE JUL 1      4                        10     -6        2

 COOLING
  YESTERDAY       10                         6      4       10
  MONTH TO DATE  229                       147     82      245
  SINCE SEP 1    795                       566    229      748
  SINCE JAN 1   3258                      2733    525     3305
..................................................................


WIND (MPH)
  HIGHEST WIND SPEED    15   HIGHEST WIND DIRECTION     S (160)
  HIGHEST GUST SPEED    18   HIGHEST GUST DIRECTION     S (180)
  AVERAGE WIND SPEED     5.0


SKY COVER
  POSSIBLE SUNSHINE  MM
  AVERAGE SKY COVER 0.2


WEATHER CONDITIONS
 THE FOLLOWING WEATHER WAS RECORDED YESTERDAY.
  NO SIGNIFICANT WEATHER WAS OBSERVED.


RELATIVE HUMIDITY (PERCENT)
 HIGHEST   100           800 PM
 LOWEST     61           100 PM
 AVERAGE    81

..........................................................


THE BEAUMONT PORT ARTHUR CLIMATE NORMALS FOR TODAY
                         NORMAL    RECORD    YEAR
 MAXIMUM TEMPERATURE (F)   80        92      1927
 MINIMUM TEMPERATURE (F)   59        32      1989


SUNRISE AND SUNSET
OCTOBER 20 2019.......SUNRISE   721 AM CDT   SUNSET   640 PM CDT
OCTOBER 21 2019.......SUNRISE   722 AM CDT   SUNSET   639 PM CDT


-  INDICATES NEGATIVE NUMBERS.
R  INDICATES RECORD WAS SET OR TIED.
MM INDICATES DATA IS MISSING.
T  INDICATES TRACE AMOUNT.




$$
