501
CDUS44 KLCH 191159
CLIBPT


CLIMATE REPORT
NATIONAL WEATHER SERVICE LAKE CHARLES, LA
659 AM CDT WED SEP 19 2018


...................................

...THE BEAUMONT PORT ARTHUR CLIMATE SUMMARY FOR SEPTEMBER 18 2018...

CLIMATE NORMAL PERIOD 1981 TO 2010
CLIMATE RECORD PERIOD 1901 TO 2018


WEATHER ITEM   OBSERVED TIME   RECORD YEAR NORMAL DEPARTURE LAST
                VALUE   (LST)  VALUE       VALUE  FROM      YEAR
                                                  NORMAL
..................................................................
TEMPERATURE (F)
 YESTERDAY
  MAXIMUM         96    153 PM 101    1927  88      8       93
  MINIMUM         77    601 AM  53    1981  69      8       72
  AVERAGE         87                        78      9       83

PRECIPITATION (IN)
  YESTERDAY        T             2.47 1963   0.19  -0.19      T
  MONTH TO DATE   13.04                      3.78   9.26      T
  SINCE SEP 1     13.04                      3.78   9.26      T
  SINCE JAN 1     61.10                     43.01  18.09    89.60

SNOWFALL (IN)
  YESTERDAY        0.0           0.0    MM   0.0    0.0      0.0
  MONTH TO DATE    0.0                       0.0    0.0      0.0
  SINCE SEP 1      0.0                       0.0    0.0      0.0
  SINCE JUL 1      0.0                       0.0    0.0      0.0
  SNOW DEPTH       0

DEGREE DAYS
 HEATING
  YESTERDAY        0                         0      0        0
  MONTH TO DATE    0                         0      0        0
  SINCE SEP 1      0                         0      0        0
  SINCE JUL 1      0                         0      0        0

 COOLING
  YESTERDAY       22                        14      8       18
  MONTH TO DATE  309                       279     30      236
  SINCE SEP 1    309                       279     30      236
  SINCE JAN 1   2866                      2446    420     2529
..................................................................


WIND (MPH)
  HIGHEST WIND SPEED    16   HIGHEST WIND DIRECTION    SE (120)
  HIGHEST GUST SPEED    21   HIGHEST GUST DIRECTION     E (110)
  AVERAGE WIND SPEED     3.2


SKY COVER
  POSSIBLE SUNSHINE  MM
  AVERAGE SKY COVER 0.2


WEATHER CONDITIONS
 THE FOLLOWING WEATHER WAS RECORDED YESTERDAY.
  THUNDERSTORM
  LIGHT RAIN
  FOG


RELATIVE HUMIDITY (PERCENT)
 HIGHEST    97           100 AM
 LOWEST     48           200 PM
 AVERAGE    73

..........................................................


THE BEAUMONT PORT ARTHUR CLIMATE NORMALS FOR TODAY
                         NORMAL    RECORD    YEAR
 MAXIMUM TEMPERATURE (F)   88        97      1915
 MINIMUM TEMPERATURE (F)   69        51      1981


SUNRISE AND SUNSET
SEPTEMBER 19 2018.....SUNRISE   703 AM CDT   SUNSET   716 PM CDT
SEPTEMBER 20 2018.....SUNRISE   703 AM CDT   SUNSET   715 PM CDT


-  INDICATES NEGATIVE NUMBERS.
R  INDICATES RECORD WAS SET OR TIED.
MM INDICATES DATA IS MISSING.
T  INDICATES TRACE AMOUNT.




$$
