000
CDUS44 KLCH 260816
CLIBPT


CLIMATE REPORT
NATIONAL WEATHER SERVICE LAKE CHARLES, LA
315 AM CDT TUE MAY 26 2020


...................................

...THE BEAUMONT PORT ARTHUR CLIMATE SUMMARY FOR MAY 25 2020...

CLIMATE NORMAL PERIOD 1981 TO 2010
CLIMATE RECORD PERIOD 1901 TO 2020


WEATHER ITEM   OBSERVED TIME   RECORD YEAR NORMAL DEPARTURE LAST
                VALUE   (LST)  VALUE       VALUE  FROM      YEAR
                                                  NORMAL
..................................................................
TEMPERATURE (F)
 YESTERDAY
  MAXIMUM         83    409 PM  99    1905  87     -4       89
  MINIMUM         68   1200 AM  56    2017  69     -1       74
                                      1979
  AVERAGE         76                        78     -2       82

PRECIPITATION (IN)
  YESTERDAY        0.11          7.18 1954   0.17  -0.06     0.00
  MONTH TO DATE    6.04                      4.18   1.86     8.56
  SINCE MAR 1     11.02                     10.92   0.10    12.48
  SINCE JAN 1     18.28                     19.76  -1.48    21.00

SNOWFALL (IN)
  YESTERDAY        0.0           0.0    MM   0.0    0.0      0.0
  MONTH TO DATE    0.0                       0.0    0.0      0.0
  SINCE MAR 1      0.0                       0.0    0.0      0.0
  SINCE JUL 1      0.0                       T      0.0      0.0
  SNOW DEPTH       0

DEGREE DAYS
 HEATING
  YESTERDAY        0                         0      0        0
  MONTH TO DATE    0                         0      0        0
  SINCE MAR 1     56                       187   -131      178
  SINCE JUL 1    981                      1400   -419     1143

 COOLING
  YESTERDAY       11                        13     -2       17
  MONTH TO DATE  248                       258    -10      325
  SINCE MAR 1    609                       459    150      577
  SINCE JAN 1    676                       485    191      621
..................................................................


WIND (MPH)
  HIGHEST WIND SPEED    26   HIGHEST WIND DIRECTION     E (100)
  HIGHEST GUST SPEED    35   HIGHEST GUST DIRECTION     S (170)
  AVERAGE WIND SPEED     9.2


SKY COVER
  POSSIBLE SUNSHINE  MM
  AVERAGE SKY COVER 0.5


WEATHER CONDITIONS
 THE FOLLOWING WEATHER WAS RECORDED YESTERDAY.
  THUNDERSTORM
  HEAVY RAIN
  RAIN
  LIGHT RAIN
  FOG


RELATIVE HUMIDITY (PERCENT)
 HIGHEST   100           200 AM
 LOWEST     69           200 PM
 AVERAGE    85

..........................................................


THE BEAUMONT PORT ARTHUR CLIMATE NORMALS FOR TODAY
                         NORMAL    RECORD    YEAR
 MAXIMUM TEMPERATURE (F)   87        98      2011
 MINIMUM TEMPERATURE (F)   69        57      1979
                                             1925


SUNRISE AND SUNSET
MAY 26 2020...........SUNRISE   617 AM CDT   SUNSET   809 PM CDT
MAY 27 2020...........SUNRISE   617 AM CDT   SUNSET   810 PM CDT


-  INDICATES NEGATIVE NUMBERS.
R  INDICATES RECORD WAS SET OR TIED.
MM INDICATES DATA IS MISSING.
T  INDICATES TRACE AMOUNT.




$$
