000
CDUS44 KLCH 220918
CLIBPT


CLIMATE REPORT
NATIONAL WEATHER SERVICE LAKE CHARLES, LA
417 AM CDT THU OCT 22 2020


...................................

...THE BEAUMONT PORT ARTHUR CLIMATE SUMMARY FOR OCTOBER 21 2020...

CLIMATE NORMAL PERIOD 1981 TO 2010
CLIMATE RECORD PERIOD 1901 TO 2020


WEATHER ITEM   OBSERVED TIME   RECORD YEAR NORMAL DEPARTURE LAST
                VALUE   (LST)  VALUE       VALUE  FROM      YEAR
                                                  NORMAL
..................................................................
TEMPERATURE (F)
 YESTERDAY
  MAXIMUM         85    219 PM  92    1934  79      6       81
                                      1927
  MINIMUM         67    219 AM  36    1976  59      8       61
  AVERAGE         76                        69      7       71

PRECIPITATION (IN)
  YESTERDAY        0.00          1.85 2019   0.20  -0.20     1.85
  MONTH TO DATE    5.13                      3.84   1.29     4.18
  SINCE SEP 1      7.00                      9.81  -2.81    27.38
  SINCE JAN 1     44.55                     49.04  -4.49    80.04

SNOWFALL (IN)
  YESTERDAY        0.0           0.0    MM   0.0    0.0      0.0
  MONTH TO DATE    0.0                       0.0    0.0      0.0
  SINCE SEP 1      0.0                       0.0    0.0      0.0
  SINCE JUL 1      0.0                       0.0    0.0      0.0
  SNOW DEPTH       0

DEGREE DAYS
 HEATING
  YESTERDAY        0                         1     -1        0
  MONTH TO DATE    0                        11    -11        4
  SINCE SEP 1      0                        12    -12        4
  SINCE JUL 1      0                        12    -12        4

 COOLING
  YESTERDAY       11                         6      5        6
  MONTH TO DATE  182                       159     23      251
  SINCE SEP 1    629                       578     51      817
  SINCE JAN 1   3027                      2745    282     3280
..................................................................


WIND (MPH)
  HIGHEST WIND SPEED    14   HIGHEST WIND DIRECTION     E (110)
  HIGHEST GUST SPEED    19   HIGHEST GUST DIRECTION     E (90)
  AVERAGE WIND SPEED     6.3


SKY COVER
  POSSIBLE SUNSHINE  MM
  AVERAGE SKY COVER 0.5


WEATHER CONDITIONS
 THE FOLLOWING WEATHER WAS RECORDED YESTERDAY.
  FOG
  FOG W/VISIBILITY <= 1/4 MILE


RELATIVE HUMIDITY (PERCENT)
 HIGHEST   100          1200 AM
 LOWEST     65           200 PM
 AVERAGE    83

..........................................................


THE BEAUMONT PORT ARTHUR CLIMATE NORMALS FOR TODAY
                         NORMAL    RECORD    YEAR
 MAXIMUM TEMPERATURE (F)   79        92      1939
 MINIMUM TEMPERATURE (F)   59        42      1952


SUNRISE AND SUNSET
OCTOBER 22 2020.......SUNRISE   723 AM CDT   SUNSET   637 PM CDT
OCTOBER 23 2020.......SUNRISE   724 AM CDT   SUNSET   636 PM CDT


-  INDICATES NEGATIVE NUMBERS.
R  INDICATES RECORD WAS SET OR TIED.
MM INDICATES DATA IS MISSING.
T  INDICATES TRACE AMOUNT.




$$
