000
CDUS44 KLCH 172213
CLIBPT


CLIMATE REPORT
NATIONAL WEATHER SERVICE LAKE CHARLES, LA
512 PM CDT SUN JUN 17 2018


...................................

...THE BEAUMONT PORT ARTHUR CLIMATE SUMMARY FOR JUNE 17 2018...
VALID TODAY AS OF 0500 PM LOCAL TIME.

CLIMATE NORMAL PERIOD 1981 TO 2010
CLIMATE RECORD PERIOD 1901 TO 2018


WEATHER ITEM   OBSERVED TIME   RECORD YEAR NORMAL DEPARTURE LAST
                VALUE   (LST)  VALUE       VALUE  FROM      YEAR
                                                  NORMAL
..................................................................
TEMPERATURE (F)
 TODAY
  MAXIMUM         91   1017 AM 102    1902  90      1       91
  MINIMUM         78    454 AM  65    1989  73      5       75
  AVERAGE         85                        82      3       83

PRECIPITATION (IN)
  TODAY            0.26          2.65 1996   0.26   0.00     0.00
  MONTH TO DATE    0.88                      3.70  -2.82     4.81
  SINCE JUN 1      0.88                      3.70  -2.82     4.81
  SINCE JAN 1     22.80                     24.51  -1.71    22.99

SNOWFALL (IN)
  TODAY            0.0           0.0    MM   0.0    0.0      0.0
  MONTH TO DATE    0.0                       0.0    0.0      0.0
  SINCE JUN 1      0.0                       0.0    0.0      0.0
  SINCE JUL 1      3.1                       T      3.1      0.0
  SNOW DEPTH       0

DEGREE DAYS
 HEATING
  TODAY            0                         0      0        0
  MONTH TO DATE    0                         0      0        0
  SINCE JUN 1      0                         0      0        0
  SINCE JUL 1   1253                      1401   -148      614

 COOLING
  TODAY           20                        16      4       18
  MONTH TO DATE  338                       262     76      253
  SINCE JUN 1    338                       262     76      253
  SINCE JAN 1   1098                       828    270     1138
..................................................................


WIND (MPH)
  HIGHEST WIND SPEED    30   HIGHEST WIND DIRECTION    SE (120)
  HIGHEST GUST SPEED    39   HIGHEST GUST DIRECTION     E (110)
  AVERAGE WIND SPEED    15.8


SKY COVER
  POSSIBLE SUNSHINE  MM
  AVERAGE SKY COVER 0.7


WEATHER CONDITIONS
 THE FOLLOWING WEATHER WAS RECORDED TODAY.
  HEAVY RAIN
  RAIN
  LIGHT RAIN
  FOG


RELATIVE HUMIDITY (PERCENT)
 HIGHEST    85           600 AM
 LOWEST     59          1200 PM
 AVERAGE    72

..........................................................


THE BEAUMONT PORT ARTHUR CLIMATE NORMALS FOR TOMORROW
                         NORMAL    RECORD    YEAR
 MAXIMUM TEMPERATURE (F)   90       105      1902
 MINIMUM TEMPERATURE (F)   73        59      1917


SUNRISE AND SUNSET
JUNE 17 2018..........SUNRISE   615 AM CDT   SUNSET   819 PM CDT
JUNE 18 2018..........SUNRISE   615 AM CDT   SUNSET   819 PM CDT


-  INDICATES NEGATIVE NUMBERS.
R  INDICATES RECORD WAS SET OR TIED.
MM INDICATES DATA IS MISSING.
T  INDICATES TRACE AMOUNT.




$$
