000
CDUS44 KLCH 152221
CLIBPT


CLIMATE REPORT
NATIONAL WEATHER SERVICE LAKE CHARLES, LA
421 PM CST SAT DEC 15 2018


...................................

...THE BEAUMONT PORT ARTHUR CLIMATE SUMMARY FOR DECEMBER 15 2018...
VALID TODAY AS OF 0400 PM LOCAL TIME.

CLIMATE NORMAL PERIOD 1981 TO 2010
CLIMATE RECORD PERIOD 1901 TO 2018


WEATHER ITEM   OBSERVED TIME   RECORD YEAR NORMAL DEPARTURE LAST
                VALUE   (LST)  VALUE       VALUE  FROM      YEAR
                                                  NORMAL
..................................................................
TEMPERATURE (F)
 TODAY
  MAXIMUM         65    344 PM  83    1918  64      1       54
  MINIMUM         50    720 AM  24    1952  45      5       41
  AVERAGE         58                        54      4       48

PRECIPITATION (IN)
  TODAY            0.00          3.18 1986   0.18  -0.18      T
  MONTH TO DATE    5.00                      2.46   2.54     4.09
  SINCE DEC 1      5.00                      2.46   2.54     4.09
  SINCE JAN 1     85.79                     57.64  28.15   102.78

SNOWFALL (IN)
  TODAY            0.0           0.0    MM   0.0    0.0     MM
  MONTH TO DATE    0.0                       0.0    0.0      3.0
  SINCE DEC 1      0.0                       0.0    0.0      3.0
  SINCE JUL 1      0.0                       0.0    0.0      3.0
  SNOW DEPTH       0

DEGREE DAYS
 HEATING
  TODAY            7                        12     -5       17
  MONTH TO DATE  131                       155    -24      189
  SINCE DEC 1    131                       155    -24      189
  SINCE JUL 1    354                       350      4      319

 COOLING
  TODAY            0                         1     -1        0
  MONTH TO DATE    3                        15    -12        9
  SINCE DEC 1      3                        15    -12        9
  SINCE JAN 1   3413                      2870    543     3115
..................................................................


WIND (MPH)
  HIGHEST WIND SPEED    18   HIGHEST WIND DIRECTION    NW (310)
  HIGHEST GUST SPEED    25   HIGHEST GUST DIRECTION    NW (320)
  AVERAGE WIND SPEED     9.5


SKY COVER
  POSSIBLE SUNSHINE  MM
  AVERAGE SKY COVER 0.7


WEATHER CONDITIONS
 THE FOLLOWING WEATHER WAS RECORDED TODAY.
  NO SIGNIFICANT WEATHER WAS OBSERVED.


RELATIVE HUMIDITY (PERCENT)
 HIGHEST    86           500 AM
 LOWEST     48           200 PM
 AVERAGE    67

..........................................................


THE BEAUMONT PORT ARTHUR CLIMATE NORMALS FOR TOMORROW
                         NORMAL    RECORD    YEAR
 MAXIMUM TEMPERATURE (F)   63        81      1908
 MINIMUM TEMPERATURE (F)   45        24      1989
                                             1955
                                             1951


SUNRISE AND SUNSET
DECEMBER 15 2018......SUNRISE   704 AM CST   SUNSET   518 PM CST
DECEMBER 16 2018......SUNRISE   705 AM CST   SUNSET   519 PM CST


-  INDICATES NEGATIVE NUMBERS.
R  INDICATES RECORD WAS SET OR TIED.
MM INDICATES DATA IS MISSING.
T  INDICATES TRACE AMOUNT.




$$
