000
CDUS43 KDLH 220629
CLIBRD

CLIMATE REPORT
NATIONAL WEATHER SERVICE DULUTH MN
129 AM CDT THU OCT 22 2020

...................................

...THE BRAINERD CLIMATE SUMMARY FOR OCTOBER 21 2020...

CLIMATE NORMAL PERIOD: 1981 TO 2010
CLIMATE RECORD PERIOD: 1899 TO 2020


WEATHER ITEM   OBSERVED TIME   RECORD YEAR NORMAL DEPARTURE LAST
                VALUE   (LST)  VALUE       VALUE  FROM      YEAR
                                                  NORMAL
...................................................................
TEMPERATURE (F)
 YESTERDAY
  MAXIMUM         34   2:18 PM  87    1947  53    -19       57
  MINIMUM         28   9:25 PM  12    1930  34     -6       43
  AVERAGE         31                        44    -13       50

PRECIPITATION (IN)
  YESTERDAY        0.00          1.83 2019   0.08  -0.08     1.83
  MONTH TO DATE    1.71                      2.17  -0.46     4.21
  SINCE SEP 1      2.62                      5.35  -2.73    10.43
  SINCE JAN 1     20.07                     25.27  -5.20    32.43

SNOWFALL (IN)
  YESTERDAY        0.0           T    1976   0.0    0.0      0.0
  MONTH TO DATE    5.7                       0.1    5.6      0.7
  SINCE SEP 1      5.7                       0.1    5.6      0.7
  SINCE JUL 1      5.7                       0.1    5.6      0.7
  SNOW DEPTH      MM

DEGREE DAYS
 HEATING
  YESTERDAY       34                        21     13       15
  MONTH TO DATE  439                       367     72      339
  SINCE SEP 1    702                       602    100      475
  SINCE JUL 1    718                       663     55      512

 COOLING
  YESTERDAY        0                         0      0        0
  MONTH TO DATE    3                         0      3        1
  SINCE SEP 1      9                        30    -21       60
  SINCE JAN 1    645                       421    224      485
...................................................................


WIND (MPH)
  HIGHEST WIND SPEED    18   HIGHEST WIND DIRECTION     W (250)
  HIGHEST GUST SPEED    28   HIGHEST GUST DIRECTION     W (260)
  AVERAGE WIND SPEED     8.4


SKY COVER
  AVERAGE SKY COVER 0.9


WEATHER CONDITIONS
THE FOLLOWING WEATHER WAS RECORDED YESTERDAY.
  FOG
  HAZE


RELATIVE HUMIDITY (PERCENT)
 HIGHEST    96           2:00 AM
 LOWEST     69           2:00 PM
 AVERAGE    83

..........................................................


THE BRAINERD CLIMATE NORMALS FOR TODAY
                         NORMAL    RECORD    YEAR
 MAXIMUM TEMPERATURE (F)   52        79      1992
 MINIMUM TEMPERATURE (F)   33        15      1976


SUNRISE AND SUNSET
OCTOBER 22 2020.......SUNRISE   7:44 AM CDT   SUNSET   6:17 PM CDT
OCTOBER 23 2020.......SUNRISE   7:46 AM CDT   SUNSET   6:15 PM CDT


-  INDICATES NEGATIVE NUMBERS.
R  INDICATES RECORD WAS SET OR TIED.
MM INDICATES DATA IS MISSING.
T  INDICATES TRACE AMOUNT.




$$
