000
CDUS43 KDLH 260624
CLIBRD


CLIMATE REPORT
NATIONAL WEATHER SERVICE DULUTH MN
124 AM CDT TUE MAY 26 2020


...................................

...THE BRAINERD CLIMATE SUMMARY FOR MAY 25 2020...

CLIMATE NORMAL PERIOD 1981 TO 2010
CLIMATE RECORD PERIOD 1899 TO 2020


WEATHER ITEM   OBSERVED TIME   RECORD YEAR NORMAL DEPARTURE LAST
                VALUE   (LST)  VALUE       VALUE  FROM      YEAR
                                                  NORMAL
..................................................................
TEMPERATURE (F)
 YESTERDAY
  MAXIMUM         79   1221 PM  90    2018  70      9       65
  MINIMUM         55    501 AM  25    1917  47      8       44
  AVERAGE         67                        59      8       55

PRECIPITATION (IN)
  YESTERDAY        0.08          1.50 1973   0.11  -0.03      T
  MONTH TO DATE    0.58                      2.70  -2.12     3.64
  SINCE MAR 1      3.41                      6.57  -3.16     7.88
  SINCE JAN 1      4.54                      8.01  -3.47     9.81

SNOWFALL (IN)
  YESTERDAY        0.0           0.0  2017   0.0    0.0      0.0
                                      2016
                                      2015
  MONTH TO DATE    0.8                       0.3    0.5       T
  SINCE MAR 1      1.3                      12.1  -10.8     18.7
  SINCE JUL 1     48.3                      47.1    1.2     71.9
  SNOW DEPTH       0

DEGREE DAYS
 HEATING
  YESTERDAY        0                         7     -7       10
  MONTH TO DATE  284                       259     25      379
  SINCE MAR 1   1974                      2015    -41     2266
  SINCE JUL 1   8256                      8527   -271     9305

 COOLING
  YESTERDAY        2                         1      1        0
  MONTH TO DATE    7                        10     -3        0
  SINCE MAR 1      7                        11     -4        0
  SINCE JAN 1      7                        11     -4        0
..................................................................


WIND (MPH)
  HIGHEST WIND SPEED    12   HIGHEST WIND DIRECTION    NW (320)
  HIGHEST GUST SPEED    16   HIGHEST GUST DIRECTION     N (10)
  AVERAGE WIND SPEED     4.1


SKY COVER
  AVERAGE SKY COVER 0.5


WEATHER CONDITIONS
 THE FOLLOWING WEATHER WAS RECORDED YESTERDAY.
  RAIN
  LIGHT RAIN
  FOG
  FOG W/VISIBILITY <= 1/4 MILE
  HAZE


RELATIVE HUMIDITY (PERCENT)
 HIGHEST    93           500 AM
 LOWEST     52          1200 PM
 AVERAGE    73

..........................................................


THE BRAINERD CLIMATE NORMALS FOR TODAY
                         NORMAL    RECORD    YEAR
 MAXIMUM TEMPERATURE (F)   70        92      2018
 MINIMUM TEMPERATURE (F)   47        28      1983


SUNRISE AND SUNSET
MAY 26 2020...........SUNRISE   532 AM CDT   SUNSET   856 PM CDT
MAY 27 2020...........SUNRISE   531 AM CDT   SUNSET   857 PM CDT


-  INDICATES NEGATIVE NUMBERS.
R  INDICATES RECORD WAS SET OR TIED.
MM INDICATES DATA IS MISSING.
T  INDICATES TRACE AMOUNT.




$$
