000
CDUS43 KDLH 202246
CLIBRD


CLIMATE REPORT
NATIONAL WEATHER SERVICE DULUTH MN
545 PM CDT SUN OCT 20 2019


...................................

...THE BRAINERD CLIMATE SUMMARY FOR OCTOBER 20 2019...
VALID TODAY AS OF 0500 PM LOCAL TIME.

CLIMATE NORMAL PERIOD 1981 TO 2010
CLIMATE RECORD PERIOD 1899 TO 2019


WEATHER ITEM   OBSERVED TIME   RECORD YEAR NORMAL DEPARTURE LAST
                VALUE   (LST)  VALUE       VALUE  FROM      YEAR
                                                  NORMAL
..................................................................
TEMPERATURE (F)
 TODAY
  MAXIMUM         63    300 PM  81    1947  53     10       45
  MINIMUM         31    707 AM  12    1972  34     -3       24
  AVERAGE         47                        44      3       35

PRECIPITATION (IN)
  TODAY           MM             0.97 1941   0.09  MM        0.00
  MONTH TO DATE    2.38                      2.09   0.29     3.66
  SINCE SEP 1      8.60                      5.27   3.33     6.25
  SINCE JAN 1     30.60                     25.19   5.41    23.43

SNOWFALL (IN)
  TODAY           MM             1.0  1992   0.0   MM
  MONTH TO DATE    0.7                       0.1    0.6
  SNOW DEPTH       0

DEGREE DAYS
 HEATING
  TODAY           18                        21     -3       30
  MONTH TO DATE  324                       346    -22      473
  SINCE SEP 1    460                       581   -121      704
  SINCE JUL 1    497                       642   -145      738

 COOLING
  TODAY            0                         0      0        0
  MONTH TO DATE    1                         0      1        0
  SINCE SEP 1     60                        30     30       67
  SINCE JAN 1    485                       421     64      569
..................................................................


WIND (MPH)
  HIGHEST WIND SPEED    10   HIGHEST WIND DIRECTION     S (180)
  HIGHEST GUST SPEED    13   HIGHEST GUST DIRECTION     S (200)
  AVERAGE WIND SPEED    2.1


SKY COVER
  AVERAGE SKY COVER 0.0


WEATHER CONDITIONS
 THE FOLLOWING WEATHER WAS RECORDED TODAY.
  FOG


RELATIVE HUMIDITY (PERCENT)
 HIGHEST    89           400 AM
 LOWEST     30           100 PM
 AVERAGE    60

..........................................................


THE BRAINERD CLIMATE NORMALS FOR TOMORROW
                         NORMAL    RECORD    YEAR
 MAXIMUM TEMPERATURE (F)   53        87      1947
 MINIMUM TEMPERATURE (F)   34        12      1930


SUNRISE AND SUNSET
OCTOBER 20 2019.......SUNRISE   741 AM CDT   SUNSET   621 PM CDT
OCTOBER 21 2019.......SUNRISE   742 AM CDT   SUNSET   620 PM CDT


-  INDICATES NEGATIVE NUMBERS.
R  INDICATES RECORD WAS SET OR TIED.
MM INDICATES DATA IS MISSING.
T  INDICATES TRACE AMOUNT.




$$
