721
CDUS43 KDLH 170624
CLIBRD


CLIMATE REPORT
NATIONAL WEATHER SERVICE DULUTH MN
1222 AM CST MON DEC 17 2018


...................................

...THE BRAINERD CLIMATE SUMMARY FOR DECEMBER 16 2018...

CLIMATE NORMAL PERIOD 1981 TO 2010
CLIMATE RECORD PERIOD 1899 TO 2018


WEATHER ITEM   OBSERVED TIME   RECORD YEAR NORMAL DEPARTURE LAST
                VALUE   (LST)  VALUE       VALUE  FROM      YEAR
                                                  NORMAL
..................................................................
TEMPERATURE (F)
 YESTERDAY
  MAXIMUM         42    242 PM  54    1939  23     19       25
  MINIMUM         24   1159 PM -25    2008   6     18       20
                                      1963
                                      1901
  AVERAGE         33                        15     18       23

PRECIPITATION (IN)
  YESTERDAY       MM             0.65 1984   0.02  MM        0.01
  MONTH TO DATE    0.01                      0.42  -0.41     0.49
  SINCE DEC 1      0.01                      0.42  -0.41     0.49
  SINCE JAN 1     25.62                     27.99  -2.37    32.75

SNOWFALL (IN)
  YESTERDAY       MM             3.0  1964   0.3   MM        0.3
  MONTH TO DATE    0.2                       4.8   -4.6      5.4
  SINCE DEC 1      0.2                       4.8   -4.6      5.4
  SINCE JUL 1      4.8                      13.6   -8.8     12.0
  SNOW DEPTH       T

DEGREE DAYS
 HEATING
  YESTERDAY       32                        50    -18       42
  MONTH TO DATE  670                       759    -89      688
  SINCE DEC 1    670                       759    -89      688
  SINCE JUL 1   2892                      2708    184     2569

 COOLING
  YESTERDAY        0                         0      0        0
  MONTH TO DATE    0                         0      0        0
  SINCE DEC 1      0                         0      0        0
  SINCE JAN 1    569                       422    147      214
..................................................................


WIND (MPH)
  HIGHEST WIND SPEED    20   HIGHEST WIND DIRECTION    NW (300)
  HIGHEST GUST SPEED    25   HIGHEST GUST DIRECTION     W (290)
  AVERAGE WIND SPEED     9.8


SKY COVER
  AVERAGE SKY COVER 0.0


WEATHER CONDITIONS
 THE FOLLOWING WEATHER WAS RECORDED YESTERDAY.
  NO SIGNIFICANT WEATHER WAS OBSERVED.


RELATIVE HUMIDITY (PERCENT)
 HIGHEST    78           100 AM
 LOWEST     33           200 PM
 AVERAGE    56

..........................................................


THE BRAINERD CLIMATE NORMALS FOR TODAY
                         NORMAL    RECORD    YEAR
 MAXIMUM TEMPERATURE (F)   23        52      1939
 MINIMUM TEMPERATURE (F)    5       -32      1983


SUNRISE AND SUNSET
DECEMBER 17 2018......SUNRISE   755 AM CST   SUNSET   431 PM CST
DECEMBER 18 2018......SUNRISE   755 AM CST   SUNSET   431 PM CST


-  INDICATES NEGATIVE NUMBERS.
R  INDICATES RECORD WAS SET OR TIED.
MM INDICATES DATA IS MISSING.
T  INDICATES TRACE AMOUNT.




$$
