000
CDUS43 KDLH 242251
CLIBRD


CLIMATE REPORT
NATIONAL WEATHER SERVICE DULUTH MN
550 PM CDT SUN JUN 24 2018


...................................

...THE BRAINERD CLIMATE SUMMARY FOR JUNE 24 2018...
VALID TODAY AS OF 0500 PM LOCAL TIME.

CLIMATE NORMAL PERIOD 1981 TO 2010
CLIMATE RECORD PERIOD 1899 TO 2018


WEATHER ITEM   OBSERVED TIME   RECORD YEAR NORMAL DEPARTURE
                VALUE   (LST)  VALUE       VALUE  FROM
                                                  NORMAL
...............................................................
TEMPERATURE (F)
 TODAY
  MAXIMUM         73    333 PM  96    1988  79     -6
  MINIMUM         56    552 AM  41    1979  55      1
  AVERAGE         65                        67     -2

PRECIPITATION (IN)
  TODAY            0.00          2.28 1966   0.16  -0.16
  MONTH TO DATE    3.42                      3.47  -0.05

SNOWFALL (IN)
  TODAY            0.0           0.0  2017   0.0    0.0
                                      2016
                                      2015
  MONTH TO DATE    0.0                       0.0    0.0
  SNOW DEPTH       0

DEGREE DAYS
 HEATING
  TODAY            0                         2     -2
  MONTH TO DATE   32                        78    -46

 COOLING
  TODAY            0                         4     -4
  MONTH TO DATE   61                        58      3
...............................................................


WIND (MPH)
  HIGHEST WIND SPEED    16   HIGHEST WIND DIRECTION    NE (60)
  HIGHEST GUST SPEED    21   HIGHEST GUST DIRECTION    NE (60)
  AVERAGE WIND SPEED     6.9


SKY COVER
  AVERAGE SKY COVER 0.0


WEATHER CONDITIONS
 THE FOLLOWING WEATHER WAS RECORDED TODAY.
  NO SIGNIFICANT WEATHER WAS OBSERVED.


RELATIVE HUMIDITY (PERCENT)
 HIGHEST    87           100 AM
 LOWEST     53          1100 AM
 AVERAGE    70

..........................................................


THE BRAINERD CLIMATE NORMALS FOR TOMORROW
                         NORMAL    RECORD    YEAR
 MAXIMUM TEMPERATURE (F)   79        94      2001
 MINIMUM TEMPERATURE (F)   55        41      1958


SUNRISE AND SUNSET
JUNE 24 2018..........SUNRISE   525 AM CDT   SUNSET   913 PM CDT
JUNE 25 2018..........SUNRISE   525 AM CDT   SUNSET   913 PM CDT


-  INDICATES NEGATIVE NUMBERS.
R  INDICATES RECORD WAS SET OR TIED.
MM INDICATES DATA IS MISSING.
T  INDICATES TRACE AMOUNT.




$$
