454
CDUS43 KDVN 172125
CLIBRL


CLIMATE REPORT
NATIONAL WEATHER SERVICE QUAD CITIES IA IL
424 PM CDT FRI AUG 17 2018


...................................

...THE BURLINGTON IA CLIMATE SUMMARY FOR AUGUST 17 2018...
VALID TODAY AS OF 0400 PM LOCAL TIME.

CLIMATE NORMAL PERIOD 1981 TO 2010
CLIMATE RECORD PERIOD 1897 TO 2018


WEATHER ITEM   OBSERVED TIME   RECORD YEAR NORMAL DEPARTURE LAST
                VALUE   (LST)  VALUE       VALUE  FROM      YEAR
                                                  NORMAL
..................................................................
TEMPERATURE (F)
 TODAY
  MAXIMUM         82    242 PM 105    1983  85     -3       84
  MINIMUM         67    626 AM  52    2012  65      2       66
  AVERAGE         75                        75      0       75

PRECIPITATION (IN)
  TODAY            0.20         MM      MM   0.15   0.05     0.00
  MONTH TO DATE    1.04                      2.28  -1.24     0.99
  SINCE JUN 1      8.56                     11.00  -2.44     7.61
  SINCE JAN 1     19.30                     25.26  -5.96    21.76

DEGREE DAYS
 HEATING
  TODAY            0                         0      0        0
  MONTH TO DATE    0                         0      0        0
  SINCE JUN 1      0                        14    -14        8
  SINCE JUL 1      0                         1     -1        0

 COOLING
  TODAY           10                        10      0       10
  MONTH TO DATE  199                       184     15       96
  SINCE JUN 1    853                       810     43      737
  SINCE JAN 1   1065                       913    152      813
..................................................................


WIND (MPH)
  HIGHEST WIND SPEED    21   HIGHEST WIND DIRECTION    NE (40)
  HIGHEST GUST SPEED    27   HIGHEST GUST DIRECTION    NE (60)
  AVERAGE WIND SPEED     7.2


SKY COVER
  POSSIBLE SUNSHINE  MM
  AVERAGE SKY COVER 0.8


WEATHER CONDITIONS
 THE FOLLOWING WEATHER WAS RECORDED TODAY.
  HEAVY RAIN
  RAIN
  LIGHT RAIN
  FOG
  HAZE


RELATIVE HUMIDITY (PERCENT)
 HIGHEST   100           300 AM
 LOWEST     74           200 PM
 AVERAGE    87

..........................................................


THE BURLINGTON IA CLIMATE NORMALS FOR TOMORROW
                         NORMAL    RECORD    YEAR
 MAXIMUM TEMPERATURE (F)   85       105      1936
 MINIMUM TEMPERATURE (F)   65        47      2012


SUNRISE AND SUNSET
AUGUST 17 2018........SUNRISE   617 AM CDT   SUNSET   800 PM CDT
AUGUST 18 2018........SUNRISE   618 AM CDT   SUNSET   758 PM CDT


-  INDICATES NEGATIVE NUMBERS.
R  INDICATES RECORD WAS SET OR TIED.
MM INDICATES DATA IS MISSING.
T  INDICATES TRACE AMOUNT.




$$
