276
CDUS43 KDVN 160918
CLIBRL


CLIMATE REPORT
NATIONAL WEATHER SERVICE QUAD CITIES IA IL
417 AM CDT TUE OCT 16 2018


...................................

...THE BURLINGTON IA CLIMATE SUMMARY FOR OCTOBER 15 2018...

CLIMATE NORMAL PERIOD 1981 TO 2010
CLIMATE RECORD PERIOD 1897 TO 2018


WEATHER ITEM   OBSERVED TIME   RECORD YEAR NORMAL DEPARTURE LAST
                VALUE   (LST)  VALUE       VALUE  FROM      YEAR
                                                  NORMAL
..................................................................
TEMPERATURE (F)
 YESTERDAY
  MAXIMUM         48    354 PM  89    1963  67    -19       65
  MINIMUM         34    704 AM  29    1972  45    -11       40
  AVERAGE         41                        56    -15       53

PRECIPITATION (IN)
  YESTERDAY        0.04         MM      MM   0.10  -0.06     0.01
  MONTH TO DATE    5.20                      1.58   3.62     4.50
  SINCE SEP 1     11.22                      5.10   6.12     4.63
  SINCE JAN 1     33.32                     32.35   0.97    29.96

DEGREE DAYS
 HEATING
  YESTERDAY       24                        10     14       12
  MONTH TO DATE  146                       119     27       41
  SINCE SEP 1    204                       186     18       81
  SINCE JUL 1    204                       190     14       81

 COOLING
  YESTERDAY        0                         1     -1        0
  MONTH TO DATE   38                        18     20       35
  SINCE SEP 1    225                       157     68      188
  SINCE JAN 1   1417                      1200    217     1062
..................................................................


WIND (MPH)
  HIGHEST WIND SPEED    16   HIGHEST WIND DIRECTION     N (350)
  HIGHEST GUST SPEED    23   HIGHEST GUST DIRECTION    NW (320)
  AVERAGE WIND SPEED     8.2


SKY COVER
  POSSIBLE SUNSHINE  MM
  AVERAGE SKY COVER 0.3


WEATHER CONDITIONS
 THE FOLLOWING WEATHER WAS RECORDED YESTERDAY.
  LIGHT RAIN
  LIGHT SNOW
  FOG


RELATIVE HUMIDITY (PERCENT)
 HIGHEST    89           100 AM
 LOWEST     49           300 PM
 AVERAGE    69

..........................................................


THE BURLINGTON IA CLIMATE NORMALS FOR TODAY
                         NORMAL    RECORD    YEAR
 MAXIMUM TEMPERATURE (F)   66        91      1910
 MINIMUM TEMPERATURE (F)   45        28      1943


SUNRISE AND SUNSET
OCTOBER 16 2018.......SUNRISE   717 AM CDT   SUNSET   623 PM CDT
OCTOBER 17 2018.......SUNRISE   718 AM CDT   SUNSET   621 PM CDT


-  INDICATES NEGATIVE NUMBERS.
R  INDICATES RECORD WAS SET OR TIED.
MM INDICATES DATA IS MISSING.
T  INDICATES TRACE AMOUNT.




$$
