485
CDUS43 KDVN 231025
CLIBRL


CLIMATE REPORT
NATIONAL WEATHER SERVICE QUAD CITIES IA IL
424 AM CST WED JAN 23 2019


...................................

...THE BURLINGTON IA CLIMATE SUMMARY FOR JANUARY 22 2019...

CLIMATE NORMAL PERIOD 1981 TO 2010
CLIMATE RECORD PERIOD 1897 TO 2019


WEATHER ITEM   OBSERVED TIME   RECORD YEAR NORMAL DEPARTURE LAST
                VALUE   (LST)  VALUE       VALUE  FROM      YEAR
                                                  NORMAL
..................................................................
TEMPERATURE (F)
 YESTERDAY
  MAXIMUM         34    840 PM  61    2002  35     -1       56
                                      1967
  MINIMUM         20    129 AM -18    1936  17      3       35
  AVERAGE         27                        26      1       46

PRECIPITATION (IN)
  YESTERDAY        0.40         MM      MM   0.03   0.37     0.06
  MONTH TO DATE    1.53                      0.89   0.64     0.61
  SINCE DEC 1      3.91                      2.98   0.93     0.94
  SINCE JAN 1      1.53                      0.89   0.64     0.61

DEGREE DAYS
 HEATING
  YESTERDAY       38                        39     -1       19
  MONTH TO DATE  797                       858    -61     1001
  SINCE DEC 1   1777                      1971   -194     2148
  SINCE JUL 1   3184                      3044    140     3199

 COOLING
  YESTERDAY        0                         0      0        0
  MONTH TO DATE    0                         0      0        0
  SINCE DEC 1      0                         0      0        0
  SINCE JAN 1      0                         0      0        0
..................................................................


WIND (MPH)
  HIGHEST WIND SPEED    18   HIGHEST WIND DIRECTION    SE (150)
  HIGHEST GUST SPEED    25   HIGHEST GUST DIRECTION    SE (150)
  AVERAGE WIND SPEED     9.1


SKY COVER
  POSSIBLE SUNSHINE  MM
  AVERAGE SKY COVER 0.9


WEATHER CONDITIONS
 THE FOLLOWING WEATHER WAS RECORDED YESTERDAY.
  RAIN
  LIGHT RAIN
  LIGHT SNOW
  FOG
  HAZE


RELATIVE HUMIDITY (PERCENT)
 HIGHEST    89           200 PM
 LOWEST     63           600 AM
 AVERAGE    76

..........................................................


THE BURLINGTON IA CLIMATE NORMALS FOR TODAY
                         NORMAL    RECORD    YEAR
 MAXIMUM TEMPERATURE (F)   35        67      1909
 MINIMUM TEMPERATURE (F)   17       -20      1936


SUNRISE AND SUNSET
JANUARY 23 2019.......SUNRISE   722 AM CST   SUNSET   511 PM CST
JANUARY 24 2019.......SUNRISE   721 AM CST   SUNSET   512 PM CST


-  INDICATES NEGATIVE NUMBERS.
R  INDICATES RECORD WAS SET OR TIED.
MM INDICATES DATA IS MISSING.
T  INDICATES TRACE AMOUNT.




$$
