000
CDUS43 KDVN 220917
CLIBRL


CLIMATE REPORT
NATIONAL WEATHER SERVICE QUAD CITIES IA IL
416 AM CDT TUE MAY 22 2018


...................................

...THE BURLINGTON IA CLIMATE SUMMARY FOR MAY 21 2018...

CLIMATE NORMAL PERIOD 1981 TO 2010
CLIMATE RECORD PERIOD 1897 TO 2018


WEATHER ITEM   OBSERVED TIME   RECORD YEAR NORMAL DEPARTURE LAST
                VALUE   (LST)  VALUE       VALUE  FROM      YEAR
                                                  NORMAL
..................................................................
TEMPERATURE (F)
 YESTERDAY
  MAXIMUM         78    409 PM  92    1934  76      2       57
  MINIMUM         58    625 AM  34    2002  55      3       48
  AVERAGE         68                        65      3       53

PRECIPITATION (IN)
  YESTERDAY        0.12         MM      MM   0.16  -0.04     0.00
  MONTH TO DATE    2.10                      3.35  -1.25     2.72
  SINCE MAR 1      5.59                      9.90  -4.31    11.69
  SINCE JAN 1      9.68                     12.76  -3.08    13.55

DEGREE DAYS
 HEATING
  YESTERDAY        0                         3     -3       12
  MONTH TO DATE   10                       103    -93      108
  SINCE MAR 1   1444                      1187    257     1086
  SINCE JUL 1   5937                      5565    372     4780

 COOLING
  YESTERDAY        3                         3      0        0
  MONTH TO DATE   87                        41     46       48
  SINCE MAR 1     89                        61     28       68
  SINCE JAN 1     89                        61     28       68
..................................................................


WIND (MPH)
  HIGHEST WIND SPEED    16   HIGHEST WIND DIRECTION     W (270)
  HIGHEST GUST SPEED    22   HIGHEST GUST DIRECTION     W (290)
  AVERAGE WIND SPEED     7.5


SKY COVER
  POSSIBLE SUNSHINE  MM
  AVERAGE SKY COVER 0.6


WEATHER CONDITIONS
 THE FOLLOWING WEATHER WAS RECORDED YESTERDAY.
  HEAVY RAIN
  RAIN
  LIGHT RAIN
  FOG


RELATIVE HUMIDITY (PERCENT)
 HIGHEST   100           400 AM
 LOWEST     60           400 PM
 AVERAGE    80

..........................................................


THE BURLINGTON IA CLIMATE NORMALS FOR TODAY
                         NORMAL    RECORD    YEAR
 MAXIMUM TEMPERATURE (F)   76        94      1925
 MINIMUM TEMPERATURE (F)   55        35      1963


SUNRISE AND SUNSET
MAY 22 2018...........SUNRISE   541 AM CDT   SUNSET   822 PM CDT
MAY 23 2018...........SUNRISE   540 AM CDT   SUNSET   822 PM CDT


-  INDICATES NEGATIVE NUMBERS.
R  INDICATES RECORD WAS SET OR TIED.
MM INDICATES DATA IS MISSING.
T  INDICATES TRACE AMOUNT.




$$
