000
CDUS43 KDVN 211023
CLIBRL


CLIMATE REPORT
NATIONAL WEATHER SERVICE QUAD CITIES IA IL
421 AM CST WED FEB 21 2018


...................................

...THE BURLINGTON IA CLIMATE SUMMARY FOR FEBRUARY 20 2018...

CLIMATE NORMAL PERIOD 1981 TO 2010
CLIMATE RECORD PERIOD 1897 TO 2018


WEATHER ITEM   OBSERVED TIME   RECORD YEAR NORMAL DEPARTURE LAST
                VALUE   (LST)  VALUE       VALUE  FROM      YEAR
                                                  NORMAL
..................................................................
TEMPERATURE (F)
 YESTERDAY
  MAXIMUM         42    546 AM  74    2017  40      2       74
  MINIMUM         24   1159 PM  -7    1929  23      1       52
  AVERAGE         33                        32      1       63

PRECIPITATION (IN)
  YESTERDAY        1.26         MM      MM   0.06   1.20     0.15
  MONTH TO DATE    2.97                      1.05   1.92     0.23
  SINCE DEC 1      3.91                      4.38  -0.47     2.67
  SINCE JAN 1      3.58                      2.29   1.29     1.69

DEGREE DAYS
 HEATING
  YESTERDAY       32                        33     -1        2
  MONTH TO DATE  819                       722     97      530
  SINCE DEC 1   3239                      3050    189     2791
  SINCE JUL 1   4290                      4123    167     3547

 COOLING
  YESTERDAY        0                         0      0        0
  MONTH TO DATE    0                         0      0        0
  SINCE DEC 1      0                         0      0        0
  SINCE JAN 1      0                         0      0        0
..................................................................


WIND (MPH)
  HIGHEST WIND SPEED    23   HIGHEST WIND DIRECTION     W (290)
  HIGHEST GUST SPEED    37   HIGHEST GUST DIRECTION    NW (300)
  AVERAGE WIND SPEED     9.1


SKY COVER
  POSSIBLE SUNSHINE  MM
  AVERAGE SKY COVER 0.8


WEATHER CONDITIONS
 THE FOLLOWING WEATHER WAS RECORDED YESTERDAY.
  THUNDERSTORM
  HEAVY RAIN
  RAIN
  LIGHT RAIN
  LT FREEZING RAIN
  FOG


RELATIVE HUMIDITY (PERCENT)
 HIGHEST   100           200 AM
 LOWEST     74          1100 PM
 AVERAGE    87

..........................................................


THE BURLINGTON IA CLIMATE NORMALS FOR TODAY
                         NORMAL    RECORD    YEAR
 MAXIMUM TEMPERATURE (F)   41        68      1983
 MINIMUM TEMPERATURE (F)   23        -7      1963


SUNRISE AND SUNSET
FEBRUARY 21 2018......SUNRISE   650 AM CST   SUNSET   546 PM CST
FEBRUARY 22 2018......SUNRISE   649 AM CST   SUNSET   548 PM CST


-  INDICATES NEGATIVE NUMBERS.
R  INDICATES RECORD WAS SET OR TIED.
MM INDICATES DATA IS MISSING.
T  INDICATES TRACE AMOUNT.




$$
