000
CDUS43 KDVN 272143
CLIBRL


CLIMATE REPORT
NATIONAL WEATHER SERVICE QUAD CITIES IA IL
443 PM CDT WED MAY 27 2020


...................................

...THE BURLINGTON IA CLIMATE SUMMARY FOR MAY 27 2020...
VALID TODAY AS OF 0400 PM LOCAL TIME.

CLIMATE NORMAL PERIOD 1981 TO 2010
CLIMATE RECORD PERIOD 1897 TO 2020


WEATHER ITEM   OBSERVED TIME   RECORD YEAR NORMAL DEPARTURE LAST
                VALUE   (LST)  VALUE       VALUE  FROM      YEAR
                                                  NORMAL
..................................................................
TEMPERATURE (F)
 TODAY
  MAXIMUM         76    249 PM  98    2018  78     -2       79
  MINIMUM         68    512 AM  36    1907  57     11       67
  AVERAGE         72                        67      5       73

PRECIPITATION (IN)
  TODAY            0.01         MM      MM   0.14  -0.13     1.06
  MONTH TO DATE    4.22                      4.25  -0.03     7.18
  SINCE MAR 1      9.10                     10.80  -1.70    14.96
  SINCE JAN 1     11.48                     13.66  -2.18    19.37

DEGREE DAYS
 HEATING
  TODAY            0                         2     -2        0
  MONTH TO DATE  196                       118     78      173
  SINCE MAR 1   1299                      1202     97     1410
  SINCE JUL 1   5666                      5580     86     6242

 COOLING
  TODAY            7                         4      3        8
  MONTH TO DATE   46                        64    -18       58
  SINCE MAR 1     48                        84    -36       61
  SINCE JAN 1     48                        84    -36       61
..................................................................


WIND (MPH)
  HIGHEST WIND SPEED    20   HIGHEST WIND DIRECTION    SE (140)
  HIGHEST GUST SPEED    28   HIGHEST GUST DIRECTION    SE (130)
  AVERAGE WIND SPEED     8.1


SKY COVER
  POSSIBLE SUNSHINE  MM
  AVERAGE SKY COVER 0.6


WEATHER CONDITIONS
 THE FOLLOWING WEATHER WAS RECORDED TODAY.
  FOG
  HAZE


RELATIVE HUMIDITY (PERCENT)
 HIGHEST    90           200 AM
 LOWEST     74           300 PM
 AVERAGE    82

..........................................................


THE BURLINGTON IA CLIMATE NORMALS FOR TOMORROW
                         NORMAL    RECORD    YEAR
 MAXIMUM TEMPERATURE (F)   78        96      2018
 MINIMUM TEMPERATURE (F)   57        37      1947


SUNRISE AND SUNSET
MAY 27 2020...........SUNRISE   538 AM CDT   SUNSET   826 PM CDT
MAY 28 2020...........SUNRISE   537 AM CDT   SUNSET   827 PM CDT


-  INDICATES NEGATIVE NUMBERS.
R  INDICATES RECORD WAS SET OR TIED.
MM INDICATES DATA IS MISSING.
T  INDICATES TRACE AMOUNT.




$$
