511
CDUS43 KDVN 190914
CLIBRL


CLIMATE REPORT
NATIONAL WEATHER SERVICE QUAD CITIES IA IL
414 AM CDT SAT OCT 19 2019


...................................

...THE BURLINGTON IA CLIMATE SUMMARY FOR OCTOBER 18 2019...

CLIMATE NORMAL PERIOD 1981 TO 2010
CLIMATE RECORD PERIOD 1897 TO 2019


WEATHER ITEM   OBSERVED TIME   RECORD YEAR NORMAL DEPARTURE LAST
                VALUE   (LST)  VALUE       VALUE  FROM      YEAR
                                                  NORMAL
..................................................................
TEMPERATURE (F)
 YESTERDAY
  MAXIMUM         66    329 PM  87    1950  65      1       61
  MINIMUM         44    543 AM  23    1948  44      0       31
  AVERAGE         55                        55      0       46

PRECIPITATION (IN)
  YESTERDAY        0.00         MM      MM   0.10  -0.10     0.00
  MONTH TO DATE    1.38                      1.88  -0.50     5.20
  SINCE SEP 1      9.61                      5.40   4.21    11.22
  SINCE JAN 1     41.34                     32.65   8.69    33.32

DEGREE DAYS
 HEATING
  YESTERDAY       10                        11     -1       19
  MONTH TO DATE  181                       151     30      203
  SINCE SEP 1    182                       218    -36      261
  SINCE JUL 1    182                       222    -40      261

 COOLING
  YESTERDAY        0                         0      0        0
  MONTH TO DATE   21                        19      2       38
  SINCE SEP 1    246                       158     88      225
  SINCE JAN 1   1236                      1201     35     1417
..................................................................


WIND (MPH)
  HIGHEST WIND SPEED    20   HIGHEST WIND DIRECTION     S (180)
  HIGHEST GUST SPEED    29   HIGHEST GUST DIRECTION     S (180)
  AVERAGE WIND SPEED    10.4


SKY COVER
  POSSIBLE SUNSHINE  MM
  AVERAGE SKY COVER 0.0


WEATHER CONDITIONS
 THE FOLLOWING WEATHER WAS RECORDED YESTERDAY.
  NO SIGNIFICANT WEATHER WAS OBSERVED.


RELATIVE HUMIDITY (PERCENT)
 HIGHEST    76           200 AM
 LOWEST     48           200 PM
 AVERAGE    62

..........................................................


THE BURLINGTON IA CLIMATE NORMALS FOR TODAY
                         NORMAL    RECORD    YEAR
 MAXIMUM TEMPERATURE (F)   65        85      1953
 MINIMUM TEMPERATURE (F)   44        18      1972


SUNRISE AND SUNSET
OCTOBER 19 2019.......SUNRISE   720 AM CDT   SUNSET   618 PM CDT
OCTOBER 20 2019.......SUNRISE   721 AM CDT   SUNSET   617 PM CDT


-  INDICATES NEGATIVE NUMBERS.
R  INDICATES RECORD WAS SET OR TIED.
MM INDICATES DATA IS MISSING.
T  INDICATES TRACE AMOUNT.




$$
