000
CDUS43 KDVN 192130
CLIBRL

CLIMATE REPORT
NATIONAL WEATHER SERVICE QUAD CITIES IA IL
430 PM CDT MON OCT 19 2020

...................................

...THE BURLINGTON IA CLIMATE SUMMARY FOR OCTOBER 19 2020...
VALID TODAY AS OF 0400 PM LOCAL TIME.

CLIMATE NORMAL PERIOD 1981 TO 2010
CLIMATE RECORD PERIOD 1897 TO 2020


WEATHER ITEM   OBSERVED TIME   RECORD YEAR NORMAL DEPARTURE LAST
                VALUE   (LST)  VALUE       VALUE  FROM      YEAR
                                                  NORMAL
...................................................................
TEMPERATURE (F)
 TODAY
  MAXIMUM         41   1153 AM  86    1910  65    -24       61
  MINIMUM         37    221 PM  18    1972  44     -7       45
  AVERAGE         39                        54    -15       53

PRECIPITATION (IN)
  TODAY            T             1.95 1962   0.10  -0.10      T
  MONTH TO DATE    0.29                      1.98  -1.69     1.38
  SINCE SEP 1      4.43                      5.50  -1.07     9.61
  SINCE JAN 1     25.08                     32.75  -7.67    41.34

DEGREE DAYS
 HEATING
  TODAY           26                        11     15       12
  MONTH TO DATE  195                       162     33      193
  SINCE SEP 1    246                       229     17      194
  SINCE JUL 1    246                       233     13      194

 COOLING
  TODAY            0                         0      0        0
  MONTH TO DATE   14                        19     -5       21
  SINCE SEP 1    129                       158    -29      246
  SINCE JAN 1   1156                      1201    -45     1236
...................................................................


WIND (MPH)
  HIGHEST WIND SPEED    21   HIGHEST WIND DIRECTION     N (360)
  HIGHEST GUST SPEED    29   HIGHEST GUST DIRECTION     N (360)
  AVERAGE WIND SPEED    10.4


SKY COVER
  POSSIBLE SUNSHINE  MM
  AVERAGE SKY COVER 1.0


WEATHER CONDITIONS
THE FOLLOWING WEATHER WAS RECORDED TODAY.
  LIGHT RAIN


RELATIVE HUMIDITY (PERCENT)
 HIGHEST    82           200 PM
 LOWEST     62          1000 AM
 AVERAGE    72

..........................................................


THE BURLINGTON IA CLIMATE NORMALS FOR TOMORROW
                         NORMAL    RECORD    YEAR
 MAXIMUM TEMPERATURE (F)   65        85      1963
                                             1979
 MINIMUM TEMPERATURE (F)   43        21      1960


SUNRISE AND SUNSET
OCTOBER 19 2020.......SUNRISE   721 AM CDT   SUNSET   617 PM CDT
OCTOBER 20 2020.......SUNRISE   722 AM CDT   SUNSET   616 PM CDT


-  INDICATES NEGATIVE NUMBERS.
R  INDICATES RECORD WAS SET OR TIED.
MM INDICATES DATA IS MISSING.
T  INDICATES TRACE AMOUNT.




$$
