000
CDUS44 KBRO 260627
CLIBRO


CLIMATE REPORT
NATIONAL WEATHER SERVICE BROWNSVILLE TX
127 AM CDT SAT MAY 26 2018


...................................

...THE BROWNSVILLE CLIMATE SUMMARY FOR MAY 25 2018...

CLIMATE NORMAL PERIOD 1981 TO 2010
CLIMATE RECORD PERIOD 1878 TO 2018


WEATHER ITEM   OBSERVED TIME   RECORD YEAR NORMAL DEPARTURE LAST
                VALUE   (LST)  VALUE       VALUE  FROM      YEAR
                                                  NORMAL
..................................................................
TEMPERATURE (F)
 YESTERDAY
  MAXIMUM         97R  1241 PM  96    2011  90      7       91
                                      1919
  MINIMUM         75    618 AM  52    1901  74      1       67
  AVERAGE         86                        82      4       79

PRECIPITATION (IN)
  YESTERDAY        0.00          1.76 2007   0.09  -0.09     0.00
  MONTH TO DATE    0.68                      2.09  -1.41     0.45
  SINCE MAR 1      3.07                      4.86  -1.79     2.92
  SINCE JAN 1      5.30                      7.21  -1.91     4.46

SNOWFALL (IN)
  YESTERDAY        0.0
  MONTH TO DATE    0.0
  SINCE MAR 1      0.0
  SINCE JUL 1      0.3
  SNOW DEPTH       0

DEGREE DAYS
 HEATING
  YESTERDAY        0                         0      0        0
  MONTH TO DATE    0                         0      0        0
  SINCE MAR 1      3                        51    -48        2
  SINCE JUL 1    485                       554    -69      201

 COOLING
  YESTERDAY       21                        17      4       14
  MONTH TO DATE  445                       372     73      418
  SINCE MAR 1   1058                       848    210     1128
  SINCE JAN 1   1323                       989    334     1515
..................................................................


WIND (MPH)
  HIGHEST WIND SPEED    17   HIGHEST WIND DIRECTION    SE (130)
  HIGHEST GUST SPEED    23   HIGHEST GUST DIRECTION    SE (130)
  AVERAGE WIND SPEED     7.0


SKY COVER
  POSSIBLE SUNSHINE  MM
  AVERAGE SKY COVER 0.1


WEATHER CONDITIONS
 THE FOLLOWING WEATHER WAS RECORDED YESTERDAY.
  NO SIGNIFICANT WEATHER WAS OBSERVED.


RELATIVE HUMIDITY (PERCENT)
 HIGHEST   100           400 AM
 LOWEST     46          1200 PM
 AVERAGE    73

..........................................................


THE BROWNSVILLE CLIMATE NORMALS FOR TODAY
                         NORMAL    RECORD    YEAR
 MAXIMUM TEMPERATURE (F)   90        98      1928
 MINIMUM TEMPERATURE (F)   74        50      1901


SUNRISE AND SUNSET
MAY 26 2018...........SUNRISE   639 AM CDT   SUNSET   814 PM CDT
MAY 27 2018...........SUNRISE   639 AM CDT   SUNSET   815 PM CDT


-  INDICATES NEGATIVE NUMBERS.
R  INDICATES RECORD WAS SET OR TIED.
MM INDICATES DATA IS MISSING.
T  INDICATES TRACE AMOUNT.




$$
