847
CDUS44 KBRO 142134
CLIBRO


CLIMATE REPORT
NATIONAL WEATHER SERVICE BROWNSVILLE TX
428 PM CDT TUE AUG 14 2018


...................................

...THE BROWNSVILLE CLIMATE SUMMARY FOR AUGUST 14 2018...
VALID TODAY AS OF 0400 PM LOCAL TIME.

CLIMATE NORMAL PERIOD 1981 TO 2010
CLIMATE RECORD PERIOD 1878 TO 2018


WEATHER ITEM   OBSERVED TIME   RECORD YEAR NORMAL DEPARTURE LAST
                VALUE   (LST)  VALUE       VALUE  FROM      YEAR
                                                  NORMAL
..................................................................
TEMPERATURE (F)
 TODAY
  MAXIMUM         97    112 PM 102    1962  95      2       95
  MINIMUM         80    634 AM  63    1967  76      4       77
  AVERAGE         89                        86      3       86

PRECIPITATION (IN)
  TODAY            T             1.00 2003   0.08  -0.08     0.00
  MONTH TO DATE    0.35                      0.85  -0.50     0.97
  SINCE JUN 1      6.04                      5.46   0.58     6.77
  SINCE JAN 1     11.34                     13.22  -1.88    12.63

SNOWFALL (IN)
  TODAY            0.0
  MONTH TO DATE    0.0
  SINCE JUN 1      0.0
  SINCE JUL 1      0.0
  SNOW DEPTH       0

DEGREE DAYS
 HEATING
  TODAY            0                         0      0        0
  MONTH TO DATE    0                         0      0        0
  SINCE JUN 1      0                         0      0        0
  SINCE JUL 1      0                         0      0        0

 COOLING
  TODAY           24                        21      3       21
  MONTH TO DATE  317                       294     23      314
  SINCE JUN 1   1695                      1479    216     1525
  SINCE JAN 1   3143                      2572    571     3162
..................................................................


WIND (MPH)
  HIGHEST WIND SPEED    24   HIGHEST WIND DIRECTION    SE (150)
  HIGHEST GUST SPEED    31   HIGHEST GUST DIRECTION     S (160)
  AVERAGE WIND SPEED    12.2


SKY COVER
  POSSIBLE SUNSHINE  MM
  AVERAGE SKY COVER 0.3


WEATHER CONDITIONS
 THE FOLLOWING WEATHER WAS RECORDED TODAY.
  LIGHT RAIN


RELATIVE HUMIDITY (PERCENT)
 HIGHEST    94           200 AM
 LOWEST     48          1200 PM
 AVERAGE    71

..........................................................


THE BROWNSVILLE CLIMATE NORMALS FOR TOMORROW
                         NORMAL    RECORD    YEAR
 MAXIMUM TEMPERATURE (F)   95       100      2013
                                             1901
                                             1896
 MINIMUM TEMPERATURE (F)   76        67      1931


SUNRISE AND SUNSET
AUGUST 14 2018........SUNRISE   702 AM CDT   SUNSET   806 PM CDT
AUGUST 15 2018........SUNRISE   703 AM CDT   SUNSET   805 PM CDT


-  INDICATES NEGATIVE NUMBERS.
R  INDICATES RECORD WAS SET OR TIED.
MM INDICATES DATA IS MISSING.
T  INDICATES TRACE AMOUNT.




$$
