000
CDUS44 KBRO 202227
CLIBRO


CLIMATE REPORT
NATIONAL WEATHER SERVICE BROWNSVILLE TX
426 PM CST SUN JAN 20 2019


...................................

...THE BROWNSVILLE CLIMATE SUMMARY FOR JANUARY 20 2019...
VALID TODAY AS OF 0400 PM LOCAL TIME.

CLIMATE NORMAL PERIOD 1981 TO 2010
CLIMATE RECORD PERIOD 1878 TO 2019


WEATHER ITEM   OBSERVED TIME   RECORD YEAR NORMAL DEPARTURE LAST
                VALUE   (LST)  VALUE       VALUE  FROM      YEAR
                                                  NORMAL
..................................................................
TEMPERATURE (F)
 TODAY
  MAXIMUM         66    138 PM  87    1953  71     -5       80
  MINIMUM         43    739 AM  27    1883  52     -9       53
  AVERAGE         55                        61     -6       67

PRECIPITATION (IN)
  TODAY            0.00          0.80 1968   0.04  -0.04     0.00
  MONTH TO DATE    0.70                      0.75  -0.05     0.22
  SINCE DEC 1      1.35                      1.90  -0.55     1.37
  SINCE JAN 1      0.70                      0.75  -0.05     0.22

SNOWFALL (IN)
  TODAY            0.0
  MONTH TO DATE    0.0
  SINCE DEC 1      0.0
  SINCE JUL 1      0.0
  SNOW DEPTH       0

DEGREE DAYS
 HEATING
  TODAY           10                         6      4        0
  MONTH TO DATE   66                       120    -54      213
  SINCE DEC 1    167                       285   -118      389
  SINCE JUL 1    300                       339    -39      405

 COOLING
  TODAY            0                         2     -2        2
  MONTH TO DATE   51                        40     11       17
  SINCE DEC 1    130                       120     10      124
  SINCE JAN 1     51                        40     11       17
..................................................................


WIND (MPH)
  HIGHEST WIND SPEED    14   HIGHEST WIND DIRECTION     N (20)
  HIGHEST GUST SPEED    20   HIGHEST GUST DIRECTION     N (20)
  AVERAGE WIND SPEED     7.5


SKY COVER
  POSSIBLE SUNSHINE  MM
  AVERAGE SKY COVER 0.0


WEATHER CONDITIONS
 THE FOLLOWING WEATHER WAS RECORDED TODAY.
  NO SIGNIFICANT WEATHER WAS OBSERVED.


RELATIVE HUMIDITY (PERCENT)
 HIGHEST    76           800 AM
 LOWEST     40           200 PM
 AVERAGE    58

..........................................................


THE BROWNSVILLE CLIMATE NORMALS FOR TOMORROW
                         NORMAL    RECORD    YEAR
 MAXIMUM TEMPERATURE (F)   71        95      2017
 MINIMUM TEMPERATURE (F)   52        26      1883


SUNRISE AND SUNSET
JANUARY 20 2019.......SUNRISE   718 AM CST   SUNSET   604 PM CST
JANUARY 21 2019.......SUNRISE   717 AM CST   SUNSET   605 PM CST


-  INDICATES NEGATIVE NUMBERS.
R  INDICATES RECORD WAS SET OR TIED.
MM INDICATES DATA IS MISSING.
T  INDICATES TRACE AMOUNT.




$$
