000
CDUS44 KBRO 212129
CLIBRO


CLIMATE REPORT
NATIONAL WEATHER SERVICE BROWNSVILLE TX
427 PM CDT SUN OCT 21 2018


...................................

...THE BROWNSVILLE CLIMATE SUMMARY FOR OCTOBER 21 2018...
VALID TODAY AS OF 0400 PM LOCAL TIME.

CLIMATE NORMAL PERIOD 1981 TO 2010
CLIMATE RECORD PERIOD 1878 TO 2018


WEATHER ITEM   OBSERVED TIME   RECORD YEAR NORMAL DEPARTURE LAST
                VALUE   (LST)  VALUE       VALUE  FROM      YEAR
                                                  NORMAL
..................................................................
TEMPERATURE (F)
 TODAY
  MAXIMUM         73    111 PM  92    2017  85    -12       92
                                      2007
                                      1979
  MINIMUM         69   1051 AM  50    1964  66      3       72
                                      1917
  AVERAGE         71                        75     -4       82

PRECIPITATION (IN)
  TODAY            0.02          4.28 1887   0.12  -0.10     0.00
  MONTH TO DATE    1.29                      2.80  -1.51     3.00
  SINCE SEP 1      9.00                      8.72   0.28     7.64
  SINCE JAN 1     20.47                     23.53  -3.06    20.68

SNOWFALL (IN)
  TODAY            0.0
  MONTH TO DATE    0.0
  SINCE SEP 1      0.0
  SINCE JUL 1      0.0
  SNOW DEPTH       0

DEGREE DAYS
 HEATING
  TODAY            0                         0      0        0
  MONTH TO DATE   15                         0     15        0
  SINCE SEP 1     15                         0     15        0
  SINCE JUL 1     15                         0     15        0

 COOLING
  TODAY            6                        11     -5       17
  MONTH TO DATE  313                       259     54      300
  SINCE SEP 1    917                       763    154      832
  SINCE JAN 1   4458                      3670    788     4359
..................................................................


WIND (MPH)
  HIGHEST WIND SPEED    20   HIGHEST WIND DIRECTION     N (340)
  HIGHEST GUST SPEED    26   HIGHEST GUST DIRECTION     N (350)
  AVERAGE WIND SPEED    13.0


SKY COVER
  POSSIBLE SUNSHINE  MM
  AVERAGE SKY COVER 1.0


WEATHER CONDITIONS
 THE FOLLOWING WEATHER WAS RECORDED TODAY.
  LIGHT RAIN
  FOG


RELATIVE HUMIDITY (PERCENT)
 HIGHEST   100           100 AM
 LOWEST     93          1200 AM
 AVERAGE    97

..........................................................


THE BROWNSVILLE CLIMATE NORMALS FOR TOMORROW
                         NORMAL    RECORD    YEAR
 MAXIMUM TEMPERATURE (F)   85        95      1979
 MINIMUM TEMPERATURE (F)   66        48      1999


SUNRISE AND SUNSET
OCTOBER 21 2018.......SUNRISE   732 AM CDT   SUNSET   657 PM CDT
OCTOBER 22 2018.......SUNRISE   732 AM CDT   SUNSET   656 PM CDT


-  INDICATES NEGATIVE NUMBERS.
R  INDICATES RECORD WAS SET OR TIED.
MM INDICATES DATA IS MISSING.
T  INDICATES TRACE AMOUNT.




$$
