000
CDUS44 KBRO 272128
CLIBRO


CLIMATE REPORT
NATIONAL WEATHER SERVICE BROWNSVILLE TX
425 PM CDT WED MAY 27 2020


...................................

...THE BROWNSVILLE CLIMATE SUMMARY FOR MAY 27 2020...
VALID TODAY AS OF 0400 PM LOCAL TIME.

CLIMATE NORMAL PERIOD 1981 TO 2010
CLIMATE RECORD PERIOD 1878 TO 2020


WEATHER ITEM   OBSERVED TIME   RECORD YEAR NORMAL DEPARTURE LAST
                VALUE   (LST)  VALUE       VALUE  FROM      YEAR
                                                  NORMAL
..................................................................
TEMPERATURE (F)
 TODAY
  MAXIMUM         94    259 PM  99    1973  90      4       92
  MINIMUM         72    548 AM  60    1913  74     -2       76
                                      1901
  AVERAGE         83                        82      1       84

PRECIPITATION (IN)
  TODAY            0.00          1.69 2009   0.09  -0.09     0.00
  MONTH TO DATE    1.90                      2.27  -0.37     1.15
  SINCE MAR 1      2.36                      5.04  -2.68     3.78
  SINCE JAN 1      2.99                      7.39  -4.40     5.68

SNOWFALL (IN)
  TODAY            0.0
  MONTH TO DATE    0.0
  SINCE MAR 1      0.0
  SINCE JUL 1      0.0
  SNOW DEPTH       0

DEGREE DAYS
 HEATING
  TODAY            0                         0      0        0
  MONTH TO DATE    0                         0      0        0
  SINCE MAR 1      0                        51    -51       95
  SINCE JUL 1    317                       554   -237      512

 COOLING
  TODAY           18                        17      1       19
  MONTH TO DATE  494                       406     88      509
  SINCE MAR 1   1324                       882    442     1071
  SINCE JAN 1   1554                      1023    531     1278
..................................................................


WIND (MPH)
  HIGHEST WIND SPEED    17   HIGHEST WIND DIRECTION    SE (150)
  HIGHEST GUST SPEED    26   HIGHEST GUST DIRECTION    SE (140)
  AVERAGE WIND SPEED     5.5


SKY COVER
  POSSIBLE SUNSHINE  MM
  AVERAGE SKY COVER 0.1


WEATHER CONDITIONS
 THE FOLLOWING WEATHER WAS RECORDED TODAY.
  NO SIGNIFICANT WEATHER WAS OBSERVED.


RELATIVE HUMIDITY (PERCENT)
 HIGHEST    93           200 AM
 LOWEST     39           300 PM
 AVERAGE    66

..........................................................


THE BROWNSVILLE CLIMATE NORMALS FOR TOMORROW
                         NORMAL    RECORD    YEAR
 MAXIMUM TEMPERATURE (F)   90        98      1919
 MINIMUM TEMPERATURE (F)   74        61      1913


SUNRISE AND SUNSET
MAY 27 2020...........SUNRISE   639 AM CDT   SUNSET   815 PM CDT
MAY 28 2020...........SUNRISE   639 AM CDT   SUNSET   816 PM CDT


-  INDICATES NEGATIVE NUMBERS.
R  INDICATES RECORD WAS SET OR TIED.
MM INDICATES DATA IS MISSING.
T  INDICATES TRACE AMOUNT.




$$
