000
CDUS44 KBRO 192134
CLIBRO


CLIMATE REPORT
NATIONAL WEATHER SERVICE BROWNSVILLE TX
433 PM CDT SAT OCT 19 2019


...................................

...THE BROWNSVILLE CLIMATE SUMMARY FOR OCTOBER 19 2019...
VALID TODAY AS OF 0400 PM LOCAL TIME.

CLIMATE NORMAL PERIOD 1981 TO 2010
CLIMATE RECORD PERIOD 1878 TO 2019


WEATHER ITEM   OBSERVED TIME   RECORD YEAR NORMAL DEPARTURE LAST
                VALUE   (LST)  VALUE       VALUE  FROM      YEAR
                                                  NORMAL
..................................................................
TEMPERATURE (F)
 TODAY
  MAXIMUM         91    212 PM  94    2016  85      6       78
  MINIMUM         72    651 AM  45    1989  66      6       61
  AVERAGE         82                        76      6       70

PRECIPITATION (IN)
  TODAY            0.00          2.63 1951   0.11  -0.11      T
  MONTH TO DATE    1.72                      2.56  -0.84     1.27
  SINCE SEP 1      6.30                      8.48  -2.18     8.98
  SINCE JAN 1     19.99                     23.29  -3.30    20.45

SNOWFALL (IN)
  TODAY            0.0
  MONTH TO DATE    0.0
  SINCE SEP 1      0.0
  SINCE JUL 1      0.0
  SNOW DEPTH       0

DEGREE DAYS
 HEATING
  TODAY            0                         0      0        0
  MONTH TO DATE    0                         0      0       15
  SINCE SEP 1      0                         0      0       15
  SINCE JUL 1      0                         0      0       15

 COOLING
  TODAY           17                        11      6        5
  MONTH TO DATE  296                       237     59      298
  SINCE SEP 1    907                       741    166      902
  SINCE JAN 1   4405                      3648    757     4443
..................................................................


WIND (MPH)
  HIGHEST WIND SPEED    20   HIGHEST WIND DIRECTION     S (160)
  HIGHEST GUST SPEED    24   HIGHEST GUST DIRECTION     S (170)
  AVERAGE WIND SPEED     8.3


SKY COVER
  POSSIBLE SUNSHINE  MM
  AVERAGE SKY COVER 0.3


WEATHER CONDITIONS
 THE FOLLOWING WEATHER WAS RECORDED TODAY.
  NO SIGNIFICANT WEATHER WAS OBSERVED.


RELATIVE HUMIDITY (PERCENT)
 HIGHEST    93          1200 AM
 LOWEST     56           200 PM
 AVERAGE    75

..........................................................


THE BROWNSVILLE CLIMATE NORMALS FOR TOMORROW
                         NORMAL    RECORD    YEAR
 MAXIMUM TEMPERATURE (F)   85        94      1918
 MINIMUM TEMPERATURE (F)   66        40      1989


SUNRISE AND SUNSET
OCTOBER 19 2019.......SUNRISE   731 AM CDT   SUNSET   658 PM CDT
OCTOBER 20 2019.......SUNRISE   731 AM CDT   SUNSET   658 PM CDT


-  INDICATES NEGATIVE NUMBERS.
R  INDICATES RECORD WAS SET OR TIED.
MM INDICATES DATA IS MISSING.
T  INDICATES TRACE AMOUNT.




$$
