562
CDAK49 PAFG 180049
CLIBRW

CLIMATE REPORT
NATIONAL WEATHER SERVICE FAIRBANKS AK
449 PM AKDT TUE JUL 17 2018


...................................

...THE BARROW AK CLIMATE SUMMARY FOR JULY 17 2018...
VALID TODAY AS OF 0400 PM LOCAL TIME.

CLIMATE NORMAL PERIOD 1981 TO 2010
CLIMATE RECORD PERIOD 1920 TO 2018


WEATHER ITEM   OBSERVED TIME   RECORD YEAR NORMAL DEPARTURE LAST
                VALUE   (LST)  VALUE       VALUE  FROM      YEAR
                                                  NORMAL
..................................................................
TEMPERATURE (F)
 TODAY
  MAXIMUM         51    259 PM  70    1948  47      4       64
  MINIMUM         35    225 AM  27    1943  35      0       45
  AVERAGE         43                        41      2       55

PRECIPITATION (IN)
  TODAY            T             0.29 1956   0.03  -0.03     0.01
  MONTH TO DATE    0.47                      0.50  -0.03     0.57
  SINCE JUN 1      0.56                      0.82  -0.26     0.83
  SINCE JAN 1      1.68                      1.52   0.16     2.94

SNOWFALL (IN)
  TODAY            0.0           0.2  1922   0.0    0.0      0.0
  MONTH TO DATE    2.0                       0.1    1.9      0.0
  SINCE JUN 1      2.3                       0.8    1.5      0.5
  SINCE JUL 1      2.0                       0.1    1.9      0.0
  SNOW DEPTH       0

DEGREE DAYS
 HEATING
  TODAY           22                        24     -2       10
  MONTH TO DATE  414                       411      3      321
  SINCE JUN 1   1354                      1292     62     1222
  SINCE JUL 1    414                       411      3      321

 COOLING
  TODAY            0                         0      0        0
  MONTH TO DATE    0                         0      0        0
  SINCE JUN 1      0                         0      0        0
  SINCE JAN 1      0                         0      0        0
..................................................................


WIND (MPH)
  HIGHEST GUST SPEED    16   HIGHEST GUST DIRECTION     W (250)


SKY COVER
  AVERAGE SKY COVER 1.0


WEATHER CONDITIONS
 THE FOLLOWING WEATHER WAS RECORDED TODAY.
  RAIN
  FOG
  FOG W/VISIBILITY <= 1/4 MILE


RELATIVE HUMIDITY (PERCENT)
 HIGHEST   100
 LOWEST     63
 AVERAGE    82

..........................................................


THE BARROW AK CLIMATE NORMALS FOR TOMORROW
                         NORMAL    RECORD    YEAR
 MAXIMUM TEMPERATURE (F)   47        65      2017
                                             2007
 MINIMUM TEMPERATURE (F)   35        25      1931


SUNRISE AND SUNSET
JULY 17 2018..........SUN ABOVE VISIBLE HORIZON.
JULY 18 2018..........SUN ABOVE VISIBLE HORIZON.

-  INDICATES NEGATIVE NUMBERS.
R  INDICATES RECORD WAS SET OR TIED.
MM INDICATES DATA IS MISSING.
T  INDICATES TRACE AMOUNT.

&&

SNOW DEPTH IS MEASURED AT 3AM AKST/4AM AKDT.

----------------------------
AVAILABLE DAYLIGHT

AMOUNT OF DAYLIGHT TODAY  (HOUR:MIN)........24:00
GAIN/LOSS SINCE YESTERDAY (HOUR:MIN:SEC)....+0:00:00

$$
JUL 18
