215
CDAK49 PAFG 230045
CLIBRW

CLIMATE REPORT
NATIONAL WEATHER SERVICE FAIRBANKS AK
445 PM AKDT MON OCT 22 2018


...................................

...THE UTQIAGVIK (BARROW) AK CLIMATE SUMMARY FOR OCTOBER 22 2018...
VALID TODAY AS OF 0400 PM LOCAL TIME.

CLIMATE NORMAL PERIOD 1981 TO 2010
CLIMATE RECORD PERIOD 1920 TO 2018


WEATHER ITEM   OBSERVED TIME   RECORD YEAR NORMAL DEPARTURE LAST
                VALUE   (LST)  VALUE       VALUE  FROM      YEAR
                                                  NORMAL
..................................................................
TEMPERATURE (F)
 TODAY
  MAXIMUM         27        MM  42    1957  19      8       27
  MINIMUM         22        MM -22    1983   9     13        3
  AVERAGE         25                        14     11       15

PRECIPITATION (IN)
  TODAY            0.00          0.10 2009   0.01  -0.01     0.01
                                      1923
  MONTH TO DATE    0.11                      0.31  -0.20     0.59
  SINCE SEP 1      0.50                      1.03  -0.53     1.28
  SINCE JAN 1      4.55                      4.08   0.47     6.95

SNOWFALL (IN)
  TODAY            0.0           1.7  2011   0.3   -0.3      0.1
                                      1944
  MONTH TO DATE    1.2                       6.5   -5.3      4.0
  SINCE SEP 1      2.6                      10.9   -8.3      6.5
  SINCE JUL 1      5.1                      12.0   -6.9      7.3
  SNOW DEPTH       0

DEGREE DAYS
 HEATING
  TODAY           40                        51    -11       50
  MONTH TO DATE  780                       991   -211      851
  SINCE SEP 1   1671                      1977   -306     1747
  SINCE JUL 1   3201                      3532   -331     3090

 COOLING
  TODAY            0                         0      0        0
  MONTH TO DATE    0                         0      0        0
  SINCE SEP 1      0                         0      0        0
  SINCE JAN 1      0                         0      0        0
..................................................................


WIND (MPH)
  HIGHEST GUST SPEED    MM   HIGHEST GUST DIRECTION    MM


SKY COVER
  AVERAGE SKY COVER 1.0


WEATHER CONDITIONS
 THE FOLLOWING WEATHER WAS RECORDED TODAY.
  FOG


RELATIVE HUMIDITY (PERCENT)
 HIGHEST    96
 LOWEST     88
 AVERAGE    92

..........................................................


THE UTQIAGVIK (BARROW) AK CLIMATE NORMALS FOR TOMORROW
                         NORMAL    RECORD    YEAR
 MAXIMUM TEMPERATURE (F)   18        37      1957
 MINIMUM TEMPERATURE (F)    8       -21      1983


SUNRISE AND SUNSET
OCTOBER 22 2018.......SUNRISE  1023 AM AKDT  SUNSET   600 PM AKDT
OCTOBER 23 2018.......SUNRISE  1028 AM AKDT  SUNSET   554 PM AKDT

-  INDICATES NEGATIVE NUMBERS.
R  INDICATES RECORD WAS SET OR TIED.
MM INDICATES DATA IS MISSING.
T  INDICATES TRACE AMOUNT.

&&

SNOW DEPTH IS MEASURED AT 3AM AKST/4AM AKDT.

----------------------------
AVAILABLE DAYLIGHT

AMOUNT OF DAYLIGHT TODAY  (HOUR:MIN)........7:37
GAIN/LOSS SINCE YESTERDAY (HOUR:MIN:SEC)....-0:10:11

$$
OCT 18
