000
CDAK49 PAFG 260943
CLIBRW

CLIMATE REPORT
NATIONAL WEATHER SERVICE FAIRBANKS AK
143 AM AKDT TUE MAY 26 2020


...................................

...THE UTQIAGVIK (BARROW) AK CLIMATE SUMMARY FOR MAY 25 2020...

CLIMATE NORMAL PERIOD 1981 TO 2010
CLIMATE RECORD PERIOD 1920 TO 2020


WEATHER ITEM   OBSERVED TIME   RECORD YEAR NORMAL DEPARTURE LAST
                VALUE   (LST)  VALUE       VALUE  FROM      YEAR
                                                  NORMAL
..................................................................
TEMPERATURE (F)
 YESTERDAY
  MAXIMUM         32    937 PM  44    1938  30      2       34
  MINIMUM         28    259 AM   9    2001  22      6       30
                                      1997
                                      1921
  AVERAGE         30                        26      4       32

PRECIPITATION (IN)
  YESTERDAY        0.00          0.45 2017   0.00   0.00     0.00
  MONTH TO DATE    0.04                      0.13  -0.09     0.02
  SINCE MAR 1      1.71                      0.38   1.33     0.78
  SINCE JAN 1      1.97                      0.65   1.32     1.19

DEGREE DAYS
 HEATING
  YESTERDAY       35                        39     -4       33
  MONTH TO DATE 1112                      1138    -26      953
  SINCE MAR 1   4988                      5441   -453     4499
  SINCE JUL 1  16527                     18298  -1771    15981

 COOLING
  YESTERDAY        0                         0      0        0
  MONTH TO DATE    0                         0      0        0
  SINCE MAR 1      0                         0      0        0
  SINCE JAN 1      0                         0      0        0
..................................................................


WIND (MPH)
  HIGHEST GUST SPEED    18   HIGHEST GUST DIRECTION     E (80)


SKY COVER
  AVERAGE SKY COVER 0.8


WEATHER CONDITIONS
 THE FOLLOWING WEATHER WAS RECORDED YESTERDAY.
  FOG
  FOG W/VISIBILITY <= 1/4 MILE


RELATIVE HUMIDITY (PERCENT)
 HIGHEST   100
 LOWEST     85
 AVERAGE    93

..........................................................


THE UTQIAGVIK (BARROW) AK CLIMATE NORMALS FOR TODAY
                         NORMAL    RECORD    YEAR
 MAXIMUM TEMPERATURE (F)   31        41      1990
 MINIMUM TEMPERATURE (F)   23         5      2001


SUNRISE AND SUNSET
MAY 26 2020...........SUN ABOVE VISIBLE HORIZON.
MAY 27 2020...........SUN ABOVE VISIBLE HORIZON.

-  INDICATES NEGATIVE NUMBERS.
R  INDICATES RECORD WAS SET OR TIED.
MM INDICATES DATA IS MISSING.
T  INDICATES TRACE AMOUNT.

&&

----------------------------
AVAILABLE DAYLIGHT

AMOUNT OF DAYLIGHT TODAY  (HOUR:MIN)........24:00
GAIN/LOSS SINCE YESTERDAY (HOUR:MIN:SEC)....+0:00:00
----------------------------

$$
MAY 20
