000
CDAK49 PAFG 200940
CLIBRW

CLIMATE REPORT
NATIONAL WEATHER SERVICE FAIRBANKS AK
140 AM AKDT SUN OCT 20 2019


...................................

...THE UTQIAGVIK (BARROW) AK CLIMATE SUMMARY FOR OCTOBER 19 2019...

CLIMATE NORMAL PERIOD 1981 TO 2010
CLIMATE RECORD PERIOD 1920 TO 2019


WEATHER ITEM   OBSERVED TIME   RECORD YEAR NORMAL DEPARTURE LAST
                VALUE   (LST)  VALUE       VALUE  FROM      YEAR
                                                  NORMAL
..................................................................
TEMPERATURE (F)
 YESTERDAY
  MAXIMUM         33    132 AM  35    1961  20     13       30
  MINIMUM         27   1159 PM -15    1924  11     16       27
  AVERAGE         30                        16     14       29

PRECIPITATION (IN)
  YESTERDAY        T             0.25 1925   0.01  -0.01      T
  MONTH TO DATE    0.48                      0.28   0.20     0.23
  SINCE SEP 1      1.40                      1.00   0.40     0.62
  SINCE JAN 1      8.40                      4.05   4.35     4.67

SNOWFALL (IN)
  YESTERDAY       MM             3.8  1925   0.3   MM         T
  MONTH TO DATE    T                         5.5   -5.5      2.3
  SINCE SEP 1      T                         9.9   -9.9      3.7
  SINCE JUL 1      T                        11.0  -11.0      6.2
  SNOW DEPTH      MM

DEGREE DAYS
 HEATING
  YESTERDAY       35                        50    -15       36
  MONTH TO DATE  631                       839   -208      659
  SINCE SEP 1   1349                      1825   -476     1550
  SINCE JUL 1   2540                      3380   -840     3080

 COOLING
  YESTERDAY        0                         0      0        0
  MONTH TO DATE    0                         0      0        0
  SINCE SEP 1      0                         0      0        0
  SINCE JAN 1      0                         0      0        0
..................................................................


WIND (MPH)
  HIGHEST GUST SPEED    32   HIGHEST GUST DIRECTION     E (110)


SKY COVER
  AVERAGE SKY COVER 1.0


WEATHER CONDITIONS
 THE FOLLOWING WEATHER WAS RECORDED YESTERDAY.
  LIGHT SNOW
  FOG
  HAZE
  BLOWING SNOW


RELATIVE HUMIDITY (PERCENT)
 HIGHEST    85
 LOWEST     78
 AVERAGE    82

..........................................................


THE UTQIAGVIK (BARROW) AK CLIMATE NORMALS FOR TODAY
                         NORMAL    RECORD    YEAR
 MAXIMUM TEMPERATURE (F)   20        37      1925
 MINIMUM TEMPERATURE (F)   10       -17      1933


SUNRISE AND SUNSET
OCTOBER 20 2019.......SUNRISE  1012 AM AKDT  SUNSET   611 PM AKDT
OCTOBER 21 2019.......SUNRISE  1016 AM AKDT  SUNSET   606 PM AKDT

-  INDICATES NEGATIVE NUMBERS.
R  INDICATES RECORD WAS SET OR TIED.
MM INDICATES DATA IS MISSING.
T  INDICATES TRACE AMOUNT.

&&

SNOW DEPTH IS MEASURED AT 3AM AKST/4AM AKDT.

----------------------------
AVAILABLE DAYLIGHT

AMOUNT OF DAYLIGHT TODAY  (HOUR:MIN)........8:00
GAIN/LOSS SINCE YESTERDAY (HOUR:MIN:SEC)....-0:10:00

$$
THR OCT 19
