000
CDAK49 PAFG 220949
CLIBRW

CLIMATE REPORT
NATIONAL WEATHER SERVICE FAIRBANKS AK
149 AM AKDT THU OCT 22 2020


...THE UTQIAGVIK (BARROW) AK CLIMATE SUMMARY FOR OCTOBER 21 2020...

CLIMATE NORMAL PERIOD 1981 TO 2010
CLIMATE RECORD PERIOD 1920 TO 2020


WEATHER ITEM   OBSERVED TIME   RECORD YEAR NORMAL DEPARTURE LAST
                VALUE   (LST)  VALUE       VALUE  FROM      YEAR
                                                  NORMAL
...................................................................
TEMPERATURE (F)
 YESTERDAY
  MAXIMUM         35R  1117 PM  34    1949  19     16       29
                                      2005
  MINIMUM         30    227 AM -21    1983   9     21       16
  AVERAGE         33                        14     19       23

PRECIPITATION (IN)
  YESTERDAY        0.01          0.26 1991   0.01   0.00     0.06
  MONTH TO DATE    0.32                      0.30   0.02     0.40
  SINCE SEP 1      0.97                      1.02  -0.05     1.32
  SINCE JAN 1      4.19                      4.07   0.12     8.32

DEGREE DAYS
 HEATING
  YESTERDAY       32                        51    -19       42
  MONTH TO DATE  781                       940   -159      715
  SINCE SEP 1   1660                      1926   -266     1433
  SINCE JUL 1   3188                      3481   -293     2624

 COOLING
  YESTERDAY        0                         0      0        0
  MONTH TO DATE    0                         0      0        0
  SINCE SEP 1      0                         0      0        0
  SINCE JAN 1      0                         0      0        0
...................................................................


WIND (MPH)
  HIGHEST GUST SPEED    33   HIGHEST GUST DIRECTION     W (250)


SKY COVER
  AVERAGE SKY COVER 1.0


WEATHER CONDITIONS
THE FOLLOWING WEATHER WAS RECORDED YESTERDAY.
  LIGHT SNOW
  FOG
  FOG W/VISIBILITY <= 1/4 MILE


RELATIVE HUMIDITY (PERCENT)
 HIGHEST    92
 LOWEST     78
 AVERAGE    85

..........................................................


THE UTQIAGVIK (BARROW) AK CLIMATE NORMALS FOR TODAY
                         NORMAL    RECORD    YEAR
 MAXIMUM TEMPERATURE (F)   19        42      1957
 MINIMUM TEMPERATURE (F)    9       -22      1983


SUNRISE AND SUNSET
OCTOBER 22 2020.......SUNRISE  1025 AM AKDT  SUNSET   557 PM AKDT
OCTOBER 23 2020.......SUNRISE  1030 AM AKDT  SUNSET   552 PM AKDT

-  INDICATES NEGATIVE NUMBERS.
R  INDICATES RECORD WAS SET OR TIED.
MM INDICATES DATA IS MISSING.
T  INDICATES TRACE AMOUNT.

&&

----------------------------
AVAILABLE DAYLIGHT

AMOUNT OF DAYLIGHT TODAY  (HOUR:MIN)........7:32
GAIN/LOSS SINCE YESTERDAY (HOUR:MIN:SEC)....-0:10:14
----------------------------

$$
OCT 20
