571
CDAK49 PAFG 230048
CLIBRW

CLIMATE REPORT
NATIONAL WEATHER SERVICE FAIRBANKS AK
348 PM AKST THU FEB 22 2018


...................................

...THE BARROW AK CLIMATE SUMMARY FOR FEBRUARY 22 2018...
VALID TODAY AS OF 0300 PM LOCAL TIME.

CLIMATE NORMAL PERIOD 1981 TO 2010
CLIMATE RECORD PERIOD 1920 TO 2018


WEATHER ITEM   OBSERVED TIME   RECORD YEAR NORMAL DEPARTURE LAST
                VALUE   (LST)  VALUE       VALUE  FROM      YEAR
                                                  NORMAL
..................................................................
TEMPERATURE (F)
 TODAY
  MAXIMUM         14   1215 PM  23    1972  -8     22      -11
                                      1928
  MINIMUM          3   1208 AM -47    1964 -20     23      -29
  AVERAGE          9                       -14     23      -20

PRECIPITATION (IN)
  TODAY            0.01          0.10 1971   0.00   0.01     0.00
  MONTH TO DATE    0.33                      0.11   0.22     0.14
  SINCE DEC 1      0.78                      0.38   0.40     0.91
  SINCE JAN 1      0.40                      0.24   0.16     0.61

SNOWFALL (IN)
  TODAY            0.0           1.3  1932   0.1   -0.1      0.0
  MONTH TO DATE    2.9                       2.1    0.8      2.3
  SINCE DEC 1     10.3                       8.2    2.1     11.2
  SINCE JUL 1     27.0                      28.5   -1.5     24.3
  SNOW DEPTH       9

DEGREE DAYS
 HEATING
  TODAY           56                        79    -23       85
  MONTH TO DATE 1270                      1738   -468     1536
  SINCE DEC 1   5245                      6425  -1180     5556
  SINCE JUL 1  10173                     12377  -2204    10511

 COOLING
  TODAY            0                         0      0        0
  MONTH TO DATE    0                         0      0        0
  SINCE DEC 1      0                         0      0        0
  SINCE JAN 1      0                         0      0        0
..................................................................


WIND (MPH)
  HIGHEST GUST SPEED    19   HIGHEST GUST DIRECTION    NE (30)


SKY COVER
  AVERAGE SKY COVER 1.0


WEATHER CONDITIONS
 THE FOLLOWING WEATHER WAS RECORDED TODAY.
  LIGHT SNOW
  FOG


RELATIVE HUMIDITY (PERCENT)
 HIGHEST    95
 LOWEST     83
 AVERAGE    89

..........................................................


THE BARROW AK CLIMATE NORMALS FOR TOMORROW
                         NORMAL    RECORD    YEAR
 MAXIMUM TEMPERATURE (F)   -8        26      2009
 MINIMUM TEMPERATURE (F)  -21       -49      1924


SUNRISE AND SUNSET
FEBRUARY 22 2018......SUNRISE   934 AM AKST  SUNSET   549 PM AKST
FEBRUARY 23 2018......SUNRISE   929 AM AKST  SUNSET   554 PM AKST

-  INDICATES NEGATIVE NUMBERS.
R  INDICATES RECORD WAS SET OR TIED.
MM INDICATES DATA IS MISSING.
T  INDICATES TRACE AMOUNT.

&&

SNOW DEPTH IS MEASURED AT 3AM AKST/4AM AKDT.

----------------------------
AVAILABLE DAYLIGHT

AMOUNT OF DAYLIGHT TODAY  (HOUR:MIN)........8:15
GAIN/LOSS SINCE YESTERDAY (HOUR:MIN:SEC)....+0:10:06

$$
LTH FEB 18
