000
CDAK49 PAFG 160951
CLIBRW

CLIMATE REPORT
NATIONAL WEATHER SERVICE FAIRBANKS AK
1251 AM AKST SAT FEB 16 2019


...................................

...THE UTQIAGVIK (BARROW) AK CLIMATE SUMMARY FOR FEBRUARY 15 2019...

CLIMATE NORMAL PERIOD 1981 TO 2010
CLIMATE RECORD PERIOD 1920 TO 2019


WEATHER ITEM   OBSERVED TIME   RECORD YEAR NORMAL DEPARTURE LAST
                VALUE   (LST)  VALUE       VALUE  FROM      YEAR
                                                  NORMAL
..................................................................
TEMPERATURE (F)
 YESTERDAY
  MAXIMUM        -16    446 PM  34    2006  -8     -8       26
  MINIMUM        -27    143 AM -54    1925 -20     -7       15
  AVERAGE        -21                       -14     -7       21

PRECIPITATION (IN)
  YESTERDAY        0.00          0.04 1959   0.00   0.00     0.01
                                      1942
  MONTH TO DATE    0.41                      0.07   0.34     0.28
  SINCE DEC 1      0.71                      0.34   0.37     0.73
  SINCE JAN 1      0.44                      0.20   0.24     0.35

SNOWFALL (IN)
  YESTERDAY        0.0           0.5  2009   0.1   -0.1      0.3
                                      1959
  MONTH TO DATE    1.6                       1.4    0.2      2.4
  SINCE DEC 1     12.6                       7.5    5.1      9.8
  SINCE JUL 1     31.9                      27.8    4.1     26.5
  SNOW DEPTH       8

DEGREE DAYS
 HEATING
  YESTERDAY       86                        79      7       44
  MONTH TO DATE  960                      1185   -225      925
  SINCE DEC 1   5431                      5872   -441     4900
  SINCE JUL 1  10757                     11824  -1067     9828

 COOLING
  YESTERDAY        0                         0      0        0
  MONTH TO DATE    0                         0      0        0
  SINCE DEC 1      0                         0      0        0
  SINCE JAN 1      0                         0      0        0
..................................................................


WIND (MPH)
  HIGHEST GUST SPEED    28   HIGHEST GUST DIRECTION     E (110)


SKY COVER
  AVERAGE SKY COVER 0.5


WEATHER CONDITIONS
 THE FOLLOWING WEATHER WAS RECORDED YESTERDAY.
  FOG
  HAZE
  BLOWING SNOW


RELATIVE HUMIDITY (PERCENT)
 HIGHEST    86
 LOWEST     72
 AVERAGE    79

..........................................................


THE UTQIAGVIK (BARROW) AK CLIMATE NORMALS FOR TODAY
                         NORMAL    RECORD    YEAR
 MAXIMUM TEMPERATURE (F)   -8        34      2006
 MINIMUM TEMPERATURE (F)  -20       -51      1949


SUNRISE AND SUNSET
FEBRUARY 16 2019......SUNRISE  1007 AM AKST  SUNSET   518 PM AKST
FEBRUARY 17 2019......SUNRISE  1002 AM AKST  SUNSET   523 PM AKST

-  INDICATES NEGATIVE NUMBERS.
R  INDICATES RECORD WAS SET OR TIED.
MM INDICATES DATA IS MISSING.
T  INDICATES TRACE AMOUNT.

&&

SNOW DEPTH IS MEASURED AT 3AM AKST/4AM AKDT.

----------------------------
AVAILABLE DAYLIGHT

AMOUNT OF DAYLIGHT TODAY  (HOUR:MIN)........7:10
GAIN/LOSS SINCE YESTERDAY (HOUR:MIN:SEC)....+0:10:40

$$
THR FEB 19
