852
CDUS43 KGRR 170520
CLIBTL


CLIMATE REPORT
NATIONAL WEATHER SERVICE GRAND RAPIDS, MI
119 AM EDT THU OCT 17 2019


...................................

...THE BATTLE CREEK MI CLIMATE SUMMARY FOR OCTOBER 16 2019...

CLIMATE NORMAL PERIOD 1981 TO 2010
CLIMATE RECORD PERIOD 1998 TO 2019


WEATHER ITEM   OBSERVED TIME   NORMAL DEPARTURE LAST
                VALUE   (LST)  VALUE  FROM      YEAR
                                      NORMAL
......................................................
TEMPERATURE (F)
 YESTERDAY
  MAXIMUM         52   1253 PM  61     -9       56
  MINIMUM         43   1159 PM  39      4       33
  AVERAGE         48            50     -2       45

PRECIPITATION (IN)
  YESTERDAY        0.02          0.10  -0.08     0.00
  MONTH TO DATE    2.33          1.67   0.66     2.82
  SINCE SEP 1      6.71          5.32   1.39     4.61
  SINCE JAN 1     30.16         26.86   3.30    30.46

DEGREE DAYS
 HEATING
  YESTERDAY       17            15      2       20
  MONTH TO DATE  167           204    -37      144
  SINCE SEP 1    201           360   -159      232
  SINCE JUL 1    208           401   -193      234

 COOLING
  YESTERDAY        0             0      0        0
  MONTH TO DATE   12             2     10       32
  SINCE SEP 1    126            57     69      183
  SINCE JAN 1    783           575    208     1007
......................................................


WIND (MPH)
  RESULTANT WIND SPEED  14   RESULTANT WIND DIRECTION  NW (300)
  HIGHEST WIND SPEED    26   HIGHEST WIND DIRECTION    NW (320)
  HIGHEST GUST SPEED    39   HIGHEST GUST DIRECTION    NW (320)
  AVERAGE WIND SPEED    14.9


SKY COVER
  AVERAGE SKY COVER 0.8


WEATHER CONDITIONS
 THE FOLLOWING WEATHER WAS RECORDED YESTERDAY.
  LIGHT RAIN
  FOG


RELATIVE HUMIDITY (PERCENT)
 HIGHEST    93          1000 AM
 LOWEST     71           500 AM
 AVERAGE    82

..........................................................


THE BATTLE CREEK MI CLIMATE NORMALS FOR TODAY
                         NORMAL
 MAXIMUM TEMPERATURE (F)   61
 MINIMUM TEMPERATURE (F)   39


SUNRISE AND SUNSET
OCTOBER 17 2019.......SUNRISE   756 AM EDT   SUNSET   656 PM EDT
OCTOBER 18 2019.......SUNRISE   757 AM EDT   SUNSET   655 PM EDT


-  INDICATES NEGATIVE NUMBERS.
R  INDICATES RECORD WAS SET OR TIED.
MM INDICATES DATA IS MISSING.
T  INDICATES TRACE AMOUNT.




$$
