000
CDUS43 KGRR 090518
CLIBTL


CLIMATE REPORT
NATIONAL WEATHER SERVICE GRAND RAPIDS, MI
116 AM EDT SUN AUG 9 2020


...................................

...THE BATTLE CREEK MI CLIMATE SUMMARY FOR AUGUST 8 2020...

CLIMATE NORMAL PERIOD 1981 TO 2010
CLIMATE RECORD PERIOD 1998 TO 2020


WEATHER ITEM   OBSERVED TIME   NORMAL DEPARTURE LAST
                VALUE   (LST)  VALUE  FROM      YEAR
                                      NORMAL
......................................................
TEMPERATURE (F)
 YESTERDAY
  MAXIMUM         83    416 PM  81      2       82
  MINIMUM         56    505 AM  59     -3       60
  AVERAGE         70            70      0       71

PRECIPITATION (IN)
  YESTERDAY        0.00          0.12  -0.12     0.15
  MONTH TO DATE    2.24          0.88   1.36     0.89
  SINCE JUN 1      6.87          7.47  -0.60     8.75
  SINCE JAN 1     22.45         18.95   3.50    21.24

DEGREE DAYS
 HEATING
  YESTERDAY        0             1     -1        0
  MONTH TO DATE    3             8     -5        0
  SINCE JUN 1     19            80    -61       46
  SINCE JUL 1      3            23    -20        0

 COOLING
  YESTERDAY        5             6     -1        6
  MONTH TO DATE   28            48    -20       58
  SINCE JUN 1    564           371    193      517
  SINCE JAN 1    615           409    206      533
......................................................


WIND (MPH)
  RESULTANT WIND SPEED   6   RESULTANT WIND DIRECTION   S (200)
  HIGHEST WIND SPEED    16   HIGHEST WIND DIRECTION     S (180)
  HIGHEST GUST SPEED    23   HIGHEST GUST DIRECTION     S (180)
  AVERAGE WIND SPEED     6.1


SKY COVER
  AVERAGE SKY COVER 0.0


WEATHER CONDITIONS
 THE FOLLOWING WEATHER WAS RECORDED YESTERDAY.
  NO SIGNIFICANT WEATHER WAS OBSERVED.


RELATIVE HUMIDITY (PERCENT)
 HIGHEST    93           500 AM
 LOWEST     45           100 PM
 AVERAGE    69

..........................................................


THE BATTLE CREEK MI CLIMATE NORMALS FOR TODAY
                         NORMAL
 MAXIMUM TEMPERATURE (F)   81
 MINIMUM TEMPERATURE (F)   59


SUNRISE AND SUNSET
AUGUST  9 2020........SUNRISE   642 AM EDT   SUNSET   850 PM EDT
AUGUST 10 2020........SUNRISE   644 AM EDT   SUNSET   848 PM EDT


-  INDICATES NEGATIVE NUMBERS.
R  INDICATES RECORD WAS SET OR TIED.
MM INDICATES DATA IS MISSING.
T  INDICATES TRACE AMOUNT.




$$
