000
CDUS43 KGRR 222233
CLIBTL


CLIMATE REPORT
NATIONAL WEATHER SERVICE GRAND RAPIDS, MI
532 PM EST TUE JAN 22 2019


...................................

...THE BATTLE CREEK MI CLIMATE SUMMARY FOR JANUARY 22 2019...
VALID TODAY AS OF 0500 PM LOCAL TIME.

CLIMATE NORMAL PERIOD 1981 TO 2010
CLIMATE RECORD PERIOD 1998 TO 2019


WEATHER ITEM   OBSERVED TIME   NORMAL DEPARTURE LAST
                VALUE   (LST)  VALUE  FROM      YEAR
                                      NORMAL
......................................................
TEMPERATURE (F)
 TODAY
  MAXIMUM         25    459 PM  32     -7       53
  MINIMUM          3    124 AM  15    -12       40
  AVERAGE         14            23     -9       47

PRECIPITATION (IN)
  TODAY            T             0.04  -0.04     0.58
  MONTH TO DATE    0.25          1.28  -1.03     1.19
  SINCE DEC 1      2.38          3.27  -0.89     1.74
  SINCE JAN 1      0.25          1.28  -1.03     1.19

DEGREE DAYS
 HEATING
  TODAY           51            42      9       18
  MONTH TO DATE  803           914   -111      961
  SINCE DEC 1   1805          2076   -271     2184
  SINCE JUL 1   3166          3514   -348     3379

 COOLING
  TODAY            0             0      0        0
  MONTH TO DATE    0             0      0        0
  SINCE DEC 1      0             0      0        0
  SINCE JAN 1      0             0      0        0
......................................................


WIND (MPH)
  RESULTANT WIND SPEED  12   RESULTANT WIND DIRECTION  SE (150)
  HIGHEST WIND SPEED    24   HIGHEST WIND DIRECTION     S (160)
  HIGHEST GUST SPEED    34   HIGHEST GUST DIRECTION     S (170)
  AVERAGE WIND SPEED    12.5


SKY COVER
  AVERAGE SKY COVER 0.6


WEATHER CONDITIONS
 THE FOLLOWING WEATHER WAS RECORDED TODAY.
  LT FREEZING RAIN
  FOG


RELATIVE HUMIDITY (PERCENT)
 HIGHEST    88           400 PM
 LOWEST     49          1100 AM
 AVERAGE    69

..........................................................


THE BATTLE CREEK MI CLIMATE NORMALS FOR TOMORROW
                         NORMAL
 MAXIMUM TEMPERATURE (F)   32
 MINIMUM TEMPERATURE (F)   15


SUNRISE AND SUNSET
JANUARY 22 2019.......SUNRISE   803 AM EST   SUNSET   542 PM EST
JANUARY 23 2019.......SUNRISE   803 AM EST   SUNSET   543 PM EST


-  INDICATES NEGATIVE NUMBERS.
R  INDICATES RECORD WAS SET OR TIED.
MM INDICATES DATA IS MISSING.
T  INDICATES TRACE AMOUNT.




$$
