000
CDUS43 KGRR 110533
CLIBTL

CLIMATE REPORT
NATIONAL WEATHER SERVICE GRAND RAPIDS, MICHIGAN
133 AM EDT TUE MAY 11 2021

...................................

...THE BATTLE CREEK CLIMATE SUMMARY FOR MAY 10 2021...

CLIMATE NORMAL PERIOD: 1991 TO 2020
CLIMATE RECORD PERIOD: 1895 TO 2021


WEATHER ITEM   OBSERVED TIME   RECORD YEAR NORMAL DEPARTURE LAST
                VALUE   (LST)  VALUE       VALUE  FROM      YEAR
                                                  NORMAL
...................................................................
TEMPERATURE (F)
 YESTERDAY
  MAXIMUM         54   4:47 PM  91    1895  68    -14       56
  MINIMUM         33   3:36 AM  26    1966  47    -14       37
  AVERAGE         44                        57    -13       47

PRECIPITATION (IN)
  YESTERDAY        T             1.84 2004   0.12  -0.12     0.62
  MONTH TO DATE    0.19                      1.18  -0.99     0.62
  SINCE MAR 1      3.41                      5.73  -2.32     6.19
  SINCE JAN 1      4.22                      8.52  -4.30     9.68

DEGREE DAYS
 HEATING
  YESTERDAY       21                         8     13       18
  MONTH TO DATE  140                        98     42      156
  SINCE MAR 1   1299                      1505   -206     1516
  SINCE JUL 1   5871                      6252   -381     5977

 COOLING
  YESTERDAY        0                         1     -1        0
  MONTH TO DATE    6                         5      1        0
  SINCE MAR 1     10                        10      0        0
  SINCE JAN 1     10                        10      0        0
...................................................................


WIND (MPH)
  RESULTANT WIND SPEED   5   RESULTANT WIND DIRECTION  NW (320)
  HIGHEST WIND SPEED    18   HIGHEST WIND DIRECTION     W (290)
  HIGHEST GUST SPEED    26   HIGHEST GUST DIRECTION     W (260)
  AVERAGE WIND SPEED     7.3


SKY COVER
  AVERAGE SKY COVER 0.6


WEATHER CONDITIONS
THE FOLLOWING WEATHER WAS RECORDED YESTERDAY.
  LIGHT RAIN


RELATIVE HUMIDITY (PERCENT)
 HIGHEST    89          12:00 AM
 LOWEST     33           7:00 PM
 AVERAGE    61

..........................................................


THE BATTLE CREEK CLIMATE NORMALS FOR TODAY
                         NORMAL    RECORD    YEAR
 MAXIMUM TEMPERATURE (F)   68        89      1896
 MINIMUM TEMPERATURE (F)   47        26      1907


SUNRISE AND SUNSET
MAY 11 2021...........SUNRISE   6:24 AM EDT   SUNSET   8:52 PM EDT
MAY 12 2021...........SUNRISE   6:23 AM EDT   SUNSET   8:53 PM EDT


-  INDICATES NEGATIVE NUMBERS.
R  INDICATES RECORD WAS SET OR TIED.
MM INDICATES DATA IS MISSING.
T  INDICATES TRACE AMOUNT.




$$
