664
CDUS45 KMSO 150740
CLIBTM

CLIMATE REPORT
NATIONAL WEATHER SERVICE MISSOULA MT
140 AM MDT TUE JUN 15 2021

...................................

...THE BUTTE MT CLIMATE SUMMARY FOR JUNE 14 2021...

CLIMATE NORMAL PERIOD 1991 TO 2020
CLIMATE RECORD PERIOD 1895 TO 2021


WEATHER ITEM   OBSERVED TIME   RECORD YEAR NORMAL DEPARTURE LAST
                VALUE   (LST)  VALUE       VALUE  FROM      YEAR
                                                  NORMAL
...................................................................
TEMPERATURE (F)
 YESTERDAY
  MAXIMUM         94R       MM  90    1918  69     25       57
  MINIMUM         46        MM  29    1968  41      5       35
  AVERAGE         70                        55     15       46

PRECIPITATION (IN)
  YESTERDAY        0.00          1.49 1948   0.09  -0.09     0.23
  MONTH TO DATE    0.27                      1.35  -1.08     1.85
  SINCE JAN 1      3.13                      6.19  -3.06     4.96

SNOWFALL (IN)
  YESTERDAY       MM
  MONTH TO DATE   MM
  SINCE JUN 1     MM
  SINCE JUL 1     MM
  SNOW DEPTH      MM

DEGREE DAYS
 HEATING
  YESTERDAY        0                        10    -10       19
  MONTH TO DATE   77                       162    -85      136
  SINCE JUN 1     77                       162    -85      136
  SINCE JUL 1   8767                      8999   -232     8887

 COOLING
  YESTERDAY        5                         0      5        0
  MONTH TO DATE   12                         0     12        3
  SINCE JUN 1     12                         0     12        3
  SINCE JAN 1     12                         0     12        5
...................................................................


WIND (MPH)
  HIGHEST WIND SPEED    23   HIGHEST WIND DIRECTION     S (180)
  HIGHEST GUST SPEED    40   HIGHEST GUST DIRECTION    MM
  AVERAGE WIND SPEED    10.2


SKY COVER
  POSSIBLE SUNSHINE  MM
  AVERAGE SKY COVER 0.0


WEATHER CONDITIONS
THE FOLLOWING WEATHER WAS RECORDED YESTERDAY.
  NO SIGNIFICANT WEATHER WAS OBSERVED.


RELATIVE HUMIDITY (PERCENT)
 HIGHEST    77           400 AM
 LOWEST      5           200 PM
 AVERAGE    41

..........................................................


THE BUTTE MT CLIMATE NORMALS FOR TODAY
                         NORMAL    RECORD    YEAR
 MAXIMUM TEMPERATURE (F)   69        90      1933
 MINIMUM TEMPERATURE (F)   41        26      1991


SUNRISE AND SUNSET
JUNE 15 2021..........SUNRISE   539 AM MDT   SUNSET   923 PM MDT
JUNE 16 2021..........SUNRISE   539 AM MDT   SUNSET   923 PM MDT


-  INDICATES NEGATIVE NUMBERS.
R  INDICATES RECORD WAS SET OR TIED.
MM INDICATES DATA IS MISSING.
T  INDICATES TRACE AMOUNT.




$$
