000
CDUS45 KMSO 270737
CLIBTM


CLIMATE REPORT
NATIONAL WEATHER SERVICE MISSOULA, MT
137 AM MDT SUN MAY 27 2018


...................................

...THE BUTTE MT CLIMATE SUMMARY FOR MAY 26 2018...

CLIMATE NORMAL PERIOD 1981 TO 2010
CLIMATE RECORD PERIOD 1895 TO 2018


WEATHER ITEM   OBSERVED TIME   RECORD YEAR NORMAL DEPARTURE LAST
                VALUE   (LST)  VALUE       VALUE  FROM      YEAR
                                                  NORMAL
..................................................................
TEMPERATURE (F)
 YESTERDAY
  MAXIMUM         72    106 PM  83    1936  64      8       61
  MINIMUM         43    509 AM  22    1975  37      6       30
  AVERAGE         58                        50      8       46

PRECIPITATION (IN)
  YESTERDAY        0.01          1.00 1906   0.08  -0.07      T
  MONTH TO DATE    2.05                      1.63   0.42     1.54
  SINCE OCT 1      7.01                      6.35   0.66     8.50
  SINCE JAN 1      5.57                      4.46   1.11     5.28

SNOWFALL (IN)
  YESTERDAY       MM
  MONTH TO DATE   MM
  SINCE JAN 1     MM
  SINCE JUL 1     MM
  SNOW DEPTH      MM

DEGREE DAYS
 HEATING
  YESTERDAY        7                        15     -8       19
  MONTH TO DATE  345                       472   -127      460
  SINCE MAR 1   2195                      2294    -99     2058
  SINCE JUL 1   8683                      8863   -180     8842

 COOLING
  YESTERDAY        0                         0      0        0
  MONTH TO DATE    0                         0      0        0
  SINCE MAR 1      0                         0      0        0
  SINCE JAN 1      0                         0      0        0
..................................................................


WIND (MPH)
  HIGHEST WIND SPEED    23   HIGHEST WIND DIRECTION    NW (300)
  HIGHEST GUST SPEED    31   HIGHEST GUST DIRECTION    NW (300)
  AVERAGE WIND SPEED     6.3


SKY COVER
  POSSIBLE SUNSHINE  MM
  AVERAGE SKY COVER 0.3


WEATHER CONDITIONS
 THE FOLLOWING WEATHER WAS RECORDED YESTERDAY.
  THUNDERSTORM
  LIGHT RAIN


RELATIVE HUMIDITY (PERCENT)
 HIGHEST    93           200 AM
 LOWEST     40          1200 PM
 AVERAGE    67

..........................................................


THE BUTTE MT CLIMATE NORMALS FOR TODAY
                         NORMAL    RECORD    YEAR
 MAXIMUM TEMPERATURE (F)   64        87      1986
 MINIMUM TEMPERATURE (F)   37        25      1973


SUNRISE AND SUNSET
MAY 27 2018...........SUNRISE   546 AM MDT   SUNSET   909 PM MDT
MAY 28 2018...........SUNRISE   545 AM MDT   SUNSET   910 PM MDT


-  INDICATES NEGATIVE NUMBERS.
R  INDICATES RECORD WAS SET OR TIED.
MM INDICATES DATA IS MISSING.
T  INDICATES TRACE AMOUNT.




$$
