000
CDUS45 KMSO 152232
CLIBTM


CLIMATE REPORT
NATIONAL WEATHER SERVICE MISSOULA, MT
432 PM MDT TUE OCT 15 2019


...................................

...THE BUTTE MT CLIMATE SUMMARY FOR OCTOBER 15 2019...
VALID TODAY AS OF 0400 PM LOCAL TIME.

CLIMATE NORMAL PERIOD 1981 TO 2010
CLIMATE RECORD PERIOD 1895 TO 2019


WEATHER ITEM   OBSERVED TIME   RECORD YEAR NORMAL DEPARTURE LAST
                VALUE   (LST)  VALUE       VALUE  FROM      YEAR
                                                  NORMAL
..................................................................
TEMPERATURE (F)
 TODAY
  MAXIMUM         61    248 PM  76    1991  56      5       50
  MINIMUM         23    727 AM  15    1952  27     -4       23
  AVERAGE         42                        41      1       37

PRECIPITATION (IN)
  TODAY            0.00          0.45 1994   0.03  -0.03     0.00
  MONTH TO DATE    0.15                      0.42  -0.27     0.22
  SINCE OCT 1      0.15                      0.42  -0.27     0.22
  SINCE JAN 1     12.17                     11.30   0.87    12.38

SNOWFALL (IN)
  TODAY           MM
  MONTH TO DATE   MM
  SINCE JAN 1     MM
  SINCE JUL 1     MM
  SNOW DEPTH      MM

DEGREE DAYS
 HEATING
  TODAY           23                        24     -1       28
  MONTH TO DATE  447                       322    125      390
  SINCE SEP 1    799                       715     84      786
  SINCE JUL 1    971                       943     28      982

 COOLING
  TODAY            0                         0      0        0
  MONTH TO DATE    0                         0      0        0
  SINCE SEP 1      4                         2      2        0
  SINCE JAN 1     84                        81      3       90
..................................................................


WIND (MPH)
  HIGHEST WIND SPEED     7   HIGHEST WIND DIRECTION    SE (140)
  HIGHEST GUST SPEED     7   HIGHEST GUST DIRECTION    NW (310)
  AVERAGE WIND SPEED     2.2


SKY COVER
  POSSIBLE SUNSHINE  MM
  AVERAGE SKY COVER 0.0


WEATHER CONDITIONS
 THE FOLLOWING WEATHER WAS RECORDED TODAY.
  NO SIGNIFICANT WEATHER WAS OBSERVED.


RELATIVE HUMIDITY (PERCENT)
 HIGHEST    88           700 AM
 LOWEST     22           300 PM
 AVERAGE    55

..........................................................


THE BUTTE MT CLIMATE NORMALS FOR TOMORROW
                         NORMAL    RECORD    YEAR
 MAXIMUM TEMPERATURE (F)   55        78      1927
 MINIMUM TEMPERATURE (F)   27         7      1946


SUNRISE AND SUNSET
OCTOBER 15 2019.......SUNRISE   747 AM MDT   SUNSET   644 PM MDT
OCTOBER 16 2019.......SUNRISE   748 AM MDT   SUNSET   642 PM MDT


-  INDICATES NEGATIVE NUMBERS.
R  INDICATES RECORD WAS SET OR TIED.
MM INDICATES DATA IS MISSING.
T  INDICATES TRACE AMOUNT.




$$
