000
CDUS44 KLIX 230732
CLIBTR


CLIMATE REPORT
NATIONAL WEATHER SERVICE NEW ORLEANS
NATIONAL WEATHER SERVICE NEW ORL
230 AM CDT WED OCT 23 2019


...................................

...THE BATON ROUGE  ASOS CLIMATE SUMMARY FOR OCTOBER 22 2019...

CLIMATE NORMAL PERIOD 1981 TO 2010
CLIMATE RECORD PERIOD 1894 TO 2019


WEATHER ITEM   OBSERVED TIME   RECORD YEAR NORMAL DEPARTURE LAST
                VALUE   (LST)  VALUE       VALUE  FROM      YEAR
                                                  NORMAL
..................................................................
TEMPERATURE (F)
 YESTERDAY
  MAXIMUM         77    123 PM  90    1941  79     -2       74
                                      1934
  MINIMUM         50   1159 PM  39    1976  56     -6       47
  AVERAGE         64                        68     -4       61

PRECIPITATION (IN)
  YESTERDAY        0.00          4.70 1984   0.16  -0.16      T
  MONTH TO DATE    5.06                      3.31   1.75     3.02
  SINCE SEP 1      7.60                      7.85  -0.25     6.40
  SINCE JAN 1     56.81                     49.56   7.25    49.18

SNOWFALL (IN)
  YESTERDAY        0.0
  MONTH TO DATE    0.0
  SINCE SEP 1      0.0
  SINCE JUL 1      0.0
  SNOW DEPTH       0

DEGREE DAYS
 HEATING
  YESTERDAY        1                         2     -1        4
  MONTH TO DATE   10                        21    -11        7
  SINCE SEP 1     10                        23    -13        7
  SINCE JUL 1     10                        23    -13        7

 COOLING
  YESTERDAY        0                         4     -4        0
  MONTH TO DATE  216                       145     71      233
  SINCE SEP 1    761                       555    206      730
  SINCE JAN 1   3099                      2716    383     3113
..................................................................


WIND (MPH)
  HIGHEST WIND SPEED    18   HIGHEST WIND DIRECTION    NW (310)
  HIGHEST GUST SPEED    24   HIGHEST GUST DIRECTION    NW (300)
  AVERAGE WIND SPEED     4.7


SKY COVER
  POSSIBLE SUNSHINE  MM
  AVERAGE SKY COVER 0.1


WEATHER CONDITIONS
 THE FOLLOWING WEATHER WAS RECORDED YESTERDAY.
  NO SIGNIFICANT WEATHER WAS OBSERVED.


RELATIVE HUMIDITY (PERCENT)
 HIGHEST    93          1200 AM
 LOWEST     21           200 PM
 AVERAGE    57

..........................................................


THE BATON ROUGE  ASOS CLIMATE NORMALS FOR TODAY
                         NORMAL    RECORD    YEAR
 MAXIMUM TEMPERATURE (F)   79        91      1939
 MINIMUM TEMPERATURE (F)   56        37      1937


SUNRISE AND SUNSET
OCTOBER 23 2019.......SUNRISE   712 AM CDT   SUNSET   625 PM CDT
OCTOBER 24 2019.......SUNRISE   713 AM CDT   SUNSET   624 PM CDT


-  INDICATES NEGATIVE NUMBERS.
R  INDICATES RECORD WAS SET OR TIED.
MM INDICATES DATA IS MISSING.
T  INDICATES TRACE AMOUNT.




$$
