000
CDUS44 KLIX 250750
CLIBTR

CLIMATE REPORT
NATIONAL WEATHER SERVICE NEW ORLEANS
250 AM CDT MON MAY 25 2020

...................................

...THE BATON ROUGE   CLIMATE SUMMARY FOR MAY 24 2020...

CLIMATE NORMAL PERIOD: 1981 TO 2010
CLIMATE RECORD PERIOD: 1894 TO 2020


WEATHER ITEM   OBSERVED TIME   RECORD YEAR NORMAL DEPARTURE LAST
                VALUE   (LST)  VALUE       VALUE  FROM      YEAR
                                                  NORMAL
...................................................................
TEMPERATURE (F)
 YESTERDAY
  MAXIMUM         90   2:33 PM  95    1915  88      2       91
                                      1941
                                      2010
  MINIMUM         67   5:32 AM  54    1913  67      0       71
  AVERAGE         79                        78      1       81

PRECIPITATION (IN)
  YESTERDAY        0.00          2.30 1907   0.18  M0.18     0.00
  MONTH TO DATE    3.85                      3.71   0.14     9.70
  SINCE MAR 1     13.28                     12.58   0.70    20.77
  SINCE JAN 1     24.66                     23.34   1.32    26.85

SNOWFALL (IN)
  YESTERDAY        0.0
  MONTH TO DATE    0.0
  SINCE MAR 1      0.0
  SINCE JUL 1      0.0
  SNOW DEPTH      MM

DEGREE DAYS
 HEATING
  YESTERDAY        0                         0      0        0
  MONTH TO DATE    2                         0      2        0
  SINCE MAR 1     63                       218   M155      243
  SINCE JUL 1   1167                      1553   M386     1391

 COOLING
  YESTERDAY       14                        13      1       16
  MONTH TO DATE  216                       240    M24      291
  SINCE MAR 1    576                       440    136      490
  SINCE JAN 1    638                       471    167      557
...................................................................


WIND (MPH)
  HIGHEST WIND SPEED    18   HIGHEST WIND DIRECTION     E (100)
  HIGHEST GUST SPEED    22   HIGHEST GUST DIRECTION    SE (120)
  AVERAGE WIND SPEED     8.1


SKY COVER
  POSSIBLE SUNSHINE  MM
  AVERAGE SKY COVER 0.1


WEATHER CONDITIONS
THE FOLLOWING WEATHER WAS RECORDED YESTERDAY.
  FOG


RELATIVE HUMIDITY (PERCENT)
 HIGHEST    97           1:00 AM
 LOWEST     52           1:00 PM
 AVERAGE    75

..........................................................


THE BATON ROUGE   CLIMATE NORMALS FOR TODAY
                         NORMAL    RECORD    YEAR
 MAXIMUM TEMPERATURE (F)   88        98      1921
                                             1922
 MINIMUM TEMPERATURE (F)   68        52      1940
                                             1979


SUNRISE AND SUNSET
MAY 25 2020...........SUNRISE   6:05 AM CDT   SUNSET   7:59 PM CDT
MAY 26 2020...........SUNRISE   6:04 AM CDT   SUNSET   7:59 PM CDT


M  INDICATES NEGATIVE NUMBERS.
R  INDICATES RECORD WAS SET OR TIED.
MM INDICATES DATA IS MISSING.
T  INDICATES TRACE AMOUNT.




$$
