000
CDUS44 KLIX 180722
CLIBTR


CLIMATE REPORT
NATIONAL WEATHER SERVICE NEW ORLEANS
202 AM CDT WED JUL 18 2018


...................................

...THE BATON ROUGE  ASOS CLIMATE SUMMARY FOR JULY 17 2018...

CLIMATE NORMAL PERIOD 1981 TO 2010
CLIMATE RECORD PERIOD 1894 TO 2018


WEATHER ITEM   OBSERVED TIME   RECORD YEAR NORMAL DEPARTURE LAST
                VALUE   (LST)  VALUE       VALUE  FROM      YEAR
                                                  NORMAL
..................................................................
TEMPERATURE (F)
 YESTERDAY
  MAXIMUM         87    133 PM 100    1907  92     -5       91
  MINIMUM         80   1056 PM  62    2014  74      6       74
  AVERAGE         84                        83      1       83

PRECIPITATION (IN)
  YESTERDAY        T             2.00 1933   0.15  -0.15     0.00
  MONTH TO DATE    3.77                      2.84   0.93     5.30
  SINCE JUN 1     10.13                      9.25   0.88    14.86
  SINCE JAN 1     35.35                     33.77   1.58    46.51

SNOWFALL (IN)
  YESTERDAY        0.0
  MONTH TO DATE    0.0
  SINCE JUN 1      0.0
  SINCE JUL 1      0.0
  SNOW DEPTH       0

DEGREE DAYS
 HEATING
  YESTERDAY        0                         0      0        0
  MONTH TO DATE    0                         0      0        0
  SINCE JUN 1      0                         0      0        0
  SINCE JUL 1      0                         0      0        0

 COOLING
  YESTERDAY       19                        18      1       18
  MONTH TO DATE  315                       306      9      312
  SINCE JUN 1    854                       790     64      746
  SINCE JAN 1   1550                      1355    195     1483
..................................................................


WIND (MPH)
  HIGHEST WIND SPEED    15   HIGHEST WIND DIRECTION     W (270)
  HIGHEST GUST SPEED    18   HIGHEST GUST DIRECTION     W (280)
  AVERAGE WIND SPEED     5.8


SKY COVER
  POSSIBLE SUNSHINE  MM
  AVERAGE SKY COVER 0.1


WEATHER CONDITIONS
 THE FOLLOWING WEATHER WAS RECORDED YESTERDAY.
  LIGHT RAIN
  FOG
  HAZE


RELATIVE HUMIDITY (PERCENT)
 HIGHEST    91           100 AM
 LOWEST     65           100 PM
 AVERAGE    78

..........................................................


THE BATON ROUGE  ASOS CLIMATE NORMALS FOR TODAY
                         NORMAL    RECORD    YEAR
 MAXIMUM TEMPERATURE (F)   92        99      1908
 MINIMUM TEMPERATURE (F)   74        65      1967
                                             1909


SUNRISE AND SUNSET
JULY 18 2018..........SUNRISE   614 AM CDT   SUNSET   807 PM CDT
JULY 19 2018..........SUNRISE   615 AM CDT   SUNSET   807 PM CDT


-  INDICATES NEGATIVE NUMBERS.
R  INDICATES RECORD WAS SET OR TIED.
MM INDICATES DATA IS MISSING.
T  INDICATES TRACE AMOUNT.




$$
