000
CDUS44 KLIX 230825
CLIBTR


CLIMATE REPORT
NATIONAL WEATHER SERVICE NEW ORLEANS
NATIONAL WEATHER SERVICE NEW ORL
225 AM CST WED JAN 23 2019


...................................

...THE BATON ROUGE  ASOS CLIMATE SUMMARY FOR JANUARY 22 2019...

CLIMATE NORMAL PERIOD 1981 TO 2010
CLIMATE RECORD PERIOD 1894 TO 2019


WEATHER ITEM   OBSERVED TIME   RECORD YEAR NORMAL DEPARTURE LAST
                VALUE   (LST)  VALUE       VALUE  FROM      YEAR
                                                  NORMAL
..................................................................
TEMPERATURE (F)
 YESTERDAY
  MAXIMUM         71   1247 PM  83    1920  62      9       72
  MINIMUM         48   1240 AM  19    1935  41      7       50
  AVERAGE         60                        52      8       61

PRECIPITATION (IN)
  YESTERDAY        0.00          2.44 1945   0.19  -0.19     0.51
  MONTH TO DATE    3.10                      4.02  -0.92     2.66
  SINCE DEC 1     12.74                      9.62   3.12     8.60
  SINCE JAN 1      3.10                      4.02  -0.92     2.66

SNOWFALL (IN)
  YESTERDAY        0.0
  MONTH TO DATE    0.0
  SINCE DEC 1      0.0
  SINCE JUL 1      0.0
  SNOW DEPTH       0

DEGREE DAYS
 HEATING
  YESTERDAY        5                        14     -9        4
  MONTH TO DATE  270                       308    -38      460
  SINCE DEC 1    609                       689    -80      856
  SINCE JUL 1    902                       924    -22     1063

 COOLING
  YESTERDAY        0                         0      0        0
  MONTH TO DATE    2                         3     -1        0
  SINCE DEC 1     14                        25    -11       18
  SINCE JAN 1      2                         3     -1        0
..................................................................


WIND (MPH)
  HIGHEST WIND SPEED    24   HIGHEST WIND DIRECTION    SE (150)
  HIGHEST GUST SPEED    35   HIGHEST GUST DIRECTION    SE (130)
  AVERAGE WIND SPEED    12.3


SKY COVER
  POSSIBLE SUNSHINE  MM
  AVERAGE SKY COVER 1.0


WEATHER CONDITIONS
 THE FOLLOWING WEATHER WAS RECORDED YESTERDAY.
  NO SIGNIFICANT WEATHER WAS OBSERVED.


RELATIVE HUMIDITY (PERCENT)
 HIGHEST    86           100 AM
 LOWEST     53          1100 AM
 AVERAGE    70

..........................................................


THE BATON ROUGE  ASOS CLIMATE NORMALS FOR TODAY
                         NORMAL    RECORD    YEAR
 MAXIMUM TEMPERATURE (F)   62        84      1943
                                             1920
 MINIMUM TEMPERATURE (F)   41        18      1930


SUNRISE AND SUNSET
JANUARY 23 2019.......SUNRISE   700 AM CST   SUNSET   533 PM CST
JANUARY 24 2019.......SUNRISE   700 AM CST   SUNSET   534 PM CST


-  INDICATES NEGATIVE NUMBERS.
R  INDICATES RECORD WAS SET OR TIED.
MM INDICATES DATA IS MISSING.
T  INDICATES TRACE AMOUNT.




$$
