000
CDUS44 KLIX 302150
CLIBTR

CLIMATE REPORT
NATIONAL WEATHER SERVICE NEW ORLEANS
450 PM CDT FRI OCT 30 2020

...................................

...THE BATON ROUGE   CLIMATE SUMMARY FOR OCTOBER 30 2020...
VALID TODAY AS OF 0400 PM LOCAL TIME.

CLIMATE NORMAL PERIOD: 1981 TO 2010
CLIMATE RECORD PERIOD: 1894 TO 2020


WEATHER ITEM   OBSERVED TIME   RECORD YEAR NORMAL DEPARTURE LAST
                VALUE   (LST)  VALUE       VALUE  FROM      YEAR
                                                  NORMAL
...................................................................
TEMPERATURE (F)
 TODAY
  MAXIMUM         68   2:59 PM  88    2016  77     M9       85
  MINIMUM         51   7:55 AM  32    1952  53     M2       68
  AVERAGE         60

PRECIPITATION (IN)
  TODAY            0.00          2.38 1999   0.15  M0.15     0.34
  MONTH TO DATE    9.93                      4.55   5.38     7.44
  SINCE SEP 1     11.74                      9.09   2.65     9.98
  SINCE JAN 1     59.71                     50.80   8.91    59.19

SNOWFALL (IN)
  TODAY           MM
  MONTH TO DATE    0.0
  SINCE SEP 1      0.0
  SINCE JUL 1      0.0
  SNOW DEPTH      MM

DEGREE DAYS
 HEATING
  TODAY            5                         3      2        0
  MONTH TO DATE   15                        41    M26       22
  SINCE SEP 1     15                        43    M28       22
  SINCE JUL 1     15                        43    M28       22

 COOLING
  TODAY            0                         3     M3       12
  MONTH TO DATE  217                       175     42      231
  SINCE SEP 1    636                       585     51      776
  SINCE JAN 1   3015                      2746    269     3114
...................................................................


WIND (MPH)
  HIGHEST WIND SPEED    17   HIGHEST WIND DIRECTION     N (10)
  HIGHEST GUST SPEED    25   HIGHEST GUST DIRECTION     N (350)
  AVERAGE WIND SPEED    10.4


SKY COVER
  POSSIBLE SUNSHINE  MM
  AVERAGE SKY COVER 0.7


WEATHER CONDITIONS
THE FOLLOWING WEATHER WAS RECORDED TODAY.
  NO SIGNIFICANT WEATHER WAS OBSERVED.


RELATIVE HUMIDITY (PERCENT)
 HIGHEST    77           5:00 AM
 LOWEST     42           3:00 PM
 AVERAGE    60

..........................................................


THE BATON ROUGE   CLIMATE NORMALS FOR TOMORROW
                         NORMAL    RECORD    YEAR
 MAXIMUM TEMPERATURE (F)   77        88      2016
 MINIMUM TEMPERATURE (F)   53        30      1993


SUNRISE AND SUNSET
OCTOBER 30 2020.......SUNRISE   7:18 AM CDT   SUNSET   6:18 PM CDT
OCTOBER 31 2020.......SUNRISE   7:19 AM CDT   SUNSET   6:17 PM CDT


M  INDICATES NEGATIVE NUMBERS.
R  INDICATES RECORD WAS SET OR TIED.
MM INDICATES DATA IS MISSING.
T  INDICATES TRACE AMOUNT.




$$
