000
CDUS44 KLIX 152135
CLIBTR


CLIMATE REPORT
NATIONAL WEATHER SERVICE NEW ORLEANS
NATIONAL WEATHER SERVICE NEW ORL
435 PM CDT MON OCT 15 2018


...................................

...THE BATON ROUGE  ASOS CLIMATE SUMMARY FOR OCTOBER 15 2018...
VALID TODAY AS OF 0400 PM LOCAL TIME.

CLIMATE NORMAL PERIOD 1981 TO 2010
CLIMATE RECORD PERIOD 1894 TO 2018


WEATHER ITEM   OBSERVED TIME   RECORD YEAR NORMAL DEPARTURE LAST
                VALUE   (LST)  VALUE       VALUE  FROM      YEAR
                                                  NORMAL
..................................................................
TEMPERATURE (F)
 TODAY
  MAXIMUM         90    239 PM  97    1916  81      9       89
  MINIMUM         70    448 AM  38    1907  58     12       69
  AVERAGE         80

PRECIPITATION (IN)
  TODAY            T             1.43 1923   0.16  -0.16     0.16
  MONTH TO DATE    0.28                      2.15  -1.87     2.37
  SINCE SEP 1      3.66                      6.69  -3.03     2.45
  SINCE JAN 1     46.44                     48.40  -1.96    57.84

SNOWFALL (IN)
  TODAY            0.0
  MONTH TO DATE    0.0
  SINCE SEP 1      0.0
  SINCE JUL 1      0.0
  SNOW DEPTH       0

DEGREE DAYS
 HEATING
  TODAY            0                         1     -1        0
  MONTH TO DATE    0                        10    -10        0
  SINCE SEP 1      0                        12    -12        0
  SINCE JUL 1      0                        12    -12        0

 COOLING
  TODAY           15                         6      9       14
  MONTH TO DATE  202                       111     91      204
  SINCE SEP 1    699                       521    178      606
  SINCE JAN 1   3082                      2682    400     2865
..................................................................


WIND (MPH)
  HIGHEST WIND SPEED     9   HIGHEST WIND DIRECTION     S (160)
  HIGHEST GUST SPEED    14   HIGHEST GUST DIRECTION    SE (150)
  AVERAGE WIND SPEED     4.6


SKY COVER
  POSSIBLE SUNSHINE  MM
  AVERAGE SKY COVER 0.5


WEATHER CONDITIONS
 THE FOLLOWING WEATHER WAS RECORDED TODAY.
  LIGHT RAIN
  FOG


RELATIVE HUMIDITY (PERCENT)
 HIGHEST   100           200 AM
 LOWEST     59           200 PM
 AVERAGE    80

..........................................................


THE BATON ROUGE  ASOS CLIMATE NORMALS FOR TOMORROW
                         NORMAL    RECORD    YEAR
 MAXIMUM TEMPERATURE (F)   81        95      2015
 MINIMUM TEMPERATURE (F)   58        40      1907


SUNRISE AND SUNSET
OCTOBER 15 2018.......SUNRISE   707 AM CDT   SUNSET   633 PM CDT
OCTOBER 16 2018.......SUNRISE   708 AM CDT   SUNSET   632 PM CDT


-  INDICATES NEGATIVE NUMBERS.
R  INDICATES RECORD WAS SET OR TIED.
MM INDICATES DATA IS MISSING.
T  INDICATES TRACE AMOUNT.




$$
