000
CDUS44 KLIX 262127
CLIBTR


CLIMATE REPORT
NATIONAL WEATHER SERVICE NEW ORLEANS
NATIONAL WEATHER SERVICE NEW ORL
427 PM CDT THU APR 26 2018


...................................

...THE BATON ROUGE  ASOS CLIMATE SUMMARY FOR APRIL 26 2018...
VALID TODAY AS OF 0400 PM LOCAL TIME.

CLIMATE NORMAL PERIOD 1981 TO 2010
CLIMATE RECORD PERIOD 1894 TO 2018


WEATHER ITEM   OBSERVED TIME   RECORD YEAR NORMAL DEPARTURE LAST
                VALUE   (LST)  VALUE       VALUE  FROM      YEAR
                                                  NORMAL
..................................................................
TEMPERATURE (F)
 TODAY
  MAXIMUM         70    235 PM  89    1989  82    -12       86
                                      1963
  MINIMUM         57    708 AM  46    2001  60     -3       67
                                      1983
  AVERAGE         64

PRECIPITATION (IN)
  TODAY            0.29          2.57 1907   0.14   0.15     0.03
  MONTH TO DATE    5.45                      3.91   1.54     4.57
  SINCE MAR 1     10.53                      8.32   2.21     8.31
  SINCE JAN 1     21.72                     19.08   2.64    19.74

SNOWFALL (IN)
  TODAY            0.0
  MONTH TO DATE    0.0
  SINCE MAR 1      0.0
  SINCE JUL 1      4.0
  SNOW DEPTH       0

DEGREE DAYS
 HEATING
  TODAY            1                         1      0        0
  MONTH TO DATE   74                        50     24       11
  SINCE MAR 1    204                       217    -13       95
  SINCE JUL 1   1489                      1552    -63      799

 COOLING
  TODAY            0                         6     -6       12
  MONTH TO DATE   38                       115    -77      157
  SINCE MAR 1    119                       173    -54      295
  SINCE JAN 1    238                       204     34      438
..................................................................


WIND (MPH)
  HIGHEST WIND SPEED    18   HIGHEST WIND DIRECTION    NW (300)
  HIGHEST GUST SPEED    29   HIGHEST GUST DIRECTION     W (290)
  AVERAGE WIND SPEED    10.3


SKY COVER
  POSSIBLE SUNSHINE  MM
  AVERAGE SKY COVER 0.5


WEATHER CONDITIONS
 THE FOLLOWING WEATHER WAS RECORDED TODAY.
  THUNDERSTORM
  HEAVY RAIN
  RAIN
  LIGHT RAIN
  FOG


RELATIVE HUMIDITY (PERCENT)
 HIGHEST    87           600 AM
 LOWEST     49           200 PM
 AVERAGE    68

..........................................................


THE BATON ROUGE  ASOS CLIMATE NORMALS FOR TOMORROW
                         NORMAL    RECORD    YEAR
 MAXIMUM TEMPERATURE (F)   82        90      1963
 MINIMUM TEMPERATURE (F)   60        47      1992
                                             1908
                                             1903


SUNRISE AND SUNSET
APRIL 26 2018.........SUNRISE   626 AM CDT   SUNSET   740 PM CDT
APRIL 27 2018.........SUNRISE   625 AM CDT   SUNSET   740 PM CDT


-  INDICATES NEGATIVE NUMBERS.
R  INDICATES RECORD WAS SET OR TIED.
MM INDICATES DATA IS MISSING.
T  INDICATES TRACE AMOUNT.




$$
