000
CDUS41 KBTV 040540
CLIBTV

CLIMATE REPORT
NATIONAL WEATHER SERVICE BURLINGTON VT
140 AM EDT TUE AUG 04 2020

...................................

...THE BURLINGTON VT CLIMATE SUMMARY FOR AUGUST 3 2020...

CLIMATE NORMAL PERIOD: 1981 TO 2010
CLIMATE RECORD PERIOD: 1884 TO 2020


WEATHER ITEM   OBSERVED TIME   RECORD YEAR NORMAL DEPARTURE LAST
                VALUE   (LST)  VALUE       VALUE  FROM      YEAR
                                                  NORMAL
...................................................................
TEMPERATURE (F)
 YESTERDAY
  MAXIMUM         81   5:18 PM  97    1988  81      0       88
  MINIMUM         67  11:58 PM  42    1964  60      7       57
  AVERAGE         74                        70      4       73

PRECIPITATION (IN)
  YESTERDAY        0.00          1.05 2004   0.14  -0.14      T
  MONTH TO DATE    1.31                      0.42   0.89      T
  SINCE JUN 1      5.64                      8.27  -2.63     6.90
  SINCE JAN 1     17.01                     20.58  -3.57    23.52

SNOWFALL (IN)
  YESTERDAY        0.0           0.0  2001   0.0    0.0      0.0
                                      2002
  MONTH TO DATE    0.0                       0.0    0.0      0.0
  SINCE JUN 1      0.0                       0.0    0.0      0.0
  SINCE JUL 1      0.0                       0.0    0.0      0.0
  SNOW DEPTH       0

DEGREE DAYS
 HEATING
  YESTERDAY        0                         0      0        0
  MONTH TO DATE    0                         0      0        0
  SINCE JUN 1     61                        86    -25       50
  SINCE JUL 1      0                        13    -13        0

 COOLING
  YESTERDAY        9                         6      3        8
  MONTH TO DATE   32                        18     14       19
  SINCE JUN 1    591                       302    289      422
  SINCE JAN 1    664                       321    343      427
...................................................................


WIND (MPH)
  HIGHEST WIND SPEED    20   HIGHEST WIND DIRECTION    SW (210)
  HIGHEST GUST SPEED    30   HIGHEST GUST DIRECTION    SW (220)
  AVERAGE WIND SPEED     8.6


SKY COVER
  POSSIBLE SUNSHINE  MM
  AVERAGE SKY COVER 0.5


WEATHER CONDITIONS
THE FOLLOWING WEATHER WAS RECORDED YESTERDAY.
  NO SIGNIFICANT WEATHER WAS OBSERVED.


RELATIVE HUMIDITY (PERCENT)
 HIGHEST    88           2:00 AM
 LOWEST     47           5:00 PM
 AVERAGE    68

..........................................................


THE BURLINGTON VT CLIMATE NORMALS FOR TODAY
                         NORMAL    RECORD    YEAR
 MAXIMUM TEMPERATURE (F)   80        95      1944
 MINIMUM TEMPERATURE (F)   60        44      1914


SUNRISE AND SUNSET
AUGUST  4 2020........SUNRISE   5:43 AM EDT   SUNSET   8:13 PM EDT
AUGUST  5 2020........SUNRISE   5:45 AM EDT   SUNSET   8:12 PM EDT


-  INDICATES NEGATIVE NUMBERS.
R  INDICATES RECORD WAS SET OR TIED.
MM INDICATES DATA IS MISSING.
T  INDICATES TRACE AMOUNT.

&&

LAKE CHAMPLAIN DATA:
LEVEL...............94.39 FEET
TEMPERATURE.........76 DEGREES

MOUNT MANSFIELD DATA:
HIGH................69 DEGREES
LOW.................59 DEGREES
PRECIPITATION.......MISSING
SNOW AT STAKE.......MISSING


$$
