000
CDUS41 KBTV 180618
CLIBTV


CLIMATE REPORT
NATIONAL WEATHER SERVICE BURLINGTON VT
108 AM EST SUN NOV 18 2018


...................................

...THE BURLINGTON VT CLIMATE SUMMARY FOR NOVEMBER 17 2018...

CLIMATE NORMAL PERIOD 1981 TO 2010
CLIMATE RECORD PERIOD 1884 TO 2018


WEATHER ITEM   OBSERVED TIME   RECORD YEAR NORMAL DEPARTURE LAST
                VALUE   (LST)  VALUE       VALUE  FROM      YEAR
                                                  NORMAL
..................................................................
TEMPERATURE (F)
 YESTERDAY
  MAXIMUM         41    308 PM  70    2006  45     -4       38
  MINIMUM         29   1159 PM   7    1924  31     -2       22
  AVERAGE         35                        38     -3       30

PRECIPITATION (IN)
  YESTERDAY        0.09          1.50 1890   0.11  -0.02     0.03
  MONTH TO DATE    4.02                      1.85   2.17     0.81
  SINCE SEP 1     12.44                      9.09   3.35     7.15
  SINCE JAN 1     34.98                     33.16   1.82    36.85

SNOWFALL (IN)
  YESTERDAY        0.5           3.9  1965   0.2    0.3       T
  MONTH TO DATE    9.4                       1.9    7.5       T
  SINCE SEP 1      9.4                       2.2    7.2       T
  SINCE JUL 1      9.4                       2.2    7.2       T
  SNOW DEPTH       7

DEGREE DAYS
 HEATING
  YESTERDAY       30                        27      3       35
  MONTH TO DATE  467                       415     52      433
  SINCE SEP 1   1079                      1114    -35      730
  SINCE JUL 1   1079                      1156    -77      753

 COOLING
  YESTERDAY        0                         0      0        0
  MONTH TO DATE    0                         0      0        0
  SINCE SEP 1    142                        43     99      135
  SINCE JAN 1    916                       491    425      652
..................................................................


WIND (MPH)
  HIGHEST WIND SPEED    16   HIGHEST WIND DIRECTION    NW (320)
  HIGHEST GUST SPEED    22   HIGHEST GUST DIRECTION     W (250)
  AVERAGE WIND SPEED     7.2


SKY COVER
  POSSIBLE SUNSHINE  MM
  AVERAGE SKY COVER 1.0


WEATHER CONDITIONS
 THE FOLLOWING WEATHER WAS RECORDED YESTERDAY.
  LIGHT RAIN
  SNOW
  LIGHT SNOW
  FOG


RELATIVE HUMIDITY (PERCENT)
 HIGHEST    89          1200 AM
 LOWEST     51           200 PM
 AVERAGE    70

..........................................................


THE BURLINGTON VT CLIMATE NORMALS FOR TODAY
                         NORMAL    RECORD    YEAR
 MAXIMUM TEMPERATURE (F)   45        70      1892
 MINIMUM TEMPERATURE (F)   31         9      1936
                                             1924
                                             1914


SUNRISE AND SUNSET
NOVEMBER 18 2018......SUNRISE   653 AM EST   SUNSET   422 PM EST
NOVEMBER 19 2018......SUNRISE   654 AM EST   SUNSET   422 PM EST


-  INDICATES NEGATIVE NUMBERS.
R  INDICATES RECORD WAS SET OR TIED.
MM INDICATES DATA IS MISSING.
T  INDICATES TRACE AMOUNT.




&&

LAKE CHAMPLAIN DATA:
LEVEL...............95.80 FEET
TEMPERATURE.........48 DEGREES

MOUNT MANSFIELD DATA:
HIGH................MISSING
LOW.................MISSING
PRECIPITATION.......MISSING
SNOW AT STAKE.......MISSING

$$
