000
CDUS41 KBTV 210529
CLIBTV


CLIMATE REPORT
NATIONAL WEATHER SERVICE BURLINGTON VT
129 AM EDT MON MAY 21 2018


...................................

...THE BURLINGTON VT CLIMATE SUMMARY FOR MAY 20 2018...

CLIMATE NORMAL PERIOD 1981 TO 2010
CLIMATE RECORD PERIOD 1884 TO 2018


WEATHER ITEM   OBSERVED TIME   RECORD YEAR NORMAL DEPARTURE LAST
                VALUE   (LST)  VALUE       VALUE  FROM      YEAR
                                                  NORMAL
..................................................................
TEMPERATURE (F)
 YESTERDAY
  MAXIMUM         69    401 PM  91    1975  69      0       63
  MINIMUM         49   1159 PM  30    2002  47      2       44
  AVERAGE         59                        58      1       54

PRECIPITATION (IN)
  YESTERDAY        0.19          1.46 1890   0.11   0.08     0.00
  MONTH TO DATE    1.29                      2.11  -0.82     2.39
  SINCE MAR 1      8.76                      7.15   1.61     9.49
  SINCE JAN 1     12.70                     10.97   1.73    14.16

SNOWFALL (IN)
  YESTERDAY        0.0           T    1935   0.0    0.0      0.0
                                      1912
                                      1907
  MONTH TO DATE    0.0                       0.0    0.0      0.0
  SINCE MAR 1     34.3                      20.4   13.9     41.2
  SINCE JUL 1     88.7                      81.2    7.5    100.4
  SNOW DEPTH       0

DEGREE DAYS
 HEATING
  YESTERDAY        6                         8     -2       11
  MONTH TO DATE  111                       216   -105      220
  SINCE MAR 1   1860                      1880    -20     1847
  SINCE JUL 1   6657                      7290   -633     6225

 COOLING
  YESTERDAY        0                         1     -1        0
  MONTH TO DATE   14                         3     11       26
  SINCE MAR 1     14                         5      9       41
  SINCE JAN 1     14                         5      9       41
..................................................................


WIND (MPH)
  HIGHEST WIND SPEED    21   HIGHEST WIND DIRECTION     S (190)
  HIGHEST GUST SPEED    32   HIGHEST GUST DIRECTION     S (160)
  AVERAGE WIND SPEED     9.3


SKY COVER
  POSSIBLE SUNSHINE  MM
  AVERAGE SKY COVER 0.7


WEATHER CONDITIONS
 THE FOLLOWING WEATHER WAS RECORDED YESTERDAY.
  RAIN
  LIGHT RAIN
  FOG


RELATIVE HUMIDITY (PERCENT)
 HIGHEST    90           500 AM
 LOWEST     55           300 PM
 AVERAGE    73

..........................................................


THE BURLINGTON VT CLIMATE NORMALS FOR TODAY
                         NORMAL    RECORD    YEAR
 MAXIMUM TEMPERATURE (F)   69        92      1911
 MINIMUM TEMPERATURE (F)   47        29      1964


SUNRISE AND SUNSET
MAY 21 2018...........SUNRISE   519 AM EDT   SUNSET   820 PM EDT
MAY 22 2018...........SUNRISE   518 AM EDT   SUNSET   821 PM EDT


-  INDICATES NEGATIVE NUMBERS.
R  INDICATES RECORD WAS SET OR TIED.
MM INDICATES DATA IS MISSING.
T  INDICATES TRACE AMOUNT.

&&

LAKE CHAMPLAIN DATA:
LEVEL...............98.92 FEET
TEMPERATURE.........46 DEGREES

MOUNT MANSFIELD DATA:
HIGH................54 DEGREES
LOW.................39 DEGREES
PRECIPITATION.......0.23 INCHES
SNOW AT STAKE.......MISSING

$$
