000
CDUS41 KBTV 242039
CLIBTV


CLIMATE REPORT
NATIONAL WEATHER SERVICE BURLINGTON VT
437 PM EDT THU MAY 24 2018


...................................

...THE BURLINGTON VT CLIMATE SUMMARY FOR MAY 24 2018...
VALID TODAY AS OF 0400 PM LOCAL TIME.

CLIMATE NORMAL PERIOD 1981 TO 2010
CLIMATE RECORD PERIOD 1884 TO 2018


WEATHER ITEM   OBSERVED TIME   RECORD YEAR NORMAL DEPARTURE LAST
                VALUE   (LST)  VALUE       VALUE  FROM      YEAR
                                                  NORMAL
..................................................................
TEMPERATURE (F)
 TODAY
  MAXIMUM         73    258 PM  88    2007  70      3       79
                                      1991
  MINIMUM         47    435 AM  28    1963  48     -1       52
  AVERAGE         60                        59      1       66

PRECIPITATION (IN)
  TODAY            0.00          1.20 2004   0.12  -0.12     0.00
  MONTH TO DATE    1.77                      2.60  -0.83     3.09
  SINCE MAR 1      9.24                      7.64   1.60    10.19
  SINCE JAN 1     13.18                     11.46   1.72    14.86

SNOWFALL (IN)
  TODAY            0.0           0.0  2002   0.0    0.0      0.0
                                      2001
  MONTH TO DATE    0.0                       0.0    0.0      0.0
  SINCE MAR 1     34.3                      20.4   13.9     41.2
  SINCE JUL 1     88.7                      81.2    7.5    100.4
  SNOW DEPTH       0

DEGREE DAYS
 HEATING
  TODAY            5                         7     -2        0
  MONTH TO DATE  124                       245   -121      245
  SINCE MAR 1   1873                      1909    -36     1872
  SINCE JUL 1   6670                      7319   -649     6250

 COOLING
  TODAY            0                         1     -1        1
  MONTH TO DATE   16                         7      9       27
  SINCE MAR 1     16                         9      7       42
  SINCE JAN 1     16                         9      7       42
..................................................................


WIND (MPH)
  HIGHEST WIND SPEED    12   HIGHEST WIND DIRECTION     N (20)
  HIGHEST GUST SPEED    18   HIGHEST GUST DIRECTION     N (350)
  AVERAGE WIND SPEED     3.9


SKY COVER
  POSSIBLE SUNSHINE  MM
  AVERAGE SKY COVER 0.3


WEATHER CONDITIONS
 THE FOLLOWING WEATHER WAS RECORDED TODAY.
  NO SIGNIFICANT WEATHER WAS OBSERVED.


RELATIVE HUMIDITY (PERCENT)
 HIGHEST    80           200 AM
 LOWEST     19           300 PM
 AVERAGE    50

..........................................................


THE BURLINGTON VT CLIMATE NORMALS FOR TOMORROW
                         NORMAL    RECORD    YEAR
 MAXIMUM TEMPERATURE (F)   70        91      2010
                                             1946
 MINIMUM TEMPERATURE (F)   48        28      1956


SUNRISE AND SUNSET
MAY 24 2018...........SUNRISE   517 AM EDT   SUNSET   823 PM EDT
MAY 25 2018...........SUNRISE   516 AM EDT   SUNSET   824 PM EDT


-  INDICATES NEGATIVE NUMBERS.
R  INDICATES RECORD WAS SET OR TIED.
MM INDICATES DATA IS MISSING.
T  INDICATES TRACE AMOUNT.




$$
