000
CDUS41 KBTV 212038
CLIBTV

CLIMATE REPORT
NATIONAL WEATHER SERVICE BURLINGTON VT
451 PM EDT MON OCT 21 2019

...................................

...THE BURLINGTON VT CLIMATE SUMMARY FOR OCTOBER 21 2019...
VALID TODAY AS OF 0430 PM LOCAL TIME.

CLIMATE NORMAL PERIOD: 1981 TO 2010
CLIMATE RECORD PERIOD: 1884 TO 2019


WEATHER ITEM   OBSERVED TIME   RECORD YEAR NORMAL DEPARTURE LAST
                VALUE   (LST)  VALUE       VALUE  FROM      YEAR
                                                  NORMAL
...................................................................
TEMPERATURE (F)
 TODAY
  MAXIMUM         62   2:37 PM  76    1995  55      7       45
  MINIMUM         37   6:24 AM  20    1972  37      0       36
  AVERAGE         50                        46      4       41

PRECIPITATION (IN)
  TODAY            0.00          2.10 1885   0.11  -0.11      T
  MONTH TO DATE    3.96                      2.49   1.47     3.18
  SINCE SEP 1      7.67                      6.13   1.54     7.38
  SINCE JAN 1     33.96                     30.20   3.76    29.92

SNOWFALL (IN)
  TODAY            0.0           3.6  1926   0.0    0.0       T
  MONTH TO DATE    0.0                       0.1   -0.1       T
  SINCE SEP 1      0.0                       0.1   -0.1       T
  SINCE JUL 1      0.0                       0.1   -0.1       T
  SNOW DEPTH       0

DEGREE DAYS
 HEATING
  TODAY           15                        19     -4       24
  MONTH TO DATE  283                       319    -36      261
  SINCE SEP 1    393                       494   -101      361
  SINCE JUL 1    397                       536   -139      361

 COOLING
  TODAY            0                         0      0        0
  MONTH TO DATE    0                         0      0       10
  SINCE SEP 1     26                        41    -15      142
  SINCE JAN 1    606                       489    117      916
...................................................................


WIND (MPH)
  HIGHEST WIND SPEED     9   HIGHEST WIND DIRECTION    NW (320)
  HIGHEST GUST SPEED    12   HIGHEST GUST DIRECTION    NW (320)
  AVERAGE WIND SPEED     2.7


SKY COVER
  POSSIBLE SUNSHINE  MM
  AVERAGE SKY COVER 0.3


WEATHER CONDITIONS
THE FOLLOWING WEATHER WAS RECORDED TODAY.
  FOG
  FOG W/VISIBILITY <= 1/4 MILE


RELATIVE HUMIDITY (PERCENT)
 HIGHEST    97           7:00 AM
 LOWEST     51           3:00 PM
 AVERAGE    74

..........................................................


THE BURLINGTON VT CLIMATE NORMALS FOR TOMORROW
                         NORMAL    RECORD    YEAR
 MAXIMUM TEMPERATURE (F)   55        81      1979
 MINIMUM TEMPERATURE (F)   37        23      1959


SUNRISE AND SUNSET
OCTOBER 21 2019.......SUNRISE   7:15 AM EDT   SUNSET   5:59 PM EDT
OCTOBER 22 2019.......SUNRISE   7:16 AM EDT   SUNSET   5:57 PM EDT


-  INDICATES NEGATIVE NUMBERS.
R  INDICATES RECORD WAS SET OR TIED.
MM INDICATES DATA IS MISSING.
T  INDICATES TRACE AMOUNT.

$$
