000
CDUS41 KBTV 212032
CLIBTV


CLIMATE REPORT
NATIONAL WEATHER SERVICE BURLINGTON VT
432 PM EDT TUE AUG 21 2018


...................................

...THE BURLINGTON VT CLIMATE SUMMARY FOR AUGUST 21 2018...
VALID TODAY AS OF 0400 PM LOCAL TIME.

CLIMATE NORMAL PERIOD 1981 TO 2010
CLIMATE RECORD PERIOD 1884 TO 2018


WEATHER ITEM   OBSERVED TIME   RECORD YEAR NORMAL DEPARTURE LAST
                VALUE   (LST)  VALUE       VALUE  FROM      YEAR
                                                  NORMAL
..................................................................
TEMPERATURE (F)
 TODAY
  MAXIMUM         82    253 PM  93    1945  79      3       85
                                      1916
  MINIMUM         61    459 AM  43    1934  58      3       62
  AVERAGE         72                        68      4       74

PRECIPITATION (IN)
  TODAY            0.00          1.54 1927   0.12  -0.12     0.00
  MONTH TO DATE    2.11                      2.79  -0.68     1.54
  SINCE JUN 1      8.73                     10.64  -1.91    12.16
  SINCE JAN 1     22.11                     22.95  -0.84    28.84

SNOWFALL (IN)
  TODAY            0.0           0.0  2002   0.0    0.0      0.0
                                      2001
  MONTH TO DATE    0.0                       0.0    0.0      0.0
  SINCE JUN 1      0.0                       0.0    0.0      0.0
  SINCE JUL 1      0.0                       0.0    0.0      0.0
  SNOW DEPTH       0

DEGREE DAYS
 HEATING
  TODAY            0                         1     -1        0
  MONTH TO DATE    0                        17    -17        0
  SINCE JUN 1     50                       103    -53       56
  SINCE JUL 1      0                        30    -30        4

 COOLING
  TODAY            7                         4      3        9
  MONTH TO DATE  220                       108    112      145
  SINCE JUN 1    647                       392    255      458
  SINCE JAN 1    692                       411    281      500
..................................................................


WIND (MPH)
  HIGHEST WIND SPEED    16   HIGHEST WIND DIRECTION     S (190)
  HIGHEST GUST SPEED    22   HIGHEST GUST DIRECTION     S (190)
  AVERAGE WIND SPEED     8.4


SKY COVER
  POSSIBLE SUNSHINE  MM
  AVERAGE SKY COVER 0.5


WEATHER CONDITIONS
 THE FOLLOWING WEATHER WAS RECORDED TODAY.
  NO SIGNIFICANT WEATHER WAS OBSERVED.


RELATIVE HUMIDITY (PERCENT)
 HIGHEST    84           500 AM
 LOWEST     45          1100 AM
 AVERAGE    65

..........................................................


THE BURLINGTON VT CLIMATE NORMALS FOR TOMORROW
                         NORMAL    RECORD    YEAR
 MAXIMUM TEMPERATURE (F)   78        90      1916
 MINIMUM TEMPERATURE (F)   58        39      1982


SUNRISE AND SUNSET
AUGUST 21 2018........SUNRISE   602 AM EDT   SUNSET   748 PM EDT
AUGUST 22 2018........SUNRISE   604 AM EDT   SUNSET   746 PM EDT


-  INDICATES NEGATIVE NUMBERS.
R  INDICATES RECORD WAS SET OR TIED.
MM INDICATES DATA IS MISSING.
T  INDICATES TRACE AMOUNT.




$$
