000
CDUS41 KBTV 252134
CLIBTV


CLIMATE REPORT
NATIONAL WEATHER SERVICE BURLINGTON VT
433 PM EST SUN FEB 25 2018


...................................

...THE BURLINGTON VT CLIMATE SUMMARY FOR FEBRUARY 25 2018...
VALID TODAY AS OF 0400 PM LOCAL TIME.

CLIMATE NORMAL PERIOD 1981 TO 2010
CLIMATE RECORD PERIOD 1884 TO 2018


WEATHER ITEM   OBSERVED TIME   RECORD YEAR NORMAL DEPARTURE LAST
                VALUE   (LST)  VALUE       VALUE  FROM      YEAR
                                                  NORMAL
..................................................................
TEMPERATURE (F)
 TODAY
  MAXIMUM         37    359 PM  72    2017  33      4       72
  MINIMUM         27    139 AM -17    1962  15     12       33
  AVERAGE         32                        24      8       53

PRECIPITATION (IN)
  TODAY            0.23          1.58 1915   0.07   0.16     0.89
  MONTH TO DATE    1.40                      1.56  -0.16     2.67
  SINCE DEC 1      6.12                      6.00   0.12     7.02
  SINCE JAN 1      3.94                      3.62   0.32     4.67

SNOWFALL (IN)
  TODAY            0.4          13.1  1966   0.6   -0.2      0.2
  MONTH TO DATE   12.7                      14.7   -2.0     30.6
  SINCE DEC 1     51.4                      53.7   -2.3     54.9
  SINCE JUL 1     54.4                      59.1   -4.7     59.2
  SNOW DEPTH       0

DEGREE DAYS
 HEATING
  TODAY           33                        41     -8       12
  MONTH TO DATE  891                      1096   -205      893
  SINCE DEC 1   3594                      3745   -151     3090
  SINCE JUL 1   4733                      5290   -557     4295

 COOLING
  TODAY            0                         0      0        0
  MONTH TO DATE    0                         0      0        0
  SINCE DEC 1      0                         0      0        0
  SINCE JAN 1      0                         0      0        0
..................................................................


WIND (MPH)
  HIGHEST WIND SPEED    21   HIGHEST WIND DIRECTION    SE (150)
  HIGHEST GUST SPEED    28   HIGHEST GUST DIRECTION    SE (140)
  AVERAGE WIND SPEED     6.9


SKY COVER
  POSSIBLE SUNSHINE  MM
  AVERAGE SKY COVER 0.6


WEATHER CONDITIONS
 THE FOLLOWING WEATHER WAS RECORDED TODAY.
  LIGHT RAIN
  FREEZING RAIN
  LT FREEZING RAIN
  SNOW
  LIGHT SNOW
  SLEET
  FOG


RELATIVE HUMIDITY (PERCENT)
 HIGHEST    92           300 PM
 LOWEST     56           700 AM
 AVERAGE    74

..........................................................


THE BURLINGTON VT CLIMATE NORMALS FOR TOMORROW
                         NORMAL    RECORD    YEAR
 MAXIMUM TEMPERATURE (F)   34        60      2002
                                             1957
 MINIMUM TEMPERATURE (F)   15       -19      1970


SUNRISE AND SUNSET
FEBRUARY 25 2018......SUNRISE   637 AM EST   SUNSET   535 PM EST
FEBRUARY 26 2018......SUNRISE   635 AM EST   SUNSET   537 PM EST


-  INDICATES NEGATIVE NUMBERS.
R  INDICATES RECORD WAS SET OR TIED.
MM INDICATES DATA IS MISSING.
T  INDICATES TRACE AMOUNT.




$$
