063
CDUS41 KBUF 160911
CLIBUF


CLIMATE REPORT
NATIONAL WEATHER SERVICE BUFFALO NY
410 AM EST WED JAN 16 2019


...................................

...THE BUFFALO NY CLIMATE SUMMARY FOR JANUARY 15 2019...

CLIMATE NORMAL PERIOD 1981 TO 2010
CLIMATE RECORD PERIOD 1871 TO 2019


WEATHER ITEM   OBSERVED TIME   RECORD YEAR NORMAL DEPARTURE LAST
                VALUE   (LST)  VALUE       VALUE  FROM      YEAR
                                                  NORMAL
..................................................................
TEMPERATURE (F)
 YESTERDAY
  MAXIMUM         29    827 PM  67    1995  31     -2       22
  MINIMUM         23   1256 AM -12    1957  18      5        3
  AVERAGE         26                        25      1       13

PRECIPITATION (IN)
  YESTERDAY        T             1.15 1918   0.10  -0.10     0.05
  MONTH TO DATE    0.94                      1.65  -0.71     2.45
  SINCE DEC 1      4.30                      5.54  -1.24     5.38
  SINCE JAN 1      0.94                      1.65  -0.71     2.45

SNOWFALL (IN)
  YESTERDAY        T             8.6  1918   0.8   -0.8      0.9
  MONTH TO DATE    4.8                      13.1   -8.3     16.0
  SINCE DEC 1     18.6                      40.5  -21.9     49.7
  SINCE JUL 1     32.1                      49.3  -17.2     49.9
  SNOW DEPTH       1

DEGREE DAYS
 HEATING
  YESTERDAY       39                        40     -1       52
  MONTH TO DATE  544                       595    -51      690
  SINCE DEC 1   1523                      1677   -154     1911
  SINCE JUL 1   2952                      3010    -58     3026

 COOLING
  YESTERDAY        0                         0      0        0
  MONTH TO DATE    0                         0      0        0
  SINCE DEC 1      0                         0      0        0
  SINCE JAN 1      0                         0      0        0
..................................................................


WIND (MPH)
  HIGHEST WIND SPEED    28   HIGHEST WIND DIRECTION    SW (210)
  HIGHEST GUST SPEED    37   HIGHEST GUST DIRECTION    SW (240)
  AVERAGE WIND SPEED    12.8


SKY COVER
  AVERAGE SKY COVER 1.0


WEATHER CONDITIONS
 THE FOLLOWING WEATHER WAS RECORDED YESTERDAY.
  LT FREEZING RAIN
  LIGHT SNOW
  FOG


RELATIVE HUMIDITY (PERCENT)
 HIGHEST    88           100 AM
 LOWEST     75           500 AM
 AVERAGE    82

..........................................................


THE BUFFALO NY CLIMATE NORMALS FOR TODAY
                         NORMAL    RECORD    YEAR
 MAXIMUM TEMPERATURE (F)   31        57      1953
 MINIMUM TEMPERATURE (F)   18       -10      1984
                                             1982


SUNRISE AND SUNSET
JANUARY 16 2019.......SUNRISE   743 AM EST   SUNSET   507 PM EST
JANUARY 17 2019.......SUNRISE   742 AM EST   SUNSET   508 PM EST


-  INDICATES NEGATIVE NUMBERS.
R  INDICATES RECORD WAS SET OR TIED.
MM INDICATES DATA IS MISSING.
T  INDICATES TRACE AMOUNT.




$$
