000
CDUS41 KBUF 040646
CLIBUF


CLIMATE REPORT
NATIONAL WEATHER SERVICE BUFFALO NY
245 AM EDT TUE AUG 4 2020


...................................

...THE BUFFALO NY CLIMATE SUMMARY FOR AUGUST 3 2020...

CLIMATE NORMAL PERIOD 1981 TO 2010
CLIMATE RECORD PERIOD 1871 TO 2020


WEATHER ITEM   OBSERVED TIME   RECORD YEAR NORMAL DEPARTURE LAST
                VALUE   (LST)  VALUE       VALUE  FROM      YEAR
                                                  NORMAL
..................................................................
TEMPERATURE (F)
 YESTERDAY
  MAXIMUM         83    228 PM  95    2012  80      3       84
  MINIMUM         66    601 AM  49    1976  62      4       62
                                      1956
  AVERAGE         75                        71      4       73

PRECIPITATION (IN)
  YESTERDAY        T             2.41 1980   0.11  -0.11     0.00
  MONTH TO DATE    0.29                      0.34  -0.05     0.00
  SINCE JUN 1      7.26                      7.23   0.03     6.43
  SINCE JAN 1     23.09                     22.24   0.85    24.75

SNOWFALL (IN)
  YESTERDAY        0.0           0.0    MM   0.0    0.0      0.0
  MONTH TO DATE    0.0                       0.0    0.0      0.0
  SINCE JUN 1      0.0                       0.0    0.0      0.0
  SINCE JUL 1      0.0                       0.0    0.0      0.0
  SNOW DEPTH       0

DEGREE DAYS
 HEATING
  YESTERDAY        0                         0      0        0
  MONTH TO DATE    0                         0      0        0
  SINCE JUN 1     58                        73    -15       62
  SINCE JUL 1      0                         9     -9        0

 COOLING
  YESTERDAY       10                         6      4        8
  MONTH TO DATE   33                        18     15       22
  SINCE JUN 1    560                       318    242      382
  SINCE JAN 1    619                       344    275      390
..................................................................


WIND (MPH)
  HIGHEST WIND SPEED    18   HIGHEST WIND DIRECTION     W (260)
  HIGHEST GUST SPEED    24   HIGHEST GUST DIRECTION     W (250)
  AVERAGE WIND SPEED     7.9


SKY COVER
  AVERAGE SKY COVER 0.6


WEATHER CONDITIONS
 THE FOLLOWING WEATHER WAS RECORDED YESTERDAY.
  LIGHT RAIN


RELATIVE HUMIDITY (PERCENT)
 HIGHEST    84          1100 PM
 LOWEST     47           100 PM
 AVERAGE    66

..........................................................


THE BUFFALO NY CLIMATE NORMALS FOR TODAY
                         NORMAL    RECORD    YEAR
 MAXIMUM TEMPERATURE (F)   80        96      2012
 MINIMUM TEMPERATURE (F)   62        48      1874


SUNRISE AND SUNSET
AUGUST  4 2020........SUNRISE   610 AM EDT   SUNSET   832 PM EDT
AUGUST  5 2020........SUNRISE   611 AM EDT   SUNSET   830 PM EDT


-  INDICATES NEGATIVE NUMBERS.
R  INDICATES RECORD WAS SET OR TIED.
MM INDICATES DATA IS MISSING.
T  INDICATES TRACE AMOUNT.




$$
