000
CDUS41 KBUF 212030
CLIBUF


CLIMATE REPORT
NATIONAL WEATHER SERVICE BUFFALO NY
429 PM EDT MON OCT 21 2019


...................................

...THE BUFFALO NY CLIMATE SUMMARY FOR OCTOBER 21 2019...
VALID TODAY AS OF 0400 PM LOCAL TIME.

CLIMATE NORMAL PERIOD 1981 TO 2010
CLIMATE RECORD PERIOD 1871 TO 2019


WEATHER ITEM   OBSERVED TIME   RECORD YEAR NORMAL DEPARTURE LAST
                VALUE   (LST)  VALUE       VALUE  FROM      YEAR
                                                  NORMAL
..................................................................
TEMPERATURE (F)
 TODAY
  MAXIMUM         71    248 PM  81    1894  57     14       42
  MINIMUM         41    455 AM  27    1952  41      0       34
  AVERAGE         56                        49      7       38

PRECIPITATION (IN)
  TODAY            0.00          1.30 2016   0.10  -0.10      T
  MONTH TO DATE    2.67                      2.42   0.25     3.10
  SINCE SEP 1      8.95                      6.32   2.63     6.68
  SINCE JAN 1     37.32                     31.48   5.84    32.25

SNOWFALL (IN)
  TODAY            0.0           1.5  1925   0.0    0.0       T
  MONTH TO DATE    0.0                       0.4   -0.4      0.1
  SINCE SEP 1      0.0                       0.4   -0.4      0.1
  SINCE JUL 1      0.0                       0.4   -0.4      0.1
  SNOW DEPTH       0

DEGREE DAYS
 HEATING
  TODAY            9                        16     -7       27
  MONTH TO DATE  261                       266     -5      241
  SINCE SEP 1    303                       401    -98      324
  SINCE JUL 1    306                       428   -122      324

 COOLING
  TODAY            0                         0      0        0
  MONTH TO DATE    7                         0      7       24
  SINCE SEP 1     59                        53      6      183
  SINCE JAN 1    604                       540     64      918
..................................................................


WIND (MPH)
  HIGHEST WIND SPEED    17   HIGHEST WIND DIRECTION     E (100)
  HIGHEST GUST SPEED    21   HIGHEST GUST DIRECTION     E (70)
  AVERAGE WIND SPEED     6.6


SKY COVER
  AVERAGE SKY COVER 0.3


WEATHER CONDITIONS
 THE FOLLOWING WEATHER WAS RECORDED TODAY.
  NO SIGNIFICANT WEATHER WAS OBSERVED.


RELATIVE HUMIDITY (PERCENT)
 HIGHEST    93           500 AM
 LOWEST     37           100 PM
 AVERAGE    65

..........................................................


THE BUFFALO NY CLIMATE NORMALS FOR TOMORROW
                         NORMAL    RECORD    YEAR
 MAXIMUM TEMPERATURE (F)   57        81      1979
 MINIMUM TEMPERATURE (F)   41        27      1969


SUNRISE AND SUNSET
OCTOBER 21 2019.......SUNRISE   735 AM EDT   SUNSET   623 PM EDT
OCTOBER 22 2019.......SUNRISE   737 AM EDT   SUNSET   622 PM EDT


-  INDICATES NEGATIVE NUMBERS.
R  INDICATES RECORD WAS SET OR TIED.
MM INDICATES DATA IS MISSING.
T  INDICATES TRACE AMOUNT.

$$
