000
CDUS41 KBUF 171028
CLIBUF


CLIMATE REPORT
NATIONAL WEATHER SERVICE BUFFALO NY
626 AM EDT TUE JUL 17 2018


...................................

...THE BUFFALO NY CLIMATE SUMMARY FOR JULY 16 2018...

CLIMATE NORMAL PERIOD 1981 TO 2010
CLIMATE RECORD PERIOD 1871 TO 2018


WEATHER ITEM   OBSERVED TIME   RECORD YEAR NORMAL DEPARTURE LAST
                VALUE   (LST)  VALUE       VALUE  FROM      YEAR
                                                  NORMAL
..................................................................
TEMPERATURE (F)
 YESTERDAY
  MAXIMUM         89    327 PM  93    1988  80      9       80
                                      1982
  MINIMUM         69    506 AM  50    1946  63      6       63
                                      1884
  AVERAGE         79                        71      8       72

PRECIPITATION (IN)
  YESTERDAY        T             1.28 1924   0.11  -0.11     0.02
  MONTH TO DATE    0.32                      1.58  -1.26     3.05
  SINCE JUN 1      3.14                      5.24  -2.10     5.26
  SINCE JAN 1     20.12                     20.25  -0.13    27.53

SNOWFALL (IN)
  YESTERDAY        0.0           0.0    MM   0.0    0.0      0.0
  MONTH TO DATE    0.0                       0.0    0.0      0.0
  SINCE JUN 1      0.0                       0.0    0.0      0.0
  SINCE JUL 1      0.0                       0.0    0.0      0.0
  SNOW DEPTH       0

DEGREE DAYS
 HEATING
  YESTERDAY        0                         0      0        0
  MONTH TO DATE    0                         2     -2        0
  SINCE JUN 1     26                        66    -40       49
  SINCE JUL 1      0                         2     -2        0

 COOLING
  YESTERDAY       14                         7      7        7
  MONTH TO DATE  179                       101     78       99
  SINCE JUN 1    278                       204     74      222
  SINCE JAN 1    366                       230    136      249
..................................................................


WIND (MPH)
  HIGHEST WIND SPEED    21   HIGHEST WIND DIRECTION    SW (240)
  HIGHEST GUST SPEED    26   HIGHEST GUST DIRECTION     S (180)
  AVERAGE WIND SPEED     8.5


SKY COVER
  AVERAGE SKY COVER 0.5


WEATHER CONDITIONS
 THE FOLLOWING WEATHER WAS RECORDED YESTERDAY.
  THUNDERSTORM
  LIGHT RAIN


RELATIVE HUMIDITY (PERCENT)
 HIGHEST    90           300 AM
 LOWEST     50          1100 AM
 AVERAGE    70

..........................................................


THE BUFFALO NY CLIMATE NORMALS FOR TODAY
                         NORMAL    RECORD    YEAR
 MAXIMUM TEMPERATURE (F)   80        94      1953
 MINIMUM TEMPERATURE (F)   63        52      1985
                                             1962
                                             1945


SUNRISE AND SUNSET
JULY 17 2018..........SUNRISE   551 AM EDT   SUNSET   850 PM EDT
JULY 18 2018..........SUNRISE   552 AM EDT   SUNSET   850 PM EDT


-  INDICATES NEGATIVE NUMBERS.
R  INDICATES RECORD WAS SET OR TIED.
MM INDICATES DATA IS MISSING.
T  INDICATES TRACE AMOUNT.




$$
