000
CDUS46 KLOX 190111
CLIBUR


CLIMATE REPORT
NATIONAL WEATHER SERVICE LOS ANGELES/OXNARD CA
611 PM PDT MON JUN 18 2018


...................................

...THE BOB HOPE AIRPORT (BURBANK) CA CLIMATE SUMMARY FOR JUNE 18 2018...
VALID TODAY AS OF 0600 PM LOCAL TIME.

CLIMATE NORMAL PERIOD 1981 TO 2010
CLIMATE RECORD PERIOD 1939 TO 2018


WEATHER ITEM   OBSERVED TIME   RECORD YEAR NORMAL DEPARTURE LAST
                VALUE   (LST)  VALUE       VALUE  FROM      YEAR
                                                  NORMAL
..................................................................
TEMPERATURE (F)
 TODAY
  MAXIMUM         73    155 PM 103    1981  81     -8       90
  MINIMUM         58    604 AM  47    1944  59     -1       64
  AVERAGE         66                        70     -4       77

PRECIPITATION (IN)
  TODAY            0.00          0.02 1982   0.00   0.00     0.00
  MONTH TO DATE    0.00                      0.09  -0.09      T
  SINCE OCT 1      6.34                     16.97 -10.63    13.83
  SINCE JAN 1      6.26                     12.53  -6.27     9.57

SNOWFALL (IN)
  TODAY            0.0
  MONTH TO DATE    0.0
  SINCE JUN 1      0.0
  SINCE JUL 1      0.0

DEGREE DAYS
 HEATING
  TODAY            0                         0      0        0
  MONTH TO DATE    1                        11    -10        4
  SINCE JUN 1      1                        11    -10        4
  SINCE JUL 1    831                      1567   -736     1183

 COOLING
  TODAY            1                         5     -4       12
  MONTH TO DATE  103                        70     33       98
  SINCE JUN 1    103                        70     33       98
  SINCE JAN 1    250                       194     56      343
..................................................................


WIND (MPH)
  HIGHEST WIND SPEED    15   HIGHEST WIND DIRECTION     S (200)
  HIGHEST GUST SPEED    20   HIGHEST GUST DIRECTION     S (160)
  AVERAGE WIND SPEED     6.1


SKY COVER
  POSSIBLE SUNSHINE  MM
  AVERAGE SKY COVER 0.4


WEATHER CONDITIONS
 THE FOLLOWING WEATHER WAS RECORDED TODAY.
  NO SIGNIFICANT WEATHER WAS OBSERVED.


RELATIVE HUMIDITY (PERCENT)
 HIGHEST    86           500 AM
 LOWEST     49           200 PM
 AVERAGE    68

..........................................................


THE BOB HOPE AIRPORT (BURBANK) CA CLIMATE NORMALS FOR TOMORROW
                         NORMAL    RECORD    YEAR
 MAXIMUM TEMPERATURE (F)   81       109      2016
 MINIMUM TEMPERATURE (F)   59        47      1944


SUNRISE AND SUNSET
JUNE 18 2018..........SUNRISE   542 AM PDT   SUNSET   808 PM PDT
JUNE 19 2018..........SUNRISE   542 AM PDT   SUNSET   808 PM PDT


-  INDICATES NEGATIVE NUMBERS.
R  INDICATES RECORD WAS SET OR TIED.
MM INDICATES DATA IS MISSING.
T  INDICATES TRACE AMOUNT.




$$
