000
CDUS46 KLOX 270928
CLIBUR


CLIMATE REPORT
NATIONAL WEATHER SERVICE LOS ANGELES/OXNARD CA
227 AM PDT WED MAY 27 2020


...................................

...THE BOB HOPE AIRPORT (BURBANK) CA CLIMATE SUMMARY FOR MAY 26 2020...

CLIMATE NORMAL PERIOD 1981 TO 2010
CLIMATE RECORD PERIOD 1939 TO 2020


WEATHER ITEM   OBSERVED TIME   RECORD YEAR NORMAL DEPARTURE LAST
                VALUE   (LST)  VALUE       VALUE  FROM      YEAR
                                                  NORMAL
..................................................................
TEMPERATURE (F)
 YESTERDAY
  MAXIMUM         92    151 PM 100    1974  77     15       58
  MINIMUM         63    524 AM  42    1977  56      7       51
  AVERAGE         78                        66     12       55

PRECIPITATION (IN)
  YESTERDAY        0.00          0.04 2019   0.01  -0.01     0.04
  MONTH TO DATE    0.30                      0.32  -0.02     0.89
  SINCE OCT 1     14.46                     16.85  -2.39    18.86
  SINCE JAN 1      8.26                     12.41  -4.15    14.88

SNOWFALL (IN)
  YESTERDAY        0.0
  MONTH TO DATE    0.0
  SINCE MAR 1      0.0
  SINCE JUL 1      0.0

DEGREE DAYS
 HEATING
  YESTERDAY        0                         1     -1       10
  MONTH TO DATE    7                        52    -45       97
  SINCE MAR 1    384                       408    -24      356
  SINCE JUL 1   1310                      1549   -239     1388

 COOLING
  YESTERDAY       13                         3     10        0
  MONTH TO DATE  138                        55     83        5
  SINCE MAR 1    235                       100    135       63
  SINCE JAN 1    245                       106    139       63
..................................................................


WIND (MPH)
  HIGHEST WIND SPEED    13   HIGHEST WIND DIRECTION     S (180)
  HIGHEST GUST SPEED    17   HIGHEST GUST DIRECTION    SE (130)
  AVERAGE WIND SPEED     5.3


SKY COVER
  POSSIBLE SUNSHINE  MM
  AVERAGE SKY COVER 0.0


WEATHER CONDITIONS
 THE FOLLOWING WEATHER WAS RECORDED YESTERDAY.
  NO SIGNIFICANT WEATHER WAS OBSERVED.


RELATIVE HUMIDITY (PERCENT)
 HIGHEST    78           400 AM
 LOWEST     26           100 PM
 AVERAGE    52

..........................................................


THE BOB HOPE AIRPORT (BURBANK) CA CLIMATE NORMALS FOR TODAY
                         NORMAL    RECORD    YEAR
 MAXIMUM TEMPERATURE (F)   77       100      1973
 MINIMUM TEMPERATURE (F)   56        46      2019
                                             1946


SUNRISE AND SUNSET
MAY 27 2020...........SUNRISE   544 AM PDT   SUNSET   757 PM PDT
MAY 28 2020...........SUNRISE   544 AM PDT   SUNSET   758 PM PDT


-  INDICATES NEGATIVE NUMBERS.
R  INDICATES RECORD WAS SET OR TIED.
MM INDICATES DATA IS MISSING.
T  INDICATES TRACE AMOUNT.




$$
