000
CDUS46 KLOX 230859
CLIBUR


CLIMATE REPORT
NATIONAL WEATHER SERVICE LOS ANGELES/OXNARD CA
1259 AM PST FRI FEB 23 2018


...................................

...THE BOB HOPE AIRPORT (BURBANK) CA CLIMATE SUMMARY FOR FEBRUARY 22 2018...

CLIMATE NORMAL PERIOD 1981 TO 2010
CLIMATE RECORD PERIOD 1939 TO 2018


WEATHER ITEM   OBSERVED TIME   RECORD YEAR NORMAL DEPARTURE LAST
                VALUE   (LST)  VALUE       VALUE  FROM      YEAR
                                                  NORMAL
..................................................................
TEMPERATURE (F)
 YESTERDAY
  MAXIMUM         58    331 PM  88    2002  68    -10       62
                                      1981
                                      1954
  MINIMUM         38    541 AM  34    1976  45     -7       47
                                      1959
  AVERAGE         48                        56     -8       55

PRECIPITATION (IN)
  YESTERDAY        0.00          3.08 1944   0.18  -0.18     0.00
  MONTH TO DATE    0.02                      3.55  -3.53     3.36
  SINCE OCT 1      2.43                     11.52  -9.09    13.31
  SINCE JAN 1      2.35                      7.08  -4.73     9.05

SNOWFALL (IN)
  YESTERDAY        0.0
  MONTH TO DATE    0.0
  SINCE DEC 1      0.0
  SINCE JUL 1      0.0

DEGREE DAYS
 HEATING
  YESTERDAY       17                         9      8       10
  MONTH TO DATE  119                       208    -89      151
  SINCE DEC 1    378                       863   -485      794
  SINCE JUL 1    417                      1091   -674      912

 COOLING
  YESTERDAY        0                         0      0        0
  MONTH TO DATE   12                         0     12        1
  SINCE DEC 1     43                         3     40        1
  SINCE JAN 1     34                         2     32        1
..................................................................


WIND (MPH)
  HIGHEST WIND SPEED    17   HIGHEST WIND DIRECTION     S (180)
  HIGHEST GUST SPEED    21   HIGHEST GUST DIRECTION     S (180)
  AVERAGE WIND SPEED     4.9


SKY COVER
  POSSIBLE SUNSHINE  MM
  AVERAGE SKY COVER 0.3


WEATHER CONDITIONS
 THE FOLLOWING WEATHER WAS RECORDED YESTERDAY.
  NO SIGNIFICANT WEATHER WAS OBSERVED.


RELATIVE HUMIDITY (PERCENT)
 HIGHEST    71           700 PM
 LOWEST     42          1200 AM
 AVERAGE    57

..........................................................


THE BOB HOPE AIRPORT (BURBANK) CA CLIMATE NORMALS FOR TODAY
                         NORMAL    RECORD    YEAR
 MAXIMUM TEMPERATURE (F)   68        91      1954
 MINIMUM TEMPERATURE (F)   45        35      1975
                                             1942


SUNRISE AND SUNSET
FEBRUARY 23 2018......SUNRISE   629 AM PST   SUNSET   545 PM PST
FEBRUARY 24 2018......SUNRISE   628 AM PST   SUNSET   545 PM PST


-  INDICATES NEGATIVE NUMBERS.
R  INDICATES RECORD WAS SET OR TIED.
MM INDICATES DATA IS MISSING.
T  INDICATES TRACE AMOUNT.




$$
