955
CDUS46 KLOX 190951
CLIBUR


CLIMATE REPORT
NATIONAL WEATHER SERVICE LOS ANGELES/OXNARD CA
251 AM PDT SAT OCT 19 2019


...................................

...THE BOB HOPE AIRPORT (BURBANK) CA CLIMATE SUMMARY FOR OCTOBER 18 2019...

CLIMATE NORMAL PERIOD 1981 TO 2010
CLIMATE RECORD PERIOD 1939 TO 2019


WEATHER ITEM   OBSERVED TIME   RECORD YEAR NORMAL DEPARTURE LAST
                VALUE   (LST)  VALUE       VALUE  FROM      YEAR
                                                  NORMAL
..................................................................
TEMPERATURE (F)
 YESTERDAY
  MAXIMUM         78    136 PM 100    1940  79     -1       86
  MINIMUM         57    548 AM  42    1971  54      3       53
                                      1946
  AVERAGE         68                        66      2       70

PRECIPITATION (IN)
  YESTERDAY        0.00          0.27 2005   0.03  -0.03     0.00
  MONTH TO DATE    0.00                      0.50  -0.50     0.31
  SINCE OCT 1      0.00                      0.50  -0.50     0.31
  SINCE JAN 1     14.99                     13.37   1.62     6.57

SNOWFALL (IN)
  YESTERDAY        0.0
  MONTH TO DATE    0.0
  SINCE SEP 1      0.0
  SINCE JUL 1      0.0

DEGREE DAYS
 HEATING
  YESTERDAY        0                         1     -1        0
  MONTH TO DATE    4                        18    -14        0
  SINCE SEP 1      8                        24    -16        0
  SINCE JUL 1      8                        24    -16        0

 COOLING
  YESTERDAY        3                         3      0        5
  MONTH TO DATE   75                        73      2       61
  SINCE SEP 1    395                       322     73      329
  SINCE JAN 1   1331                      1204    127     1574
..................................................................


WIND (MPH)
  HIGHEST WIND SPEED    15   HIGHEST WIND DIRECTION    SE (130)
  HIGHEST GUST SPEED    18   HIGHEST GUST DIRECTION    SE (130)
  AVERAGE WIND SPEED     5.8


SKY COVER
  POSSIBLE SUNSHINE  MM
  AVERAGE SKY COVER 0.0


WEATHER CONDITIONS
 THE FOLLOWING WEATHER WAS RECORDED YESTERDAY.
  NO SIGNIFICANT WEATHER WAS OBSERVED.


RELATIVE HUMIDITY (PERCENT)
 HIGHEST    87           300 AM
 LOWEST     19          1000 PM
 AVERAGE    53

..........................................................


THE BOB HOPE AIRPORT (BURBANK) CA CLIMATE NORMALS FOR TODAY
                         NORMAL    RECORD    YEAR
 MAXIMUM TEMPERATURE (F)   79       101      1940
 MINIMUM TEMPERATURE (F)   53        41      1971
                                             1943


SUNRISE AND SUNSET
OCTOBER 19 2019.......SUNRISE   702 AM PDT   SUNSET   615 PM PDT
OCTOBER 20 2019.......SUNRISE   703 AM PDT   SUNSET   613 PM PDT


-  INDICATES NEGATIVE NUMBERS.
R  INDICATES RECORD WAS SET OR TIED.
MM INDICATES DATA IS MISSING.
T  INDICATES TRACE AMOUNT.




$$
