000
CDUS43 KLMK 210635
CLIBWG


CLIMATE REPORT
NATIONAL WEATHER SERVICE LOUISVILLE KY
135 AM EST THU FEB 21 2019


...................................

...THE BOWLING GREEN KY CLIMATE SUMMARY FOR FEBRUARY 20 2019...

CLIMATE NORMAL PERIOD 1981 TO 2010
CLIMATE RECORD PERIOD 1870 TO 2019


WEATHER ITEM   OBSERVED TIME   RECORD YEAR NORMAL DEPARTURE LAST
                VALUE   (LST)  VALUE       VALUE  FROM      YEAR
                                                  NORMAL
..................................................................
TEMPERATURE (F)
 YESTERDAY
  MAXIMUM         57    210 PM  79    2018  51      6       79
  MINIMUM         38    634 AM  -4    2015  31      7       63
  AVERAGE         48                        41      7       71

PRECIPITATION (IN)
  YESTERDAY        1.07          1.81 1989   0.14   0.93     0.00
  MONTH TO DATE    8.10                      2.85   5.25     4.21
  SINCE DEC 1     16.52                     11.26   5.26     9.98
  SINCE JAN 1     11.39                      6.46   4.93     6.49

SNOWFALL (IN)
  YESTERDAY        0.0           6.0  1921   0.1   -0.1      0.0
  MONTH TO DATE    0.3                       2.7   -2.4      0.2
  SINCE DEC 1      4.9                       7.2   -2.3      8.4
  SINCE JUL 1      5.1                       7.2   -2.1      8.4
  SNOW DEPTH       0

DEGREE DAYS
 HEATING
  YESTERDAY       17                        24     -7        0
  MONTH TO DATE  394                       524   -130      426
  SINCE DEC 1   1925                      2253   -328     2250
  SINCE JUL 1   2799                      3016   -217     2951

 COOLING
  YESTERDAY        0                         0      0        6
  MONTH TO DATE    0                         0      0       13
  SINCE DEC 1      0                         1     -1       13
  SINCE JAN 1      0                         0      0       13
..................................................................


WIND (MPH)
  HIGHEST WIND SPEED    26   HIGHEST WIND DIRECTION     S (190)
  HIGHEST GUST SPEED    37   HIGHEST GUST DIRECTION     S (190)
  AVERAGE WIND SPEED     8.4


SKY COVER
  POSSIBLE SUNSHINE  MM
  AVERAGE SKY COVER 1.0


WEATHER CONDITIONS
 THE FOLLOWING WEATHER WAS RECORDED YESTERDAY.
  THUNDERSTORM
  HEAVY RAIN
  RAIN
  LIGHT RAIN
  FOG


RELATIVE HUMIDITY (PERCENT)
 HIGHEST    93           400 AM
 LOWEST     80           200 PM
 AVERAGE    87

..........................................................


THE BOWLING GREEN KY CLIMATE NORMALS FOR TODAY
                         NORMAL    RECORD    YEAR
 MAXIMUM TEMPERATURE (F)   52        75      1930
                                             1897
 MINIMUM TEMPERATURE (F)   31        -2      1870


SUNRISE AND SUNSET
FEBRUARY 21 2019......SUNRISE   627 AM CST   SUNSET   532 PM CST
FEBRUARY 22 2019......SUNRISE   626 AM CST   SUNSET   533 PM CST


-  INDICATES NEGATIVE NUMBERS.
R  INDICATES RECORD WAS SET OR TIED.
MM INDICATES DATA IS MISSING.
T  INDICATES TRACE AMOUNT.




$$
