000
CDUS43 KLMK 240629
CLIBWG


CLIMATE REPORT
NATIONAL WEATHER SERVICE LOUISVILLE KY
128 AM EST FRI JAN 24 2020


...................................

...THE BOWLING GREEN KY CLIMATE SUMMARY FOR JANUARY 23 2020...

CLIMATE NORMAL PERIOD 1981 TO 2010
CLIMATE RECORD PERIOD 1870 TO 2020


WEATHER ITEM   OBSERVED TIME   RECORD YEAR NORMAL DEPARTURE LAST
                VALUE   (LST)  VALUE       VALUE  FROM      YEAR
                                                  NORMAL
..................................................................
TEMPERATURE (F)
 YESTERDAY
  MAXIMUM         50    110 PM  75    1909  45      5       56
  MINIMUM         33    348 AM -21    1963  26      7       30
  AVERAGE         42                        36      6       43

PRECIPITATION (IN)
  YESTERDAY        0.27          2.30 1937   0.11   0.16     0.79
  MONTH TO DATE    4.25                      2.63   1.62     3.23
  SINCE DEC 1      9.71                      7.43   2.28     8.36
  SINCE JAN 1      4.25                      2.63   1.62     3.23

SNOWFALL (IN)
  YESTERDAY        0.0           5.0  1963   0.1   -0.1       T
  MONTH TO DATE    T                         2.3   -2.3      2.7
  SINCE DEC 1      T                         3.5   -3.5      3.9
  SINCE JUL 1      1.3                       3.5   -2.2      4.1
  SNOW DEPTH       0

DEGREE DAYS
 HEATING
  YESTERDAY       23                        29     -6       22
  MONTH TO DATE  492                       680   -188      569
  SINCE DEC 1   1096                      1501   -405     1251
  SINCE JUL 1   1927                      2264   -337     2125

 COOLING
  YESTERDAY        0                         0      0        0
  MONTH TO DATE    0                         0      0        0
  SINCE DEC 1      0                         1     -1        0
  SINCE JAN 1      0                         0      0        0
..................................................................


WIND (MPH)
  HIGHEST WIND SPEED    14   HIGHEST WIND DIRECTION     S (170)
  HIGHEST GUST SPEED    19   HIGHEST GUST DIRECTION     S (200)
  AVERAGE WIND SPEED     4.6


SKY COVER
  POSSIBLE SUNSHINE  MM
  AVERAGE SKY COVER 0.8


WEATHER CONDITIONS
 THE FOLLOWING WEATHER WAS RECORDED YESTERDAY.
  LIGHT RAIN
  FOG


RELATIVE HUMIDITY (PERCENT)
 HIGHEST    89           600 PM
 LOWEST     37          1100 AM
 AVERAGE    63

..........................................................


THE BOWLING GREEN KY CLIMATE NORMALS FOR TODAY
                         NORMAL    RECORD    YEAR
 MAXIMUM TEMPERATURE (F)   45        78      1943
 MINIMUM TEMPERATURE (F)   26       -21      1963


SUNRISE AND SUNSET
JANUARY 24 2020.......SUNRISE   654 AM CST   SUNSET   502 PM CST
JANUARY 25 2020.......SUNRISE   653 AM CST   SUNSET   503 PM CST


-  INDICATES NEGATIVE NUMBERS.
R  INDICATES RECORD WAS SET OR TIED.
MM INDICATES DATA IS MISSING.
T  INDICATES TRACE AMOUNT.




$$
