295
CDUS43 KLMK 262029
CLIBWG

CLIMATE REPORT
NATIONAL WEATHER SERVICE LOUISVILLE KY
429 PM EDT SUN MAY 26 2024

...................................

...THE BOWLING GREEN KY CLIMATE SUMMARY FOR MAY 26 2024...
VALID TODAY AS OF 0425 PM LOCAL TIME.

CLIMATE NORMAL PERIOD 1991 TO 2020
CLIMATE RECORD PERIOD 1870 TO 2024


WEATHER ITEM   OBSERVED TIME   RECORD YEAR NORMAL DEPARTURE LAST
                VALUE   (LST)  VALUE       VALUE  FROM      YEAR
                                                  NORMAL
...................................................................
TEMPERATURE (F)
 TODAY
  MAXIMUM         76    840 AM  97    1911  81     -5       78
                                      1914
  MINIMUM         65   1041 AM  38    1925  60      5       53
  AVERAGE         71                        71      0       66

PRECIPITATION (IN)
  TODAY            0.82          2.41 2004   0.15   0.67     0.00
  MONTH TO DATE    6.68                      4.28   2.40     3.86
  SINCE MAR 1     13.73                     13.63   0.10    11.71
  SINCE JAN 1     22.78                     21.34   1.44    19.70

SNOWFALL (IN)
  TODAY            0.0           0.0    MM   0.0    0.0      0.0
  MONTH TO DATE    0.0                       0.0    0.0      0.0
  SINCE MAR 1      0.0                       1.5   -1.5      0.0
  SINCE JUL 1      4.8                       8.5   -3.7      2.5
  SNOW DEPTH       0

DEGREE DAYS
 HEATING
  TODAY            0                         1     -1        0
  MONTH TO DATE    4                        56    -52       42
  SINCE MAR 1    514                       773   -259      720
  SINCE JUL 1   3170                      3791   -621     3245

 COOLING
  TODAY            6                         7     -1        1
  MONTH TO DATE  166                       114     52      107
  SINCE MAR 1    267                       161    106      142
  SINCE JAN 1    269                       162    107      147
...................................................................


WIND (MPH)
  HIGHEST WIND SPEED    33   HIGHEST WIND DIRECTION     W (280)
  HIGHEST GUST SPEED    51   HIGHEST GUST DIRECTION     W (270)
  AVERAGE WIND SPEED     4.2


SKY COVER
  POSSIBLE SUNSHINE  MM
  AVERAGE SKY COVER 0.5


WEATHER CONDITIONS
THE FOLLOWING WEATHER WAS RECORDED TODAY.
  THUNDERSTORM
  HEAVY RAIN
  RAIN
  LIGHT RAIN
  FOG


RELATIVE HUMIDITY (PERCENT)
 HIGHEST    93          1200 PM
 LOWEST     79           800 AM
 AVERAGE    86

..........................................................


THE BOWLING GREEN KY CLIMATE NORMALS FOR TOMORROW
                         NORMAL    RECORD    YEAR
 MAXIMUM TEMPERATURE (F)   82        98      1911
 MINIMUM TEMPERATURE (F)   60        35      1961


SUNRISE AND SUNSET
MAY 26 2024...........SUNRISE   530 AM CDT   SUNSET   756 PM CDT
MAY 27 2024...........SUNRISE   530 AM CDT   SUNSET   757 PM CDT


-  INDICATES NEGATIVE NUMBERS.
R  INDICATES RECORD WAS SET OR TIED.
MM INDICATES DATA IS MISSING.
T  INDICATES TRACE AMOUNT.




$$