000
CDUS43 KLMK 240633
CLIBWG


CLIMATE REPORT
NATIONAL WEATHER SERVICE LOUISVILLE KY
233 AM EDT FRI MAY 24 2019


...................................

...THE BOWLING GREEN KY CLIMATE SUMMARY FOR MAY 23 2019...

CLIMATE NORMAL PERIOD 1981 TO 2010
CLIMATE RECORD PERIOD 1870 TO 2019


WEATHER ITEM   OBSERVED TIME   RECORD YEAR NORMAL DEPARTURE LAST
                VALUE   (LST)  VALUE       VALUE  FROM      YEAR
                                                  NORMAL
..................................................................
TEMPERATURE (F)
 YESTERDAY
  MAXIMUM         90    309 PM  96    1921  80     10       87
  MINIMUM         71    521 AM  38    1889  57     14       65
  AVERAGE         81                        68     13       76

PRECIPITATION (IN)
  YESTERDAY        0.00          1.00 1984   0.18  -0.18     0.00
  MONTH TO DATE    1.97                      4.22  -2.25     3.43
  SINCE MAR 1      9.36                     12.97  -3.61    11.52
  SINCE JAN 1     23.79                     20.54   3.25    22.39

SNOWFALL (IN)
  YESTERDAY        0.0           0.0    MM   0.0    0.0      0.0
  MONTH TO DATE    0.0                       0.0    0.0      0.0
  SINCE MAR 1      T                         1.3   -1.3      2.6
  SINCE JUL 1      5.1                       9.1   -4.0     11.0
  SNOW DEPTH       0

DEGREE DAYS
 HEATING
  YESTERDAY        0                         1     -1        0
  MONTH TO DATE   36                        66    -30        2
  SINCE MAR 1    804                       837    -33      912
  SINCE JUL 1   3752                      4035   -283     3926

 COOLING
  YESTERDAY       16                         5     11       11
  MONTH TO DATE  124                        72     52      204
  SINCE MAR 1    158                       108     50      215
  SINCE JAN 1    158                       108     50      230
..................................................................


WIND (MPH)
  HIGHEST WIND SPEED    20   HIGHEST WIND DIRECTION    SW (220)
  HIGHEST GUST SPEED    28   HIGHEST GUST DIRECTION    SW (220)
  AVERAGE WIND SPEED     8.4


SKY COVER
  POSSIBLE SUNSHINE  MM
  AVERAGE SKY COVER 0.0


WEATHER CONDITIONS
 THE FOLLOWING WEATHER WAS RECORDED YESTERDAY.
  NO SIGNIFICANT WEATHER WAS OBSERVED.


RELATIVE HUMIDITY (PERCENT)
 HIGHEST    73          1000 PM
 LOWEST     44           400 PM
 AVERAGE    59

..........................................................


THE BOWLING GREEN KY CLIMATE NORMALS FOR TODAY
                         NORMAL    RECORD    YEAR
 MAXIMUM TEMPERATURE (F)   80        96      1912
 MINIMUM TEMPERATURE (F)   57        39      1931
                                             1893


SUNRISE AND SUNSET
MAY 24 2019...........SUNRISE   432 AM CST   SUNSET   654 PM CST
MAY 25 2019...........SUNRISE   431 AM CST   SUNSET   655 PM CST


-  INDICATES NEGATIVE NUMBERS.
R  INDICATES RECORD WAS SET OR TIED.
MM INDICATES DATA IS MISSING.
T  INDICATES TRACE AMOUNT.




$$
