000
CDUS43 KLMK 230630
CLIBWG


CLIMATE REPORT
NATIONAL WEATHER SERVICE LOUISVILLE KY
228 AM EDT WED OCT 23 2019


...................................

...THE BOWLING GREEN KY CLIMATE SUMMARY FOR OCTOBER 22 2019...

CLIMATE NORMAL PERIOD 1981 TO 2010
CLIMATE RECORD PERIOD 1870 TO 2019


WEATHER ITEM   OBSERVED TIME   RECORD YEAR NORMAL DEPARTURE LAST
                VALUE   (LST)  VALUE       VALUE  FROM      YEAR
                                                  NORMAL
..................................................................
TEMPERATURE (F)
 YESTERDAY
  MAXIMUM         66    239 PM  88    1947  69     -3       66
  MINIMUM         48   1159 PM  23    1987  44      4       33
  AVERAGE         57                        57      0       50

PRECIPITATION (IN)
  YESTERDAY        0.00          3.29 2007   0.11  -0.11     0.00
  MONTH TO DATE    3.05                      2.37   0.68     4.39
  SINCE SEP 1      3.26                      6.30  -3.04    10.00
  SINCE JAN 1     46.26                     39.86   6.40    43.55

SNOWFALL (IN)
  YESTERDAY        0.0           0.0    MM   0.0    0.0      0.0
  MONTH TO DATE    0.0                       0.0    0.0      0.0
  SINCE SEP 1      0.0                       0.0    0.0      0.0
  SINCE JUL 1      0.0                       0.0    0.0      0.0
  SNOW DEPTH       0

DEGREE DAYS
 HEATING
  YESTERDAY        8                         9     -1       15
  MONTH TO DATE  101                       136    -35      139
  SINCE SEP 1    101                       171    -70      149
  SINCE JUL 1    101                       172    -71      149

 COOLING
  YESTERDAY        0                         1     -1        0
  MONTH TO DATE   78                        31     47      124
  SINCE SEP 1    483                       217    266      448
  SINCE JAN 1   1959                      1486    473     2140
..................................................................


WIND (MPH)
  HIGHEST WIND SPEED    20   HIGHEST WIND DIRECTION    SW (240)
  HIGHEST GUST SPEED    28   HIGHEST GUST DIRECTION    SW (230)
  AVERAGE WIND SPEED     9.2


SKY COVER
  POSSIBLE SUNSHINE  MM
  AVERAGE SKY COVER 0.1


WEATHER CONDITIONS
 THE FOLLOWING WEATHER WAS RECORDED YESTERDAY.
  NO SIGNIFICANT WEATHER WAS OBSERVED.


RELATIVE HUMIDITY (PERCENT)
 HIGHEST    93           400 AM
 LOWEST     34           200 PM
 AVERAGE    64

..........................................................


THE BOWLING GREEN KY CLIMATE NORMALS FOR TODAY
                         NORMAL    RECORD    YEAR
 MAXIMUM TEMPERATURE (F)   69        88      1927
 MINIMUM TEMPERATURE (F)   44        26      1952


SUNRISE AND SUNSET
OCTOBER 23 2019.......SUNRISE   701 AM CDT   SUNSET   559 PM CDT
OCTOBER 24 2019.......SUNRISE   702 AM CDT   SUNSET   558 PM CDT


-  INDICATES NEGATIVE NUMBERS.
R  INDICATES RECORD WAS SET OR TIED.
MM INDICATES DATA IS MISSING.
T  INDICATES TRACE AMOUNT.

$$

SCHOETTMER
