000
CDUS43 KLMK 170639
CLIBWG


CLIMATE REPORT
NATIONAL WEATHER SERVICE LOUISVILLE KY
238 AM EDT WED OCT 17 2018


...................................

...THE BOWLING GREEN KY CLIMATE SUMMARY FOR OCTOBER 16 2018...

CLIMATE NORMAL PERIOD 1981 TO 2010
CLIMATE RECORD PERIOD 1870 TO 2018


WEATHER ITEM   OBSERVED TIME   RECORD YEAR NORMAL DEPARTURE LAST
                VALUE   (LST)  VALUE       VALUE  FROM      YEAR
                                                  NORMAL
..................................................................
TEMPERATURE (F)
 YESTERDAY
  MAXIMUM         54    226 PM  89    1947  71    -17       65
                                      1920
  MINIMUM         45    507 AM  30    1945  46     -1       44
  AVERAGE         50                        59     -9       55

PRECIPITATION (IN)
  YESTERDAY        0.00          2.16 1975   0.10  -0.10     0.00
  MONTH TO DATE    4.07                      1.73   2.34     1.29
  SINCE SEP 1      9.68                      5.66   4.02     7.76
  SINCE JAN 1     43.23                     39.22   4.01    44.84

SNOWFALL (IN)
  YESTERDAY        0.0           0.0    MM   0.0    0.0      0.0
  MONTH TO DATE    0.0                       0.0    0.0      0.0
  SINCE SEP 1      0.0                       0.0    0.0      0.0
  SINCE JUL 1      0.0                       0.0    0.0      0.0
  SNOW DEPTH       0

DEGREE DAYS
 HEATING
  YESTERDAY       15                         7      8       10
  MONTH TO DATE   58                        87    -29       19
  SINCE SEP 1     68                       122    -54       38
  SINCE JUL 1     68                       123    -55       38

 COOLING
  YESTERDAY        0                         1     -1        0
  MONTH TO DATE  124                        25     99       64
  SINCE SEP 1    448                       211    237      234
  SINCE JAN 1   2140                      1480    660     1586
..................................................................


WIND (MPH)
  HIGHEST WIND SPEED     8   HIGHEST WIND DIRECTION    NE (40)
  HIGHEST GUST SPEED    11   HIGHEST GUST DIRECTION    NE (50)
  AVERAGE WIND SPEED     3.7


SKY COVER
  POSSIBLE SUNSHINE  MM
  AVERAGE SKY COVER 0.6


WEATHER CONDITIONS
 THE FOLLOWING WEATHER WAS RECORDED YESTERDAY.
  NO SIGNIFICANT WEATHER WAS OBSERVED.


RELATIVE HUMIDITY (PERCENT)
 HIGHEST    93           800 PM
 LOWEST     71          1100 AM
 AVERAGE    82

..........................................................


THE BOWLING GREEN KY CLIMATE NORMALS FOR TODAY
                         NORMAL    RECORD    YEAR
 MAXIMUM TEMPERATURE (F)   71        90      1917
 MINIMUM TEMPERATURE (F)   46        29      1948


SUNRISE AND SUNSET
OCTOBER 17 2018.......SUNRISE   655 AM CDT   SUNSET   606 PM CDT
OCTOBER 18 2018.......SUNRISE   656 AM CDT   SUNSET   605 PM CDT


-  INDICATES NEGATIVE NUMBERS.
R  INDICATES RECORD WAS SET OR TIED.
MM INDICATES DATA IS MISSING.
T  INDICATES TRACE AMOUNT.




$$
