000
CDUS43 KLMK 240628
CLIBWG

CLIMATE REPORT
NATIONAL WEATHER SERVICE LOUISVILLE KY
228 AM EDT TUE MAY 24 2022

...................................

...THE BOWLING GREEN KY CLIMATE SUMMARY FOR MAY 23 2022...

CLIMATE NORMAL PERIOD 1991 TO 2020
CLIMATE RECORD PERIOD 1870 TO 2022


WEATHER ITEM   OBSERVED TIME   RECORD YEAR NORMAL DEPARTURE LAST
                VALUE   (LST)  VALUE       VALUE  FROM      YEAR
                                                  NORMAL
...................................................................
TEMPERATURE (F)
 YESTERDAY
  MAXIMUM         65    436 PM  96    1921  81    -16       89
  MINIMUM         58   1059 AM  38    1889  59     -1       61
  AVERAGE         62                        70     -8       75

PRECIPITATION (IN)
  YESTERDAY        T             1.00 1984   0.15  -0.15     0.00
  MONTH TO DATE    2.46                      3.83  -1.37     4.47
  SINCE MAR 1      9.93                     13.18  -3.25    12.64
  SINCE JAN 1     21.55                     20.89   0.66    24.67

SNOWFALL (IN)
  YESTERDAY        0.0           0.0    MM                   0.0
  MONTH TO DATE    0.0                                       0.0
  SINCE MAR 1      5.1                                       0.2
  SINCE JUL 1     15.5                                       9.0
  SNOW DEPTH       0

DEGREE DAYS
 HEATING
  YESTERDAY        3                         1      2        0
  MONTH TO DATE   19                        53    -34       91
  SINCE MAR 1    701                       770    -69      718
  SINCE JUL 1   3476                      3788   -312     3765

 COOLING
  YESTERDAY        0                         6     -6       10
  MONTH TO DATE  145                        95     50       61
  SINCE MAR 1    203                       142     61       83
  SINCE JAN 1    205                       143     62       83
...................................................................


WIND (MPH)
  HIGHEST WIND SPEED    16   HIGHEST WIND DIRECTION    NE (50)
  HIGHEST GUST SPEED    24   HIGHEST GUST DIRECTION    NE (40)
  AVERAGE WIND SPEED    10.1


SKY COVER
  POSSIBLE SUNSHINE  MM
  AVERAGE SKY COVER 0.9


WEATHER CONDITIONS
THE FOLLOWING WEATHER WAS RECORDED YESTERDAY.
  LIGHT RAIN


RELATIVE HUMIDITY (PERCENT)
 HIGHEST    84           300 AM
 LOWEST     62           900 AM
 AVERAGE    73

..........................................................


THE BOWLING GREEN KY CLIMATE NORMALS FOR TODAY
                         NORMAL    RECORD    YEAR
 MAXIMUM TEMPERATURE (F)   81        96      1912
 MINIMUM TEMPERATURE (F)   60        39      1893
                                             1931


SUNRISE AND SUNSET
MAY 24 2022...........SUNRISE   531 AM CDT   SUNSET   754 PM CDT
MAY 25 2022...........SUNRISE   531 AM CDT   SUNSET   755 PM CDT


-  INDICATES NEGATIVE NUMBERS.
R  INDICATES RECORD WAS SET OR TIED.
MM INDICATES DATA IS MISSING.
T  INDICATES TRACE AMOUNT.




$$
