000
CDUS43 KLMK 120627
CLIBWG


CLIMATE REPORT
NATIONAL WEATHER SERVICE LOUISVILLE KY
127 AM EST WED DEC 12 2018


...................................

...THE BOWLING GREEN KY CLIMATE SUMMARY FOR DECEMBER 11 2018...

CLIMATE NORMAL PERIOD 1981 TO 2010
CLIMATE RECORD PERIOD 1870 TO 2018


WEATHER ITEM   OBSERVED TIME   RECORD YEAR NORMAL DEPARTURE LAST
                VALUE   (LST)  VALUE       VALUE  FROM      YEAR
                                                  NORMAL
..................................................................
TEMPERATURE (F)
 YESTERDAY
  MAXIMUM         47    322 PM  75    2007  49     -2       58
  MINIMUM         20    614 AM   0    1962  30    -10       24
  AVERAGE         34                        39     -5       41

PRECIPITATION (IN)
  YESTERDAY        0.00          2.84 1949   0.17  -0.17     0.00
  MONTH TO DATE    1.46                      1.80  -0.34     0.57
  SINCE DEC 1      1.46                      1.80  -0.34     0.57
  SINCE JAN 1     51.26                     46.89   4.37    49.55

SNOWFALL (IN)
  YESTERDAY        0.0           3.4  1898   0.0    0.0      0.0
  MONTH TO DATE    1.2                       0.2    1.0       T
  SINCE DEC 1      1.2                       0.2    1.0       T
  SINCE JUL 1      1.4                       0.2    1.2       T
  SNOW DEPTH       0

DEGREE DAYS
 HEATING
  YESTERDAY       31                        26      5       24
  MONTH TO DATE  275                       264     11      266
  SINCE DEC 1    275                       264     11      266
  SINCE JUL 1   1149                      1027    122      967

 COOLING
  YESTERDAY        0                         0      0        0
  MONTH TO DATE    0                         0      0        0
  SINCE DEC 1      0                         0      0        0
  SINCE JAN 1   2143                      1491    652     1600
..................................................................


WIND (MPH)
  HIGHEST WIND SPEED    15   HIGHEST WIND DIRECTION    SW (220)
  HIGHEST GUST SPEED    23   HIGHEST GUST DIRECTION    SW (210)
  AVERAGE WIND SPEED     5.3


SKY COVER
  POSSIBLE SUNSHINE  MM
  AVERAGE SKY COVER 0.0


WEATHER CONDITIONS
 THE FOLLOWING WEATHER WAS RECORDED YESTERDAY.
  HAZE


RELATIVE HUMIDITY (PERCENT)
 HIGHEST    84           400 AM
 LOWEST     37           200 PM
 AVERAGE    61

..........................................................


THE BOWLING GREEN KY CLIMATE NORMALS FOR TODAY
                         NORMAL    RECORD    YEAR
 MAXIMUM TEMPERATURE (F)   49        70      2015
 MINIMUM TEMPERATURE (F)   30        -5      1962


SUNRISE AND SUNSET
DECEMBER 12 2018......SUNRISE   649 AM CST   SUNSET   429 PM CST
DECEMBER 13 2018......SUNRISE   650 AM CST   SUNSET   430 PM CST


-  INDICATES NEGATIVE NUMBERS.
R  INDICATES RECORD WAS SET OR TIED.
MM INDICATES DATA IS MISSING.
T  INDICATES TRACE AMOUNT.




$$
