000
CDUS43 KLMK 160630
CLIBWG

CLIMATE REPORT
NATIONAL WEATHER SERVICE LOUISVILLE KY
230 AM EDT FRI APR 16 2021

...................................

...THE BOWLING GREEN KY CLIMATE SUMMARY FOR APRIL 15 2021...

CLIMATE NORMAL PERIOD 1981 TO 2010
CLIMATE RECORD PERIOD 1870 TO 2021


WEATHER ITEM   OBSERVED TIME   RECORD YEAR NORMAL DEPARTURE LAST
                VALUE   (LST)  VALUE       VALUE  FROM      YEAR
                                                  NORMAL
...................................................................
TEMPERATURE (F)
 YESTERDAY
  MAXIMUM         63    328 PM  88    1924  70     -7       60
                                      1931
                                      1936
  MINIMUM         42   1157 PM  25    1950  45     -3       29
  AVERAGE         53                        58     -5       45

PRECIPITATION (IN)
  YESTERDAY        0.00          1.18 1994   0.13  -0.13     0.00
  MONTH TO DATE    0.42                      2.02  -1.60     1.53
  SINCE MAR 1      5.87                      6.43  -0.56     9.91
  SINCE JAN 1     17.90                     14.00   3.90    20.79

SNOWFALL (IN)
  YESTERDAY        0.0           T    2014   0.0    0.0      0.0
  MONTH TO DATE    0.0                       0.2   -0.2       T
  SINCE MAR 1      0.0                       1.3   -1.3       T
  SINCE JUL 1      8.8                       9.1   -0.3      3.6
  SNOW DEPTH       0

DEGREE DAYS
 HEATING
  YESTERDAY       12                         8      4       20
  MONTH TO DATE  124                       155    -31      152
  SINCE MAR 1    495                       675   -180      509
  SINCE JUL 1   3542                      3873   -331     3286

 COOLING
  YESTERDAY        0                         1     -1        0
  MONTH TO DATE    7                        14     -7       12
  SINCE MAR 1      9                        19    -10       31
  SINCE JAN 1      9                        19    -10       31
...................................................................


WIND (MPH)
  HIGHEST WIND SPEED    13   HIGHEST WIND DIRECTION     N (20)
  HIGHEST GUST SPEED    22   HIGHEST GUST DIRECTION    NW (330)
  AVERAGE WIND SPEED     4.6


SKY COVER
  POSSIBLE SUNSHINE  MM
  AVERAGE SKY COVER 0.2


WEATHER CONDITIONS
THE FOLLOWING WEATHER WAS RECORDED YESTERDAY.
  NO SIGNIFICANT WEATHER WAS OBSERVED.


RELATIVE HUMIDITY (PERCENT)
 HIGHEST    83           100 AM
 LOWEST     34           400 PM
 AVERAGE    59

..........................................................


THE BOWLING GREEN KY CLIMATE NORMALS FOR TODAY
                         NORMAL    RECORD    YEAR
 MAXIMUM TEMPERATURE (F)   70        89      1924
 MINIMUM TEMPERATURE (F)   46        27      1928
                                             2014


SUNRISE AND SUNSET
APRIL 16 2021.........SUNRISE   610 AM CDT   SUNSET   722 PM CDT
APRIL 17 2021.........SUNRISE   608 AM CDT   SUNSET   723 PM CDT


-  INDICATES NEGATIVE NUMBERS.
R  INDICATES RECORD WAS SET OR TIED.
MM INDICATES DATA IS MISSING.
T  INDICATES TRACE AMOUNT.




$$
