000
CDUS45 KRIW 150738
CLIBYG


CLIMATE REPORT
NATIONAL WEATHER SERVICE RIVERTON WY
136 AM MDT MON OCT 15 2018


...................................

...THE BUFFALO WY CLIMATE SUMMARY FOR OCTOBER 14 2018...

CLIMATE NORMAL PERIOD 1981 TO 2010
CLIMATE RECORD PERIOD 1998 TO 2018


WEATHER ITEM   OBSERVED TIME   RECORD YEAR NORMAL DEPARTURE LAST
                VALUE   (LST)  VALUE       VALUE  FROM      YEAR
                                                  NORMAL
..................................................................
TEMPERATURE (F)
 YESTERDAY
  MAXIMUM         26    235 PM  79    2016  58    -32       43
                                      2014
  MINIMUM         17R   644 PM  26    2008  35    -18       27
  AVERAGE         22                        46    -24       35

PRECIPITATION (IN)
  YESTERDAY        T             0.14 1999   0.04  -0.04      T
  MONTH TO DATE    1.06                      0.57   0.49     0.24
  SINCE SEP 1      2.03                      1.88   0.15     2.03
  SINCE JAN 1     11.45                     12.15  -0.70    13.93

DEGREE DAYS
 HEATING
  YESTERDAY       43                        19     24       30
  MONTH TO DATE  334                       231    103      238
  SINCE SEP 1    529                       480     49      515
  SINCE JUL 1    581                       545     36      537

 COOLING
  YESTERDAY        0                         0      0        0
  MONTH TO DATE    0                         0      0        0
  SINCE SEP 1     46                        45      1       90
  SINCE JAN 1    491                       491      0      622
..................................................................


WIND (MPH)
  HIGHEST WIND SPEED    26   HIGHEST WIND DIRECTION     N (350)
  HIGHEST GUST SPEED    32   HIGHEST GUST DIRECTION     N (350)
  AVERAGE WIND SPEED    12.7


SKY COVER
  POSSIBLE SUNSHINE  MM
  AVERAGE SKY COVER 0.6


WEATHER CONDITIONS
 THE FOLLOWING WEATHER WAS RECORDED YESTERDAY.
  LIGHT SNOW
  FOG


RELATIVE HUMIDITY (PERCENT)
 HIGHEST    84           500 AM
 LOWEST     62           900 PM
 AVERAGE    73

..........................................................


THE BUFFALO WY CLIMATE NORMALS FOR TODAY
                         NORMAL    RECORD    YEAR
 MAXIMUM TEMPERATURE (F)   58        82      2014
 MINIMUM TEMPERATURE (F)   35        23      2001


SUNRISE AND SUNSET
OCTOBER 15 2018.......SUNRISE   722 AM MDT   SUNSET   623 PM MDT
OCTOBER 16 2018.......SUNRISE   723 AM MDT   SUNSET   621 PM MDT


-  INDICATES NEGATIVE NUMBERS.
R  INDICATES RECORD WAS SET OR TIED.
MM INDICATES DATA IS MISSING.
T  INDICATES TRACE AMOUNT.




$$
