000
CDUS45 KRIW 140733
CLIBYG


CLIMATE REPORT
NATIONAL WEATHER SERVICE RIVERTON WY
130 AM MDT MON OCT 14 2019


...................................

...THE BUFFALO WY CLIMATE SUMMARY FOR OCTOBER 13 2019...

CLIMATE NORMAL PERIOD 1981 TO 2010
CLIMATE RECORD PERIOD 1998 TO 2019


WEATHER ITEM   OBSERVED TIME   RECORD YEAR NORMAL DEPARTURE LAST
                VALUE   (LST)  VALUE       VALUE  FROM      YEAR
                                                  NORMAL
..................................................................
TEMPERATURE (F)
 YESTERDAY
  MAXIMUM         62    236 PM  78    1998  59      3       47
  MINIMUM         32    443 AM  19    2008  35     -3       22
  AVERAGE         47                        47      0       35

PRECIPITATION (IN)
  YESTERDAY        0.00          0.67 2007   0.04  -0.04     0.22
  MONTH TO DATE    0.77                      0.53   0.24     1.06
  SINCE SEP 1      2.75                      1.84   0.91     2.03
  SINCE JAN 1     16.41                     12.11   4.30    11.45

DEGREE DAYS
 HEATING
  YESTERDAY       18                        18      0       30
  MONTH TO DATE  329                       212    117      291
  SINCE SEP 1    540                       461     79      486
  SINCE JUL 1    582                       526     56      538

 COOLING
  YESTERDAY        0                         0      0        0
  MONTH TO DATE    0                         0      0        0
  SINCE SEP 1     68                        45     23       46
  SINCE JAN 1    373                       491   -118      491
..................................................................


WIND (MPH)
  HIGHEST WIND SPEED    15   HIGHEST WIND DIRECTION    SE (150)
  HIGHEST GUST SPEED    22   HIGHEST GUST DIRECTION     S (170)
  AVERAGE WIND SPEED     7.1


SKY COVER
  POSSIBLE SUNSHINE  MM
  AVERAGE SKY COVER 0.0


WEATHER CONDITIONS
 THE FOLLOWING WEATHER WAS RECORDED YESTERDAY.
  NO SIGNIFICANT WEATHER WAS OBSERVED.


RELATIVE HUMIDITY (PERCENT)
 HIGHEST    51          1200 AM
 LOWEST     19          1100 AM
 AVERAGE    35

..........................................................


THE BUFFALO WY CLIMATE NORMALS FOR TODAY
                         NORMAL    RECORD    YEAR
 MAXIMUM TEMPERATURE (F)   58        79      2016
                                             2014
 MINIMUM TEMPERATURE (F)   35        17      2018


SUNRISE AND SUNSET
OCTOBER 14 2019.......SUNRISE   720 AM MDT   SUNSET   625 PM MDT
OCTOBER 15 2019.......SUNRISE   722 AM MDT   SUNSET   623 PM MDT


-  INDICATES NEGATIVE NUMBERS.
R  INDICATES RECORD WAS SET OR TIED.
MM INDICATES DATA IS MISSING.
T  INDICATES TRACE AMOUNT.




$$
