000
CDUS45 KRIW 260732
CLIBYG

CLIMATE REPORT
NATIONAL WEATHER SERVICE RIVERTON WY
132 AM MDT MON OCT 26 2020

...................................

...THE BUFFALO WY CLIMATE SUMMARY FOR OCTOBER 25 2020...

CLIMATE NORMAL PERIOD: 1981 TO 2010
CLIMATE RECORD PERIOD: 1998 TO 2020


WEATHER ITEM   OBSERVED TIME   RECORD YEAR NORMAL DEPARTURE LAST
                VALUE   (LST)  VALUE       VALUE  FROM      YEAR
                                                  NORMAL
...................................................................
TEMPERATURE (F)
 YESTERDAY
  MAXIMUM         11  12:02 AM  80    2014  55    -44       66
  MINIMUM         -3R  8:02 PM  21    2001  32    -35       33
                                      2012
  AVERAGE          4                        43    -39       50

PRECIPITATION (IN)
  YESTERDAY        T             0.04 2012   0.02  -0.02     0.00
  MONTH TO DATE    1.02                      0.86   0.16     1.22
  SINCE SEP 1      1.91                      2.17  -0.26     3.20
  SINCE JAN 1      7.23                     12.44  -5.21    16.86

DEGREE DAYS
 HEATING
  YESTERDAY       61                        22     39       15
  MONTH TO DATE  505                       454     51      586
  SINCE SEP 1    674                       703    -29      797
  SINCE JUL 1    697                       768    -71      839

 COOLING
  YESTERDAY        0                         0      0        0
  MONTH TO DATE    3                         0      3        0
  SINCE SEP 1     78                        45     33       68
  SINCE JAN 1    711                       491    220      373
...................................................................


WIND (MPH)
  HIGHEST WIND SPEED    22   HIGHEST WIND DIRECTION    NW (330)
  HIGHEST GUST SPEED    31   HIGHEST GUST DIRECTION     N (340)
  AVERAGE WIND SPEED    10.3


SKY COVER
  POSSIBLE SUNSHINE  MM
  AVERAGE SKY COVER 0.8


WEATHER CONDITIONS
THE FOLLOWING WEATHER WAS RECORDED YESTERDAY.
  LIGHT SNOW


RELATIVE HUMIDITY (PERCENT)
 HIGHEST    80          12:00 AM
 LOWEST     63           3:00 PM
 AVERAGE    72

..........................................................


THE BUFFALO WY CLIMATE NORMALS FOR TODAY
                         NORMAL    RECORD    YEAR
 MAXIMUM TEMPERATURE (F)   55        74      1999
 MINIMUM TEMPERATURE (F)   31        13      2012


SUNRISE AND SUNSET
OCTOBER 26 2020.......SUNRISE   7:37 AM MDT   SUNSET   6:04 PM MDT
OCTOBER 27 2020.......SUNRISE   7:38 AM MDT   SUNSET   6:03 PM MDT


-  INDICATES NEGATIVE NUMBERS.
R  INDICATES RECORD WAS SET OR TIED.
MM INDICATES DATA IS MISSING.
T  INDICATES TRACE AMOUNT.




$$
