000
CDUS45 KRIW 180731
CLIBYG


CLIMATE REPORT
NATIONAL WEATHER SERVICE RIVERTON WY
130 AM MDT WED JUL 18 2018


...................................

...THE BUFFALO WY CLIMATE SUMMARY FOR JULY 17 2018...

CLIMATE NORMAL PERIOD 1981 TO 2010
CLIMATE RECORD PERIOD 1998 TO 2018


WEATHER ITEM   OBSERVED TIME   RECORD YEAR NORMAL DEPARTURE LAST
                VALUE   (LST)  VALUE       VALUE  FROM      YEAR
                                                  NORMAL
..................................................................
TEMPERATURE (F)
 YESTERDAY
  MAXIMUM         83   1141 AM  95    2011  86     -3       88
                                      2004
  MINIMUM         58   1149 PM  52    1999  58      0       60
  AVERAGE         71                        72     -1       74

PRECIPITATION (IN)
  YESTERDAY        0.16          0.71 2010   0.06   0.10     0.00
  MONTH TO DATE    0.48                      0.94  -0.46     0.84
  SINCE JUN 1      2.14                      3.22  -1.08     2.54
  SINCE JAN 1      7.16                      8.74  -1.58    10.82

DEGREE DAYS
 HEATING
  YESTERDAY        0                         1     -1        0
  MONTH TO DATE    4                        20    -16        0
  SINCE JUN 1    116                       183    -67       98
  SINCE JUL 1      4                        20    -16        0

 COOLING
  YESTERDAY        6                         7     -1        9
  MONTH TO DATE  138                        97     41      182
  SINCE JUN 1    193                       148     45      229
  SINCE JAN 1    204                       155     49      240
..................................................................


WIND (MPH)
  HIGHEST WIND SPEED    28   HIGHEST WIND DIRECTION    NW (330)
  HIGHEST GUST SPEED    34   HIGHEST GUST DIRECTION    NW (320)
  AVERAGE WIND SPEED     7.1


SKY COVER
  POSSIBLE SUNSHINE  MM
  AVERAGE SKY COVER 0.2


WEATHER CONDITIONS
 THE FOLLOWING WEATHER WAS RECORDED YESTERDAY.
  THUNDERSTORM
  RAIN
  LIGHT RAIN


RELATIVE HUMIDITY (PERCENT)
 HIGHEST    93          1100 PM
 LOWEST     39           900 AM
 AVERAGE    66

..........................................................


THE BUFFALO WY CLIMATE NORMALS FOR TODAY
                         NORMAL    RECORD    YEAR
 MAXIMUM TEMPERATURE (F)   86       100      2006
 MINIMUM TEMPERATURE (F)   58        49      1999


SUNRISE AND SUNSET
JULY 18 2018..........SUNRISE   540 AM MDT   SUNSET   846 PM MDT
JULY 19 2018..........SUNRISE   541 AM MDT   SUNSET   845 PM MDT


-  INDICATES NEGATIVE NUMBERS.
R  INDICATES RECORD WAS SET OR TIED.
MM INDICATES DATA IS MISSING.
T  INDICATES TRACE AMOUNT.




$$
