000
CDUS45 KRIW 230735
CLIBYG


CLIMATE REPORT
NATIONAL WEATHER SERVICE RIVERTON WY
1233 AM MST WED JAN 23 2019


...................................

...THE BUFFALO WY CLIMATE SUMMARY FOR JANUARY 22 2019...

CLIMATE NORMAL PERIOD 1981 TO 2010
CLIMATE RECORD PERIOD 1998 TO 2019


WEATHER ITEM   OBSERVED TIME   RECORD YEAR NORMAL DEPARTURE LAST
                VALUE   (LST)  VALUE       VALUE  FROM      YEAR
                                                  NORMAL
..................................................................
TEMPERATURE (F)
 YESTERDAY
  MAXIMUM         29    344 PM  55    2005  38     -9       40
  MINIMUM         16    638 PM  -9    2008  17     -1       19
  AVERAGE         23                        28     -5       30

PRECIPITATION (IN)
  YESTERDAY        T             0.06 2002   0.02  -0.02     0.00
  MONTH TO DATE    0.01                      0.28  -0.27     0.08
  SINCE DEC 1      0.11                      0.68  -0.57     0.40
  SINCE JAN 1      0.01                      0.28  -0.27     0.08

DEGREE DAYS
 HEATING
  YESTERDAY       42                        37      5       35
  MONTH TO DATE  710                       820   -110      778
  SINCE DEC 1   1796                      2033   -237     1952
  SINCE JUL 1   3546                      3867   -321     3614

 COOLING
  YESTERDAY        0                         0      0        0
  MONTH TO DATE    0                         0      0        0
  SINCE DEC 1      0                         0      0        0
  SINCE JAN 1      0                         0      0        0
..................................................................


WIND (MPH)
  HIGHEST WIND SPEED    26   HIGHEST WIND DIRECTION     N (340)
  HIGHEST GUST SPEED    35   HIGHEST GUST DIRECTION    NW (330)
  AVERAGE WIND SPEED     9.8


SKY COVER
  POSSIBLE SUNSHINE  MM
  AVERAGE SKY COVER 0.3


WEATHER CONDITIONS
 THE FOLLOWING WEATHER WAS RECORDED YESTERDAY.
  SNOW
  LIGHT SNOW
  FOG


RELATIVE HUMIDITY (PERCENT)
 HIGHEST    92           700 AM
 LOWEST     52          1100 PM
 AVERAGE    72

..........................................................


THE BUFFALO WY CLIMATE NORMALS FOR TODAY
                         NORMAL    RECORD    YEAR
 MAXIMUM TEMPERATURE (F)   38        63      2005
 MINIMUM TEMPERATURE (F)   17         1      2009


SUNRISE AND SUNSET
JANUARY 23 2019.......SUNRISE   734 AM MST   SUNSET   504 PM MST
JANUARY 24 2019.......SUNRISE   733 AM MST   SUNSET   505 PM MST


-  INDICATES NEGATIVE NUMBERS.
R  INDICATES RECORD WAS SET OR TIED.
MM INDICATES DATA IS MISSING.
T  INDICATES TRACE AMOUNT.




$$
