000
CDUS45 KRIW 180737
CLIBYG


CLIMATE REPORT
NATIONAL WEATHER SERVICE RIVERTON WY
1236 AM MST TUE FEB 18 2020


...................................

...THE BUFFALO WY CLIMATE SUMMARY FOR FEBRUARY 17 2020...

CLIMATE NORMAL PERIOD 1981 TO 2010
CLIMATE RECORD PERIOD 1998 TO 2020


WEATHER ITEM   OBSERVED TIME   RECORD YEAR NORMAL DEPARTURE LAST
                VALUE   (LST)  VALUE       VALUE  FROM      YEAR
                                                  NORMAL
..................................................................
TEMPERATURE (F)
 YESTERDAY
  MAXIMUM         28    345 AM  56    2016  38    -10        8
  MINIMUM         14   1102 PM -19    2006  18     -4        0
  AVERAGE         21                        28     -7        4

PRECIPITATION (IN)
  YESTERDAY        0.02R         0.01 2010   0.01   0.01      T
                                      2007
  MONTH TO DATE    0.54                      0.21   0.33     0.02
  SINCE DEC 1      0.67                      1.03  -0.36     0.21
  SINCE JAN 1      0.66                      0.63   0.03     0.11

DEGREE DAYS
 HEATING
  YESTERDAY       44                        37      7       61
  MONTH TO DATE  689                       640     49      842
  SINCE DEC 1   2792                      3013   -221     2997
  SINCE JUL 1   4865                      4847     18     4747

 COOLING
  YESTERDAY        0                         0      0        0
  MONTH TO DATE    0                         0      0        0
  SINCE DEC 1      0                         0      0        0
  SINCE JAN 1      0                         0      0        0
..................................................................


WIND (MPH)
  HIGHEST WIND SPEED    24   HIGHEST WIND DIRECTION    NW (320)
  HIGHEST GUST SPEED    36   HIGHEST GUST DIRECTION    NW (330)
  AVERAGE WIND SPEED    10.4


SKY COVER
  POSSIBLE SUNSHINE  MM
  AVERAGE SKY COVER 0.5


WEATHER CONDITIONS
 THE FOLLOWING WEATHER WAS RECORDED YESTERDAY.
  LIGHT SNOW
  FOG


RELATIVE HUMIDITY (PERCENT)
 HIGHEST    88           200 AM
 LOWEST     49          1100 PM
 AVERAGE    69

..........................................................


THE BUFFALO WY CLIMATE NORMALS FOR TODAY
                         NORMAL    RECORD    YEAR
 MAXIMUM TEMPERATURE (F)   38        62      2016
                                             2004
 MINIMUM TEMPERATURE (F)   18       -17      2006


SUNRISE AND SUNSET
FEBRUARY 18 2020......SUNRISE   703 AM MST   SUNSET   540 PM MST
FEBRUARY 19 2020......SUNRISE   701 AM MST   SUNSET   541 PM MST


-  INDICATES NEGATIVE NUMBERS.
R  INDICATES RECORD WAS SET OR TIED.
MM INDICATES DATA IS MISSING.
T  INDICATES TRACE AMOUNT.




$$
