000
CDUS45 KPIH 190733
CLIBYI


CLIMATE REPORT
NATIONAL WEATHER SERVICE POCATELLO ID
132 AM MDT WED SEP 19 2018


...................................

...THE BURLEY ID CLIMATE SUMMARY FOR SEPTEMBER 18 2018...

CLIMATE NORMAL PERIOD 1981 TO 2010
CLIMATE RECORD PERIOD 1948 TO 2018


WEATHER ITEM   OBSERVED TIME   RECORD YEAR NORMAL DEPARTURE LAST
                VALUE   (LST)  VALUE       VALUE  FROM      YEAR
                                                  NORMAL
..................................................................
TEMPERATURE (F)
 YESTERDAY
  MAXIMUM         79    411 PM  95    1962  73      6       71
  MINIMUM         40    608 AM  18    1965  42     -2       45
  AVERAGE         60                        58      2       58

PRECIPITATION (IN)
  YESTERDAY        0.00          0.65 1948   0.02  -0.02      T
  MONTH TO DATE    T                         0.30  -0.30     0.70
  SINCE OCT 1      8.12                      9.89  -1.77    14.08
  SINCE JAN 1      6.50                      7.06  -0.56     9.29

SNOWFALL (IN)
  YESTERDAY       MM
  MONTH TO DATE   MM
  SINCE SEP 1     MM
  SINCE JUL 1     MM
  SNOW DEPTH      MM

DEGREE DAYS
 HEATING
  YESTERDAY        5                         8     -3        7
  MONTH TO DATE   22                        93    -71       46
  SINCE SEP 1     22                        93    -71       46
  SINCE JUL 1     44                       150   -106       52

 COOLING
  YESTERDAY        0                         0      0        0
  MONTH TO DATE   31                        19     12       68
  SINCE SEP 1     31                        19     12       68
  SINCE JAN 1    570                       363    207      601
..................................................................


WIND (MPH)
  HIGHEST WIND SPEED    12   HIGHEST WIND DIRECTION     W (270)
  HIGHEST GUST SPEED    16   HIGHEST GUST DIRECTION     W (270)
  AVERAGE WIND SPEED     5.0


SKY COVER
  POSSIBLE SUNSHINE  MM
  AVERAGE SKY COVER 0.0


WEATHER CONDITIONS
 THE FOLLOWING WEATHER WAS RECORDED YESTERDAY.
  NO SIGNIFICANT WEATHER WAS OBSERVED.


RELATIVE HUMIDITY (PERCENT)
 HIGHEST    67           300 AM
 LOWEST     12           400 PM
 AVERAGE    40

..........................................................


THE BURLEY ID CLIMATE NORMALS FOR TODAY
                         NORMAL    RECORD    YEAR
 MAXIMUM TEMPERATURE (F)   73        91      1937
 MINIMUM TEMPERATURE (F)   42        18      1965


SUNRISE AND SUNSET
SEPTEMBER 19 2018.....SUNRISE   719 AM MDT   SUNSET   737 PM MDT
SEPTEMBER 20 2018.....SUNRISE   720 AM MDT   SUNSET   736 PM MDT


-  INDICATES NEGATIVE NUMBERS.
R  INDICATES RECORD WAS SET OR TIED.
MM INDICATES DATA IS MISSING.
T  INDICATES TRACE AMOUNT.




$$
