000
CDUS45 KPIH 060730
CLIBYI


CLIMATE REPORT
NATIONAL WEATHER SERVICE POCATELLO ID
129 AM MDT SAT JUN 6 2020


...................................

...THE BURLEY ID CLIMATE SUMMARY FOR JUNE 5 2020...

CLIMATE NORMAL PERIOD 1981 TO 2010
CLIMATE RECORD PERIOD 1917 TO 2020


WEATHER ITEM   OBSERVED TIME   RECORD YEAR NORMAL DEPARTURE LAST
                VALUE   (LST)  VALUE       VALUE  FROM      YEAR
                                                  NORMAL
..................................................................
TEMPERATURE (F)
 YESTERDAY
  MAXIMUM         95R   401 PM  95    1977  73     22       80
  MINIMUM         51    522 AM  34    1937  46      5       54
  AVERAGE         73                        59     14       67

PRECIPITATION (IN)
  YESTERDAY        T             0.92 1932   0.03  -0.03     0.00
  MONTH TO DATE    T                         0.19  -0.19     0.00
  SINCE OCT 1      5.74                      8.21  -2.47    11.29
  SINCE JAN 1      3.85                      5.38  -1.53     7.39

SNOWFALL (IN)
  YESTERDAY       MM
  MONTH TO DATE   MM
  SINCE JUN 1     MM
  SINCE JUL 1     MM
  SNOW DEPTH      MM

DEGREE DAYS
 HEATING
  YESTERDAY        0                         7     -7        0
  MONTH TO DATE    2                        35    -33       12
  SINCE JUN 1      2                        35    -33       12
  SINCE JUL 1   6198                      6766   -568     5930

 COOLING
  YESTERDAY        8                         1      7        2
  MONTH TO DATE   18                         5     13        2
  SINCE JUN 1     18                         5     13        2
  SINCE JAN 1     47                        11     36        2
..................................................................


WIND (MPH)
  HIGHEST WIND SPEED    20   HIGHEST WIND DIRECTION    SW (210)
  HIGHEST GUST SPEED    25   HIGHEST GUST DIRECTION     S (180)
  AVERAGE WIND SPEED     5.2


SKY COVER
  POSSIBLE SUNSHINE  MM
  AVERAGE SKY COVER 0.0


WEATHER CONDITIONS
 THE FOLLOWING WEATHER WAS RECORDED YESTERDAY.
  THUNDERSTORM
  LIGHT RAIN


RELATIVE HUMIDITY (PERCENT)
 HIGHEST    83           300 AM
 LOWEST     14           300 PM
 AVERAGE    49

..........................................................


THE BURLEY ID CLIMATE NORMALS FOR TODAY
                         NORMAL    RECORD    YEAR
 MAXIMUM TEMPERATURE (F)   73        95      1977
 MINIMUM TEMPERATURE (F)   46        33      1951


SUNRISE AND SUNSET
JUNE  6 2020..........SUNRISE   558 AM MDT   SUNSET   910 PM MDT
JUNE  7 2020..........SUNRISE   558 AM MDT   SUNSET   911 PM MDT


-  INDICATES NEGATIVE NUMBERS.
R  INDICATES RECORD WAS SET OR TIED.
MM INDICATES DATA IS MISSING.
T  INDICATES TRACE AMOUNT.




$$
