000
CDUS45 KPIH 180741
CLIBYI


CLIMATE REPORT
NATIONAL WEATHER SERVICE POCATELLO ID
141 AM MDT MON JUN 18 2018


...................................

...THE BURLEY ID CLIMATE SUMMARY FOR JUNE 17 2018...

CLIMATE NORMAL PERIOD 1981 TO 2010
CLIMATE RECORD PERIOD 1948 TO 2018


WEATHER ITEM   OBSERVED TIME   RECORD YEAR NORMAL DEPARTURE LAST
                VALUE   (LST)  VALUE       VALUE  FROM      YEAR
                                                  NORMAL
..................................................................
TEMPERATURE (F)
 YESTERDAY
  MAXIMUM         73   1215 PM  96    1974  77     -4       72
  MINIMUM         50   1120 PM  37    2010  48      2       55
                                      1956
  AVERAGE         62                        62      0       64

PRECIPITATION (IN)
  YESTERDAY        0.02          0.20 1998   0.03  -0.01     0.00
  MONTH TO DATE    0.15                      0.61  -0.46     0.72
  SINCE OCT 1      7.92                      8.63  -0.71    13.13
  SINCE JAN 1      6.30                      5.80   0.50     8.34

SNOWFALL (IN)
  YESTERDAY       MM
  MONTH TO DATE   MM
  SINCE JUN 1     MM
  SINCE JUL 1     MM
  SNOW DEPTH      MM

DEGREE DAYS
 HEATING
  YESTERDAY        3                         4     -1        1
  MONTH TO DATE   47                        98    -51       68
  SINCE JUN 1     47                        98    -51       68
  SINCE JUL 1   5846                      6829   -983     6310

 COOLING
  YESTERDAY        0                         2     -2        0
  MONTH TO DATE   36                        18     18       21
  SINCE JUN 1     36                        18     18       21
  SINCE JAN 1     51                        24     27       26
..................................................................


WIND (MPH)
  HIGHEST WIND SPEED    24   HIGHEST WIND DIRECTION     W (260)
  HIGHEST GUST SPEED    32   HIGHEST GUST DIRECTION     W (260)
  AVERAGE WIND SPEED     7.2


SKY COVER
  POSSIBLE SUNSHINE  MM
  AVERAGE SKY COVER 0.3


WEATHER CONDITIONS
 THE FOLLOWING WEATHER WAS RECORDED YESTERDAY.
  THUNDERSTORM
  LIGHT RAIN


RELATIVE HUMIDITY (PERCENT)
 HIGHEST    83          1000 PM
 LOWEST     47           100 PM
 AVERAGE    65

..........................................................


THE BURLEY ID CLIMATE NORMALS FOR TODAY
                         NORMAL    RECORD    YEAR
 MAXIMUM TEMPERATURE (F)   77        97      1974
 MINIMUM TEMPERATURE (F)   48        34      1954


SUNRISE AND SUNSET
JUNE 18 2018..........SUNRISE   557 AM MDT   SUNSET   915 PM MDT
JUNE 19 2018..........SUNRISE   557 AM MDT   SUNSET   916 PM MDT


-  INDICATES NEGATIVE NUMBERS.
R  INDICATES RECORD WAS SET OR TIED.
MM INDICATES DATA IS MISSING.
T  INDICATES TRACE AMOUNT.




$$
