000
CDUS45 KPIH 240734
CLIBYI


CLIMATE REPORT
NATIONAL WEATHER SERVICE POCATELLO ID
1232 AM MST SAT FEB 24 2018


...................................

...THE BURLEY ID CLIMATE SUMMARY FOR FEBRUARY 23 2018...

CLIMATE NORMAL PERIOD 1981 TO 2010
CLIMATE RECORD PERIOD 1948 TO 2018


WEATHER ITEM   OBSERVED TIME   RECORD YEAR NORMAL DEPARTURE LAST
                VALUE   (LST)  VALUE       VALUE  FROM      YEAR
                                                  NORMAL
..................................................................
TEMPERATURE (F)
 YESTERDAY
  MAXIMUM         24    451 PM  66    1995  43    -19       31
  MINIMUM          7    506 AM   5    1955  23    -16       26
  AVERAGE         16                        33    -17       29

PRECIPITATION (IN)
  YESTERDAY        T             0.37 1972   0.03  -0.03     0.03
  MONTH TO DATE    0.65                      0.62   0.03     1.83
  SINCE OCT 1      3.53                      4.36  -0.83     8.67
  SINCE JAN 1      1.91                      1.53   0.38     3.88

SNOWFALL (IN)
  YESTERDAY       MM
  MONTH TO DATE   MM
  SINCE DEC 1     MM
  SINCE JUL 1     MM
  SNOW DEPTH      MM

DEGREE DAYS
 HEATING
  YESTERDAY       49                        32     17       36
  MONTH TO DATE  714                       801    -87      625
  SINCE DEC 1   2584                      3179   -595     3224
  SINCE JUL 1   4138                      4867   -729     4622

 COOLING
  YESTERDAY        0                         0      0        0
  MONTH TO DATE    0                         0      0        0
  SINCE DEC 1      0                         0      0        0
  SINCE JAN 1      0                         0      0        0
..................................................................


WIND (MPH)
  HIGHEST WIND SPEED    18   HIGHEST WIND DIRECTION     W (260)
  HIGHEST GUST SPEED    30   HIGHEST GUST DIRECTION     W (250)
  AVERAGE WIND SPEED    11.0


SKY COVER
  POSSIBLE SUNSHINE  MM
  AVERAGE SKY COVER 0.4


WEATHER CONDITIONS
 THE FOLLOWING WEATHER WAS RECORDED YESTERDAY.
  LIGHT SNOW
  FOG


RELATIVE HUMIDITY (PERCENT)
 HIGHEST    92           100 AM
 LOWEST     59           400 PM
 AVERAGE    76

..........................................................


THE BURLEY ID CLIMATE NORMALS FOR TODAY
                         NORMAL    RECORD    YEAR
 MAXIMUM TEMPERATURE (F)   43        72      1995
 MINIMUM TEMPERATURE (F)   24         5      1952


SUNRISE AND SUNSET
FEBRUARY 24 2018......SUNRISE   718 AM MST   SUNSET   619 PM MST
FEBRUARY 25 2018......SUNRISE   717 AM MST   SUNSET   620 PM MST


-  INDICATES NEGATIVE NUMBERS.
R  INDICATES RECORD WAS SET OR TIED.
MM INDICATES DATA IS MISSING.
T  INDICATES TRACE AMOUNT.




$$
