000
CDUS45 KPIH 200731
CLIBYI


CLIMATE REPORT
NATIONAL WEATHER SERVICE POCATELLO ID
130 AM MDT TUE OCT 20 2020


...................................

...THE BURLEY ID CLIMATE SUMMARY FOR OCTOBER 19 2020...

CLIMATE NORMAL PERIOD 1981 TO 2010
CLIMATE RECORD PERIOD 1917 TO 2020


WEATHER ITEM   OBSERVED TIME   RECORD YEAR NORMAL DEPARTURE LAST
                VALUE   (LST)  VALUE       VALUE  FROM      YEAR
                                                  NORMAL
..................................................................
TEMPERATURE (F)
 YESTERDAY
  MAXIMUM         64    321 PM  82    1950  60      4       52
                                      1927
  MINIMUM         45   1159 PM  14    1976  34     11       31
  AVERAGE         55                        47      8       42

PRECIPITATION (IN)
  YESTERDAY        0.00          1.03 1943   0.03  -0.03     0.18
  MONTH TO DATE    0.34                      0.45  -0.11     0.18
  SINCE OCT 1      0.34                      0.45  -0.11     0.18
  SINCE JAN 1      6.36                      7.76  -1.40     9.07

SNOWFALL (IN)
  YESTERDAY       MM
  MONTH TO DATE   MM
  SINCE SEP 1     MM
  SINCE JUL 1     MM
  SNOW DEPTH      MM

DEGREE DAYS
 HEATING
  YESTERDAY       10                        18     -8       23
  MONTH TO DATE  165                       291   -126      380
  SINCE SEP 1    273                       504   -231      560
  SINCE JUL 1    286                       561   -275      581

 COOLING
  YESTERDAY        0                         0      0        0
  MONTH TO DATE    0                         0      0        0
  SINCE SEP 1     39                        21     18       50
  SINCE JAN 1    579                       365    214      416
..................................................................


WIND (MPH)
  HIGHEST WIND SPEED    25   HIGHEST WIND DIRECTION     W (260)
  HIGHEST GUST SPEED    34   HIGHEST GUST DIRECTION     W (250)
  AVERAGE WIND SPEED    13.9


SKY COVER
  POSSIBLE SUNSHINE  MM
  AVERAGE SKY COVER 0.0


WEATHER CONDITIONS
 THE FOLLOWING WEATHER WAS RECORDED YESTERDAY.
  NO SIGNIFICANT WEATHER WAS OBSERVED.


RELATIVE HUMIDITY (PERCENT)
 HIGHEST    56          1200 AM
 LOWEST     27           400 PM
 AVERAGE    42

..........................................................


THE BURLEY ID CLIMATE NORMALS FOR TODAY
                         NORMAL    RECORD    YEAR
 MAXIMUM TEMPERATURE (F)   59        81      2003
                                             1992
 MINIMUM TEMPERATURE (F)   33        13      1932


SUNRISE AND SUNSET
OCTOBER 20 2020.......SUNRISE   755 AM MDT   SUNSET   644 PM MDT
OCTOBER 21 2020.......SUNRISE   756 AM MDT   SUNSET   643 PM MDT


-  INDICATES NEGATIVE NUMBERS.
R  INDICATES RECORD WAS SET OR TIED.
MM INDICATES DATA IS MISSING.
T  INDICATES TRACE AMOUNT.




$$
