000
CDUS45 KPIH 150743
CLIBYI


CLIMATE REPORT
NATIONAL WEATHER SERVICE POCATELLO ID
141 AM MDT TUE OCT 15 2019


...................................

...THE BURLEY ID CLIMATE SUMMARY FOR OCTOBER 14 2019...

CLIMATE NORMAL PERIOD 1981 TO 2010
CLIMATE RECORD PERIOD 1948 TO 2019


WEATHER ITEM   OBSERVED TIME   RECORD YEAR NORMAL DEPARTURE LAST
                VALUE   (LST)  VALUE       VALUE  FROM      YEAR
                                                  NORMAL
..................................................................
TEMPERATURE (F)
 YESTERDAY
  MAXIMUM         63    348 PM  87    1958  62      1       47
  MINIMUM         29    635 AM  15    2008  35     -6       25
  AVERAGE         46                        48     -2       36

PRECIPITATION (IN)
  YESTERDAY        0.00          0.44 1935   0.03  -0.03     0.00
  MONTH TO DATE    T                         0.32  -0.32     1.42
  SINCE OCT 1      T                         0.32  -0.32     1.42
  SINCE JAN 1      8.89                      7.63   1.26     7.92

SNOWFALL (IN)
  YESTERDAY       MM
  MONTH TO DATE   MM
  SINCE SEP 1     MM
  SINCE JUL 1     MM
  SNOW DEPTH      MM

DEGREE DAYS
 HEATING
  YESTERDAY       19                        17      2       29
  MONTH TO DATE  296                       203     93      206
  SINCE SEP 1    476                       416     60      303
  SINCE JUL 1    497                       473     24      325

 COOLING
  YESTERDAY        0                         0      0        0
  MONTH TO DATE    0                         0      0        0
  SINCE SEP 1     50                        21     29       31
  SINCE JAN 1    416                       365     51      570
..................................................................


WIND (MPH)
  HIGHEST WIND SPEED    16   HIGHEST WIND DIRECTION     W (260)
  HIGHEST GUST SPEED    22   HIGHEST GUST DIRECTION     W (260)
  AVERAGE WIND SPEED     6.0


SKY COVER
  POSSIBLE SUNSHINE  MM
  AVERAGE SKY COVER 0.0


WEATHER CONDITIONS
 THE FOLLOWING WEATHER WAS RECORDED YESTERDAY.
  HAZE


RELATIVE HUMIDITY (PERCENT)
 HIGHEST    64          1000 PM
 LOWEST     17           100 PM
 AVERAGE    41

..........................................................


THE BURLEY ID CLIMATE NORMALS FOR TODAY
                         NORMAL    RECORD    YEAR
 MAXIMUM TEMPERATURE (F)   61        82      1995
                                             1991
                                             1973
 MINIMUM TEMPERATURE (F)   35        17      1970


SUNRISE AND SUNSET
OCTOBER 15 2019.......SUNRISE   748 AM MDT   SUNSET   653 PM MDT
OCTOBER 16 2019.......SUNRISE   749 AM MDT   SUNSET   652 PM MDT


-  INDICATES NEGATIVE NUMBERS.
R  INDICATES RECORD WAS SET OR TIED.
MM INDICATES DATA IS MISSING.
T  INDICATES TRACE AMOUNT.




$$
