000
CDUS45 KPIH 120751
CLIBYI


CLIMATE REPORT
NATIONAL WEATHER SERVICE POCATELLO ID
1249 AM MST WED DEC 12 2018


...................................

...THE BURLEY ID CLIMATE SUMMARY FOR DECEMBER 11 2018...

CLIMATE NORMAL PERIOD 1981 TO 2010
CLIMATE RECORD PERIOD 1948 TO 2018


WEATHER ITEM   OBSERVED TIME   RECORD YEAR NORMAL DEPARTURE LAST
                VALUE   (LST)  VALUE       VALUE  FROM      YEAR
                                                  NORMAL
..................................................................
TEMPERATURE (F)
 YESTERDAY
  MAXIMUM         36    301 PM  61    2014  35      1       38
  MINIMUM         28    600 PM -23    1972  19      9       15
  AVERAGE         32                        27      5       27

PRECIPITATION (IN)
  YESTERDAY        0.00          0.47 1948   0.03  -0.03     0.00
  MONTH TO DATE    0.06                      0.41  -0.35     0.05
  SINCE OCT 1      3.35                      2.11   1.24     1.30
  SINCE JAN 1      9.85                      9.42   0.43    11.49

SNOWFALL (IN)
  YESTERDAY       MM
  MONTH TO DATE   MM
  SINCE DEC 1     MM
  SINCE JUL 1     MM
  SNOW DEPTH      MM

DEGREE DAYS
 HEATING
  YESTERDAY       33                        38     -5       38
  MONTH TO DATE  430                       408     22      312
  SINCE DEC 1    430                       408     22      312
  SINCE JUL 1   1794                      2096   -302     1866

 COOLING
  YESTERDAY        0                         0      0        0
  MONTH TO DATE    0                         0      0        0
  SINCE DEC 1      0                         0      0        0
  SINCE JAN 1    570                       365    205      601
..................................................................


WIND (MPH)
  HIGHEST WIND SPEED    20   HIGHEST WIND DIRECTION    SW (210)
  HIGHEST GUST SPEED    26   HIGHEST GUST DIRECTION    SW (210)
  AVERAGE WIND SPEED     6.6


SKY COVER
  POSSIBLE SUNSHINE  MM
  AVERAGE SKY COVER 0.5


WEATHER CONDITIONS
 THE FOLLOWING WEATHER WAS RECORDED YESTERDAY.
  NO SIGNIFICANT WEATHER WAS OBSERVED.


RELATIVE HUMIDITY (PERCENT)
 HIGHEST    92          1200 AM
 LOWEST     64           100 PM
 AVERAGE    78

..........................................................


THE BURLEY ID CLIMATE NORMALS FOR TODAY
                         NORMAL    RECORD    YEAR
 MAXIMUM TEMPERATURE (F)   35        62      2014
 MINIMUM TEMPERATURE (F)   18       -20      1932


SUNRISE AND SUNSET
DECEMBER 12 2018......SUNRISE   756 AM MST   SUNSET   502 PM MST
DECEMBER 13 2018......SUNRISE   756 AM MST   SUNSET   502 PM MST


-  INDICATES NEGATIVE NUMBERS.
R  INDICATES RECORD WAS SET OR TIED.
MM INDICATES DATA IS MISSING.
T  INDICATES TRACE AMOUNT.




$$
