000
CDUS45 KTFX 100739
CLIBZN

CLIMATE REPORT
NATIONAL WEATHER SERVICE GREAT FALLS MT
139 AM MDT MON MAY 10 2021

...................................

...THE BOZEMAN/GALLATIN FIELD MT CLIMATE SUMMARY FOR MAY 9 2021...

CLIMATE NORMAL PERIOD 1991 TO 2020
CLIMATE RECORD PERIOD 1935 TO 2021


WEATHER ITEM   OBSERVED TIME   RECORD YEAR NORMAL DEPARTURE LAST
                VALUE   (LST)  VALUE       VALUE  FROM      YEAR
                                                  NORMAL
...................................................................
TEMPERATURE (F)
 YESTERDAY
  MAXIMUM         49    520 PM  82    2012  63    -14       59
  MINIMUM         32   1159 PM  14    2002  35     -3       35
  AVERAGE         41                        49     -8       47

PRECIPITATION (IN)
  YESTERDAY        T             1.06 1963   0.06  -0.06     0.00
  MONTH TO DATE    0.98                      0.49   0.49     0.18
  SINCE OCT 1      5.01                      6.24  -1.23     4.68
  SINCE JAN 1      3.57                      3.96  -0.39     3.05

SNOWFALL (IN)
  YESTERDAY       MM
  MONTH TO DATE    0.0
  SINCE MAR 1      3.5
  SINCE JUL 1     52.6
  SNOW DEPTH       0

DEGREE DAYS
 HEATING
  YESTERDAY       24                        16      8       18
  MONTH TO DATE  153                       156     -3      153
  SINCE MAR 1   1740                      1801    -61     1845
  SINCE JUL 1   7565                      7778   -213     7719

 COOLING
  YESTERDAY        0                         0      0        0
  MONTH TO DATE    0                         0      0        0
  SINCE MAR 1      0                         0      0        0
  SINCE JAN 1      0                         0      0        0
...................................................................


WIND (MPH)
  HIGHEST WIND SPEED    15   HIGHEST WIND DIRECTION     N (350)
  HIGHEST GUST SPEED    17   HIGHEST GUST DIRECTION     N (350)
  AVERAGE WIND SPEED     5.2


SKY COVER
  AVERAGE SKY COVER 0.7


WEATHER CONDITIONS
THE FOLLOWING WEATHER WAS RECORDED YESTERDAY.
  LIGHT RAIN
  LIGHT SNOW


RELATIVE HUMIDITY (PERCENT)
 HIGHEST    85           100 AM
 LOWEST     48           500 PM
 AVERAGE    67

..........................................................


THE BOZEMAN/GALLATIN FIELD MT CLIMATE NORMALS FOR TODAY
                         NORMAL    RECORD    YEAR
 MAXIMUM TEMPERATURE (F)   63        84      1940
 MINIMUM TEMPERATURE (F)   36        20      1943


SUNRISE AND SUNSET
MAY 10 2021...........SUNRISE   559 AM MDT   SUNSET   844 PM MDT
MAY 11 2021...........SUNRISE   558 AM MDT   SUNSET   845 PM MDT


-  INDICATES NEGATIVE NUMBERS.
R  INDICATES RECORD WAS SET OR TIED.
MM INDICATES DATA IS MISSING.
T  INDICATES TRACE AMOUNT.




$$
