000
CDUS45 KTFX 242240
CLIBZN


CLIMATE REPORT
NATIONAL WEATHER SERVICE GREAT FALLS MT
440 PM MDT SUN JUN 24 2018


...................................

...THE BOZEMAN/GALLATIN FIELD MT CLIMATE SUMMARY FOR JUNE 24 2018...
VALID TODAY AS OF 0400 PM LOCAL TIME.

CLIMATE NORMAL PERIOD 1981 TO 2010
CLIMATE RECORD PERIOD 1935 TO 2018


WEATHER ITEM   OBSERVED TIME   RECORD YEAR NORMAL DEPARTURE LAST
                VALUE   (LST)  VALUE       VALUE  FROM      YEAR
                                                  NORMAL
..................................................................
TEMPERATURE (F)
 TODAY
  MAXIMUM         70    259 PM  97    2012  80    -10       77
  MINIMUM         51    437 AM  34    1997  48      3       39
  AVERAGE         61                        64     -3       58

PRECIPITATION (IN)
  TODAY            0.00          0.87 1969   0.07  -0.07     0.00
  MONTH TO DATE    3.06                      2.06   1.00     2.14
  SINCE OCT 1     13.87                     10.34   3.53    11.02
  SINCE JAN 1     10.89                      7.96   2.93     7.69

DEGREE DAYS
 HEATING
  TODAY            4                         3      1        7
  MONTH TO DATE  141                       126     15      141
  SINCE JUN 1    141                       126     15      141
  SINCE JUL 1   8521                      7543    978     8106

 COOLING
  TODAY            0                         2     -2        0
  MONTH TO DATE    5                        24    -19       17
  SINCE JUN 1      5                        24    -19       17
  SINCE JAN 1      5                        28    -23       17
..................................................................


WIND (MPH)
  HIGHEST WIND SPEED    10   HIGHEST WIND DIRECTION    NW (320)
  HIGHEST GUST SPEED    13   HIGHEST GUST DIRECTION    NW (330)
  AVERAGE WIND SPEED     3.5


SKY COVER
  AVERAGE SKY COVER 0.9


WEATHER CONDITIONS
 THE FOLLOWING WEATHER WAS RECORDED TODAY.
  NO SIGNIFICANT WEATHER WAS OBSERVED.


RELATIVE HUMIDITY (PERCENT)
 HIGHEST    89           400 AM
 LOWEST     53           300 PM
 AVERAGE    71

..........................................................


THE BOZEMAN/GALLATIN FIELD MT CLIMATE NORMALS FOR TOMORROW
                         NORMAL    RECORD    YEAR
 MAXIMUM TEMPERATURE (F)   81        98      1974
 MINIMUM TEMPERATURE (F)   48        34      1953


SUNRISE AND SUNSET
JUNE 24 2018..........SUNRISE   536 AM MDT   SUNSET   919 PM MDT
JUNE 25 2018..........SUNRISE   536 AM MDT   SUNSET   919 PM MDT


-  INDICATES NEGATIVE NUMBERS.
R  INDICATES RECORD WAS SET OR TIED.
MM INDICATES DATA IS MISSING.
T  INDICATES TRACE AMOUNT.




$$
