000
CDUS45 KTFX 212240
CLIBZN


CLIMATE REPORT
NATIONAL WEATHER SERVICE GREAT FALLS MT
440 PM MDT MON OCT 21 2019

...................................

...THE BOZEMAN/GALLATIN FIELD MT CLIMATE SUMMARY FOR OCTOBER 21 2019...
VALID TODAY AS OF 0400 PM LOCAL TIME.

CLIMATE NORMAL PERIOD 1981 TO 2010
CLIMATE RECORD PERIOD 1935 TO 2019


WEATHER ITEM   OBSERVED TIME   RECORD YEAR NORMAL DEPARTURE LAST
                VALUE   (LST)  VALUE       VALUE  FROM      YEAR
                                                  NORMAL
...................................................................
TEMPERATURE (F)
 TODAY
  MAXIMUM         48    241 PM  79    2003  59    -11       69
  MINIMUM         29   1217 AM   5    1996  29      0       30
  AVERAGE         39                        44     -5       50

PRECIPITATION (IN)
  TODAY            0.01          0.77 1961   0.03  -0.02     0.00
  MONTH TO DATE    0.25                      0.80  -0.55     0.83
  SINCE OCT 1      0.25                      0.80  -0.55     0.83
  SINCE JAN 1     13.62                     12.41   1.21    14.18

DEGREE DAYS
 HEATING
  TODAY           26                        21      5       15
  MONTH TO DATE  530                       362    168      471
  SINCE SEP 1    809                       600    209      770
  SINCE JUL 1    896                       667    229      871

 COOLING
  TODAY            0                         0      0        0
  MONTH TO DATE    0                         0      0        0
  SINCE SEP 1     28                        22      6       12
  SINCE JAN 1    179                       368   -189      202
...................................................................


WIND (MPH)
  HIGHEST WIND SPEED    14   HIGHEST WIND DIRECTION    NW (320)
  HIGHEST GUST SPEED    17   HIGHEST GUST DIRECTION    NW (310)
  AVERAGE WIND SPEED     2.7


SKY COVER
  AVERAGE SKY COVER 1.0


WEATHER CONDITIONS
THE FOLLOWING WEATHER WAS RECORDED TODAY.
  LIGHT SNOW
  FOG


RELATIVE HUMIDITY (PERCENT)
 HIGHEST    96           700 AM
 LOWEST     48           300 PM
 AVERAGE    72

..........................................................


THE BOZEMAN/GALLATIN FIELD MT CLIMATE NORMALS FOR TOMORROW
                         NORMAL    RECORD    YEAR
 MAXIMUM TEMPERATURE (F)   59        76      2003
 MINIMUM TEMPERATURE (F)   29        16      1961


SUNRISE AND SUNSET
OCTOBER 21 2019.......SUNRISE   749 AM MDT   SUNSET   629 PM MDT
OCTOBER 22 2019.......SUNRISE   750 AM MDT   SUNSET   627 PM MDT


-  INDICATES NEGATIVE NUMBERS.
R  INDICATES RECORD WAS SET OR TIED.
MM INDICATES DATA IS MISSING.
T  INDICATES TRACE AMOUNT.




$$
