000
CDUS45 KTFX 040733
CLIBZN

CLIMATE REPORT
NATIONAL WEATHER SERVICE GREAT FALLS MT
133 AM MDT TUE AUG 04 2020

...................................

...THE BOZEMAN/GALLATIN FIELD MT CLIMATE SUMMARY FOR AUGUST 3 2020...

CLIMATE NORMAL PERIOD 1981 TO 2010
CLIMATE RECORD PERIOD 1935 TO 2020


WEATHER ITEM   OBSERVED TIME   RECORD YEAR NORMAL DEPARTURE LAST
                VALUE   (LST)  VALUE       VALUE  FROM      YEAR
                                                  NORMAL
...................................................................
TEMPERATURE (F)
 YESTERDAY
  MAXIMUM         91    409 PM 101    1961  90      1       88
  MINIMUM         53   1153 PM  37    1938  52      1       51
  AVERAGE         72                        71      1       70

PRECIPITATION (IN)
  YESTERDAY        0.01          0.60 1950   0.03  -0.02     0.08
  MONTH TO DATE    0.01                      0.09  -0.08     0.15
  SINCE OCT 1      9.59                     11.89  -2.30    12.42
  SINCE JAN 1      7.96                      9.51  -1.55    10.17

SNOWFALL (IN)
  YESTERDAY        0.0           0.0  1994   0.0    0.0      0.0
                                      1999
  MONTH TO DATE    0.0                       0.0    0.0      0.0
  SINCE JUN 1      0.0                       0.0    0.0      0.0
  SINCE JUL 1      0.0                       0.0    0.0      0.0
  SNOW DEPTH       0

DEGREE DAYS
 HEATING
  YESTERDAY        0                         0      0        0
  MONTH TO DATE    0                         0      0        0
  SINCE JUN 1    243                       169     74      223
  SINCE JUL 1     36                        28      8       41

 COOLING
  YESTERDAY        7                         6      1        5
  MONTH TO DATE   30                        18     12       13
  SINCE JUN 1    125                       222    -97       89
  SINCE JAN 1    132                       226    -94       89
...................................................................


WIND (MPH)
  HIGHEST WIND SPEED    32   HIGHEST WIND DIRECTION     S (170)
  HIGHEST GUST SPEED    45   HIGHEST GUST DIRECTION     S (170)
  AVERAGE WIND SPEED     5.2


SKY COVER
  AVERAGE SKY COVER 0.1


WEATHER CONDITIONS
THE FOLLOWING WEATHER WAS RECORDED YESTERDAY.
  THUNDERSTORM
  LIGHT RAIN
  HAZE


RELATIVE HUMIDITY (PERCENT)
 HIGHEST    90          1000 PM
 LOWEST     23           400 PM
 AVERAGE    57

..........................................................


THE BOZEMAN/GALLATIN FIELD MT CLIMATE NORMALS FOR TODAY
                         NORMAL    RECORD    YEAR
 MAXIMUM TEMPERATURE (F)   90       102      1961
 MINIMUM TEMPERATURE (F)   52        37      2012


SUNRISE AND SUNSET
AUGUST  4 2020........SUNRISE   612 AM MDT   SUNSET   848 PM MDT
AUGUST  5 2020........SUNRISE   613 AM MDT   SUNSET   847 PM MDT


-  INDICATES NEGATIVE NUMBERS.
R  INDICATES RECORD WAS SET OR TIED.
MM INDICATES DATA IS MISSING.
T  INDICATES TRACE AMOUNT.




$$
