000
CDUS45 KTFX 230733
CLIBZN


CLIMATE REPORT
NATIONAL WEATHER SERVICE GREAT FALLS MT
1231 AM MST FRI FEB 23 2018


...................................

...THE BOZEMAN/GALLATIN FIELD MT CLIMATE SUMMARY FOR FEBRUARY 22 2018...

CLIMATE NORMAL PERIOD 1981 TO 2010
CLIMATE RECORD PERIOD 1935 TO 2018


WEATHER ITEM   OBSERVED TIME   RECORD YEAR NORMAL DEPARTURE LAST
                VALUE   (LST)  VALUE       VALUE  FROM      YEAR
                                                  NORMAL
..................................................................
TEMPERATURE (F)
 YESTERDAY
  MAXIMUM         18    335 PM  57    1991  41    -23       39
  MINIMUM         -5    415 AM -16    1942  16    -21       25
  AVERAGE          7                        29    -22       32

PRECIPITATION (IN)
  YESTERDAY        0.00          0.40 1982   0.02  -0.02      T
  MONTH TO DATE    0.47                      0.32   0.15     0.24
  SINCE OCT 1      4.44                      3.18   1.26     3.87
  SINCE JAN 1      1.46                      0.80   0.66     0.54

SNOWFALL (IN)
  YESTERDAY        0.0           3.8  1943   0.2   -0.2       T
  MONTH TO DATE    7.9                       3.7    4.2      7.0
  SINCE DEC 1     34.5                      13.7   20.8     33.7
  SINCE JUL 1     50.7                      21.1   29.6     37.6
  SNOW DEPTH       6

DEGREE DAYS
 HEATING
  YESTERDAY       58                        36     22       33
  MONTH TO DATE 1089                       848    241      877
  SINCE DEC 1   3904                      3489    415     4182
  SINCE JUL 1   6035                      5370    665     5959

 COOLING
  YESTERDAY        0                         0      0        0
  MONTH TO DATE    0                         0      0        0
  SINCE DEC 1      0                         0      0        0
  SINCE JAN 1      0                         0      0        0
..................................................................


WIND (MPH)
  HIGHEST WIND SPEED    12   HIGHEST WIND DIRECTION    SE (140)
  HIGHEST GUST SPEED    12   HIGHEST GUST DIRECTION    SE (130)
  AVERAGE WIND SPEED     3.5


SKY COVER
  AVERAGE SKY COVER 0.4


WEATHER CONDITIONS
 THE FOLLOWING WEATHER WAS RECORDED YESTERDAY.
  NO SIGNIFICANT WEATHER WAS OBSERVED.


RELATIVE HUMIDITY (PERCENT)
 HIGHEST    87
 LOWEST     56
 AVERAGE    72

..........................................................


THE BOZEMAN/GALLATIN FIELD MT CLIMATE NORMALS FOR TODAY
                         NORMAL    RECORD    YEAR
 MAXIMUM TEMPERATURE (F)   42        61      2009
 MINIMUM TEMPERATURE (F)   17       -28      1942


SUNRISE AND SUNSET
FEBRUARY 23 2018......SUNRISE   714 AM MST   SUNSET   603 PM MST
FEBRUARY 24 2018......SUNRISE   712 AM MST   SUNSET   604 PM MST


-  INDICATES NEGATIVE NUMBERS.
R  INDICATES RECORD WAS SET OR TIED.
MM INDICATES DATA IS MISSING.
T  INDICATES TRACE AMOUNT.




$$
