000
CDUS45 KTFX 102340
CLIBZN


CLIMATE REPORT
NATIONAL WEATHER SERVICE GREAT FALLS MT
440 PM MST MON DEC 10 2018


...................................

...THE BOZEMAN/GALLATIN FIELD MT CLIMATE SUMMARY FOR DECEMBER 10 2018...
VALID TODAY AS OF 0400 PM LOCAL TIME.

CLIMATE NORMAL PERIOD 1981 TO 2010
CLIMATE RECORD PERIOD 1935 TO 2018


WEATHER ITEM   OBSERVED TIME   RECORD YEAR NORMAL DEPARTURE LAST
                VALUE   (LST)  VALUE       VALUE  FROM      YEAR
                                                  NORMAL
..................................................................
TEMPERATURE (F)
 TODAY
  MAXIMUM         33   1248 PM  58    1939  33      0       31
  MINIMUM          8    420 AM -29    1972  10     -2        6
  AVERAGE         21                        21      0       19

PRECIPITATION (IN)
  TODAY            0.00          0.37 1945   0.02  -0.02     0.00
  MONTH TO DATE    0.02                      0.20  -0.18     0.16
  SINCE OCT 1      2.11                      2.06   0.05     2.23
  SINCE JAN 1     15.46                     13.67   1.79    12.33

DEGREE DAYS
 HEATING
  TODAY           44                        44      0       46
  MONTH TO DATE  486                       424     62      431
  SINCE DEC 1    486                       424     62      431
  SINCE JUL 1   2599                      2305    294     2562

 COOLING
  TODAY            0                         0      0        0
  MONTH TO DATE    0                         0      0        0
  SINCE DEC 1      0                         0      0        0
  SINCE JAN 1    202                       368   -166      327
..................................................................


WIND (MPH)
  HIGHEST WIND SPEED    10   HIGHEST WIND DIRECTION     S (180)
  HIGHEST GUST SPEED    12   HIGHEST GUST DIRECTION     S (170)
  AVERAGE WIND SPEED     2.6


SKY COVER
  AVERAGE SKY COVER 0.2


WEATHER CONDITIONS
 THE FOLLOWING WEATHER WAS RECORDED TODAY.
  NO SIGNIFICANT WEATHER WAS OBSERVED.


RELATIVE HUMIDITY (PERCENT)
 HIGHEST    92           500 AM
 LOWEST     58          1200 PM
 AVERAGE    75

..........................................................


THE BOZEMAN/GALLATIN FIELD MT CLIMATE NORMALS FOR TOMORROW
                         NORMAL    RECORD    YEAR
 MAXIMUM TEMPERATURE (F)   33        60      2004
 MINIMUM TEMPERATURE (F)    9       -25      1961


SUNRISE AND SUNSET
DECEMBER 10 2018......SUNRISE   755 AM MST   SUNSET   440 PM MST
DECEMBER 11 2018......SUNRISE   756 AM MST   SUNSET   440 PM MST


-  INDICATES NEGATIVE NUMBERS.
R  INDICATES RECORD WAS SET OR TIED.
MM INDICATES DATA IS MISSING.
T  INDICATES TRACE AMOUNT.




$$
