000
CDUS42 KCAE 302120
CLICAE


CLIMATE REPORT
NATIONAL WEATHER SERVICE COLUMBIA SC
519 PM EDT FRI OCT 30 2020


...................................

...THE COLUMBIA METRO AIRPORT SC CLIMATE SUMMARY FOR OCTOBER 30 2020...
VALID TODAY AS OF 0500 PM LOCAL TIME.

CLIMATE NORMAL PERIOD 1981 TO 2010
CLIMATE RECORD PERIOD 1887 TO 2020


WEATHER ITEM   OBSERVED TIME   RECORD YEAR NORMAL DEPARTURE LAST
                VALUE   (LST)  VALUE       VALUE  FROM      YEAR
                                                  NORMAL
..................................................................
TEMPERATURE (F)
 TODAY
  MAXIMUM         73    327 PM  88    1984  72      1       75
  MINIMUM         53    647 AM  23    1952  47      6       65
  AVERAGE         63                        60      3       70

PRECIPITATION (IN)
  TODAY            0.00          2.87 1970   0.09  -0.09      T
  MONTH TO DATE    0.94                      3.08  -2.14     2.07
  SINCE SEP 1      5.44                      6.62  -1.18     4.02
  SINCE JAN 1     49.36                     38.54  10.82    29.66

SNOWFALL (IN)
  TODAY            0.0          MM      MM   0.0             0.0
  MONTH TO DATE    0.0                       0.0             0.0
  SINCE SEP 1      0.0                       0.0             0.0
  SINCE JUL 1      0.0                       0.0             0.0

DEGREE DAYS
 HEATING
  TODAY            2                         6     -4        0
  MONTH TO DATE   20                       105    -85       36
  SINCE SEP 1     26                       113    -87       36
  SINCE JUL 1     26                       113    -87       36

 COOLING
  TODAY            0                         1     -1        5
  MONTH TO DATE  149                        84     65      201
  SINCE SEP 1    450                       383     67      686
  SINCE JAN 1   2319                      2151    168     2720
..................................................................


WIND (MPH)
  HIGHEST WIND SPEED    33   HIGHEST WIND DIRECTION     W (270)
  HIGHEST GUST SPEED    42   HIGHEST GUST DIRECTION     W (270)
  AVERAGE WIND SPEED    12.6


SKY COVER
  AVERAGE SKY COVER 0.0


WEATHER CONDITIONS
 THE FOLLOWING WEATHER WAS RECORDED TODAY.
  NO SIGNIFICANT WEATHER WAS OBSERVED.


RELATIVE HUMIDITY (PERCENT)
 HIGHEST    77           700 AM
 LOWEST     41           100 PM
 AVERAGE    59

..........................................................


THE COLUMBIA METRO AIRPORT SC CLIMATE NORMALS FOR TOMORROW
                         NORMAL    RECORD    YEAR
 MAXIMUM TEMPERATURE (F)   72        88      1950
 MINIMUM TEMPERATURE (F)   47        31      2008
                                             1952


SUNRISE AND SUNSET
OCTOBER 30 2020.......SUNRISE   743 AM EDT   SUNSET   633 PM EDT
OCTOBER 31 2020.......SUNRISE   743 AM EDT   SUNSET   632 PM EDT


-  INDICATES NEGATIVE NUMBERS.
R  INDICATES RECORD WAS SET OR TIED.
MM INDICATES DATA IS MISSING.
T  INDICATES TRACE AMOUNT.




$$
