000
CDUS42 KCAE 150652
CLICAE


CLIMATE REPORT
NATIONAL WEATHER SERVICE COLUMBIA SC
252 AM EDT TUE OCT 15 2019


...................................

...THE COLUMBIA METRO AIRPORT SC CLIMATE SUMMARY FOR OCTOBER 14 2019...

CLIMATE NORMAL PERIOD 1981 TO 2010
CLIMATE RECORD PERIOD 1887 TO 2019


WEATHER ITEM   OBSERVED TIME   RECORD YEAR NORMAL DEPARTURE LAST
                VALUE   (LST)  VALUE       VALUE  FROM      YEAR
                                                  NORMAL
..................................................................
TEMPERATURE (F)
 YESTERDAY
  MAXIMUM         81    258 PM  88    1985  77      4       83
                                      1975
                                      1969
  MINIMUM         56   1124 PM  30    1988  53      3       59
  AVERAGE         69                        65      4       71

PRECIPITATION (IN)
  YESTERDAY        0.01          2.30 1959   0.10  -0.09     0.00
  MONTH TO DATE    0.18                      1.51  -1.33     5.12
  SINCE SEP 1      2.13                      5.05  -2.92    11.21
  SINCE JAN 1     27.77                     36.97  -9.20    34.45

SNOWFALL (IN)
  YESTERDAY        0.0          MM      MM   0.0             0.0
  MONTH TO DATE    0.0                       0.0             0.0
  SINCE SEP 1      0.0                       0.0             0.0
  SINCE JUL 1      0.0                       0.0             0.0

DEGREE DAYS
 HEATING
  YESTERDAY        0                         3     -3        0
  MONTH TO DATE    0                        29    -29        0
  SINCE SEP 1      0                        37    -37        0
  SINCE JUL 1      0                        37    -37        0

 COOLING
  YESTERDAY        4                         3      1        6
  MONTH TO DATE  157                        57    100      174
  SINCE SEP 1    642                       356    286      686
  SINCE JAN 1   2676                      2124    552     2857
..................................................................


WIND (MPH)
  HIGHEST WIND SPEED    13   HIGHEST WIND DIRECTION    NW (320)
  HIGHEST GUST SPEED    16   HIGHEST GUST DIRECTION     W (280)
  AVERAGE WIND SPEED     3.9


SKY COVER
  AVERAGE SKY COVER 0.3


WEATHER CONDITIONS
 THE FOLLOWING WEATHER WAS RECORDED YESTERDAY.
  LIGHT RAIN
  FOG


RELATIVE HUMIDITY (PERCENT)
 HIGHEST   100           700 AM
 LOWEST     36           400 PM
 AVERAGE    68

..........................................................


THE COLUMBIA METRO AIRPORT SC CLIMATE NORMALS FOR TODAY
                         NORMAL    RECORD    YEAR
 MAXIMUM TEMPERATURE (F)   76        90      1985
 MINIMUM TEMPERATURE (F)   52        32      1988
                                             1987
                                             1979


SUNRISE AND SUNSET
OCTOBER 15 2019.......SUNRISE   729 AM EDT   SUNSET   651 PM EDT
OCTOBER 16 2019.......SUNRISE   730 AM EDT   SUNSET   649 PM EDT


-  INDICATES NEGATIVE NUMBERS.
R  INDICATES RECORD WAS SET OR TIED.
MM INDICATES DATA IS MISSING.
T  INDICATES TRACE AMOUNT.




$$
