000
CDUS42 KCAE 250537
CLICAE


CLIMATE REPORT
NATIONAL WEATHER SERVICE COLUMBIA SC
137 AM EDT MON MAY 25 2020


...................................

...THE COLUMBIA METRO AIRPORT SC CLIMATE SUMMARY FOR MAY 24 2020...

CLIMATE NORMAL PERIOD 1981 TO 2010
CLIMATE RECORD PERIOD 1887 TO 2020


WEATHER ITEM   OBSERVED TIME   RECORD YEAR NORMAL DEPARTURE LAST
                VALUE   (LST)  VALUE       VALUE  FROM      YEAR
                                                  NORMAL
..................................................................
TEMPERATURE (F)
 YESTERDAY
  MAXIMUM         91    324 PM  98    1953  86      5       97
  MINIMUM         68    613 AM  46    1931  62      6       71
  AVERAGE         80                        74      6       84

PRECIPITATION (IN)
  YESTERDAY        2.18R         2.00 1966   0.11   2.07     0.00
  MONTH TO DATE    5.47                      2.22   3.25     2.35
  SINCE MAR 1     12.62                      8.57   4.05     7.82
  SINCE JAN 1     23.94                     15.76   8.18    11.71

SNOWFALL (IN)
  YESTERDAY        0.0          MM      MM   0.0             0.0
  MONTH TO DATE    0.0                       0.0             0.0
  SINCE MAR 1      0.0                       0.1             0.0
  SINCE JUL 1      0.0                       1.5             0.0

DEGREE DAYS
 HEATING
  YESTERDAY        0                         0      0        0
  MONTH TO DATE   50                        18     32        5
  SINCE MAR 1    310                       450   -140      408
  SINCE JUL 1   2016                      2549   -533     2254

 COOLING
  YESTERDAY       15                         9      6       19
  MONTH TO DATE  123                       154    -31      255
  SINCE MAR 1    263                       245     18      374
  SINCE JAN 1    287                       249     38      383
..................................................................


WIND (MPH)
  HIGHEST WIND SPEED    33   HIGHEST WIND DIRECTION    SE (120)
  HIGHEST GUST SPEED    43   HIGHEST GUST DIRECTION    SE (120)
  AVERAGE WIND SPEED     4.7


SKY COVER
  AVERAGE SKY COVER 0.6


WEATHER CONDITIONS
 THE FOLLOWING WEATHER WAS RECORDED YESTERDAY.
  THUNDERSTORM
  HEAVY RAIN
  RAIN
  LIGHT RAIN
  FOG


RELATIVE HUMIDITY (PERCENT)
 HIGHEST    90          1200 AM
 LOWEST     44           100 PM
 AVERAGE    67

..........................................................


THE COLUMBIA METRO AIRPORT SC CLIMATE NORMALS FOR TODAY
                         NORMAL    RECORD    YEAR
 MAXIMUM TEMPERATURE (F)   86       101      2000
 MINIMUM TEMPERATURE (F)   63        45      2013
                                             1967


SUNRISE AND SUNSET
MAY 25 2020...........SUNRISE   617 AM EDT   SUNSET   826 PM EDT
MAY 26 2020...........SUNRISE   616 AM EDT   SUNSET   827 PM EDT


-  INDICATES NEGATIVE NUMBERS.
R  INDICATES RECORD WAS SET OR TIED.
MM INDICATES DATA IS MISSING.
T  INDICATES TRACE AMOUNT.




$$
