859
CDUS42 KCAE 102214
CLICAE


CLIMATE REPORT
NATIONAL WEATHER SERVICE COLUMBIA SC
514 PM EST MON DEC 10 2018


...................................

...THE COLUMBIA METRO AIRPORT SC CLIMATE SUMMARY FOR DECEMBER 10 2018...
VALID TODAY AS OF 0500 PM LOCAL TIME.

CLIMATE NORMAL PERIOD 1981 TO 2010
CLIMATE RECORD PERIOD 1887 TO 2018


WEATHER ITEM   OBSERVED TIME   RECORD YEAR NORMAL DEPARTURE LAST
                VALUE   (LST)  VALUE       VALUE  FROM      YEAR
                                                  NORMAL
..................................................................
TEMPERATURE (F)
 TODAY
  MAXIMUM         41    353 PM  81    1972  59    -18       50
  MINIMUM         36    756 AM  20    2006  36      0       28
                                      1968
  AVERAGE         39                        48     -9       39

PRECIPITATION (IN)
  TODAY            0.04          2.57 1969   0.10  -0.06     0.00
  MONTH TO DATE    3.38                      1.00   2.38     2.13
  SINCE DEC 1      3.38                      1.00   2.38     2.13
  SINCE JAN 1     45.65                     42.37   3.28    46.28

SNOWFALL (IN)
  TODAY            0.0          MM      MM   0.0             0.0
  MONTH TO DATE    0.0                       0.0             0.0
  SINCE DEC 1      0.0                       0.0             0.0
  SINCE JUL 1      0.0                       0.0             0.0

DEGREE DAYS
 HEATING
  TODAY           26                        17      9       26
  MONTH TO DATE  183                       162     21      131
  SINCE DEC 1    183                       162     21      131
  SINCE JUL 1    656                       603     53      509

 COOLING
  TODAY            0                         0      0        0
  MONTH TO DATE    0                         0      0        0
  SINCE DEC 1      0                         0      0        0
  SINCE JAN 1   2913                      2167    746     2684
..................................................................


WIND (MPH)
  HIGHEST WIND SPEED    14   HIGHEST WIND DIRECTION    NE (30)
  HIGHEST GUST SPEED    19   HIGHEST GUST DIRECTION     N (20)
  AVERAGE WIND SPEED     6.4


SKY COVER
  AVERAGE SKY COVER 1.0


WEATHER CONDITIONS
 THE FOLLOWING WEATHER WAS RECORDED TODAY.
  LIGHT RAIN
  FOG


RELATIVE HUMIDITY (PERCENT)
 HIGHEST   100          1200 AM
 LOWEST    100          1200 AM
 AVERAGE   100

..........................................................


THE COLUMBIA METRO AIRPORT SC CLIMATE NORMALS FOR TOMORROW
                         NORMAL    RECORD    YEAR
 MAXIMUM TEMPERATURE (F)   59        80      2007
 MINIMUM TEMPERATURE (F)   36        16      1977


SUNRISE AND SUNSET
DECEMBER 10 2018......SUNRISE   719 AM EST   SUNSET   516 PM EST
DECEMBER 11 2018......SUNRISE   720 AM EST   SUNSET   516 PM EST


-  INDICATES NEGATIVE NUMBERS.
R  INDICATES RECORD WAS SET OR TIED.
MM INDICATES DATA IS MISSING.
T  INDICATES TRACE AMOUNT.




$$
