000
CDUS45 KABQ 310832
CLICAO


CLIMATE REPORT
NATIONAL WEATHER SERVICE ALBUQUERQUE NM
232 AM MDT SAT OCT 31 2020


...................................

...THE CLAYTON  NM CLIMATE SUMMARY FOR OCTOBER 30 2020...

CLIMATE NORMAL PERIOD 1981 TO 2010
CLIMATE RECORD PERIOD 1896 TO 2020


WEATHER ITEM   OBSERVED TIME   RECORD YEAR NORMAL DEPARTURE
                VALUE   (LST)  VALUE       VALUE  FROM
                                                  NORMAL
...............................................................
TEMPERATURE (F)
 YESTERDAY
  MAXIMUM         61    233 PM  84    1950  64     -3
  MINIMUM         31    451 AM   6    2019  37     -6
  AVERAGE         46                        50     -4

PRECIPITATION (IN)
  YESTERDAY        0.00          0.87 1961   0.03  -0.03
  MONTH TO DATE    0.99                      1.08  -0.09
  SINCE SEP 1      1.82                      2.75  -0.93
  SINCE JAN 1     11.72                     14.95  -3.23

SNOWFALL (IN)
  YESTERDAY        0.0
  MONTH TO DATE    3.6
  SINCE SEP 1      3.6
  SINCE JUL 1      3.6

DEGREE DAYS
 HEATING
  YESTERDAY       19                        15      4
  MONTH TO DATE  376                       312     64
  SINCE SEP 1    472                       390     82
  SINCE JUL 1    472                       396     76

 COOLING
  YESTERDAY        0                         0      0
  MONTH TO DATE   32                         6     26
  SINCE SEP 1    150                       108     42
  SINCE JAN 1   1194                       905    289
...............................................................


WIND (MPH)
  HIGHEST WIND SPEED    21   HIGHEST WIND DIRECTION    SW (240)
  HIGHEST GUST SPEED    29   HIGHEST GUST DIRECTION    SW (240)
  AVERAGE WIND SPEED    10.3


SKY COVER
  AVERAGE SKY COVER 0.0


WEATHER CONDITIONS
 THE FOLLOWING WEATHER WAS RECORDED YESTERDAY.
  NO SIGNIFICANT WEATHER WAS OBSERVED.


RELATIVE HUMIDITY (PERCENT)
 HIGHEST    82           400 AM
 LOWEST     47          1100 AM
 AVERAGE    65

..........................................................


THE CLAYTON  NM CLIMATE NORMALS FOR TODAY
                         NORMAL    RECORD    YEAR
 MAXIMUM TEMPERATURE (F)   64        83      2016
 MINIMUM TEMPERATURE (F)   36         8      2019


SUNRISE AND SUNSET
OCTOBER 31 2020.......SUNRISE   715 AM MDT   SUNSET   557 PM MDT
NOVEMBER  1 2020......SUNRISE   616 AM MST   SUNSET   455 PM MST


-  INDICATES NEGATIVE NUMBERS.
R  INDICATES RECORD WAS SET OR TIED.
MM INDICATES DATA IS MISSING.
T  INDICATES TRACE AMOUNT.




$$
