000
CDUS45 KABQ 190839
CLICAO


CLIMATE REPORT
NATIONAL WEATHER SERVICE ALBUQUERQUE NM
238 AM MDT TUE JUN 19 2018


...................................

...THE CLAYTON  NM CLIMATE SUMMARY FOR JUNE 18 2018...

CLIMATE NORMAL PERIOD 1981 TO 2010
CLIMATE RECORD PERIOD 1896 TO 2018


WEATHER ITEM   OBSERVED TIME   RECORD YEAR NORMAL DEPARTURE
                VALUE   (LST)  VALUE       VALUE  FROM
                                                  NORMAL
...............................................................
TEMPERATURE (F)
 YESTERDAY
  MAXIMUM         92    214 PM 103    2012  86      6
  MINIMUM         55    508 AM  44    1945  57     -2
  AVERAGE         74                        71      3

PRECIPITATION (IN)
  YESTERDAY        0.00          2.37 1984   0.07  -0.07
  MONTH TO DATE    0.21                      1.29  -1.08
  SINCE JUN 1      0.21                      1.29  -1.08
  SINCE JAN 1      2.97                      5.76  -2.79

SNOWFALL (IN)
  YESTERDAY        0.0
  MONTH TO DATE    0.0
  SINCE JUN 1      0.0
  SINCE JUL 1      0.8

DEGREE DAYS
 HEATING
  YESTERDAY        0                         0      0
  MONTH TO DATE    0                        21    -21
  SINCE JUN 1      0                        21    -21
  SINCE JUL 1   4444                      4882   -438

 COOLING
  YESTERDAY        9                         7      2
  MONTH TO DATE  168                        87     81
  SINCE JUN 1    168                        87     81
  SINCE JAN 1    292                       138    154
...............................................................


WIND (MPH)
  HIGHEST WIND SPEED    28   HIGHEST WIND DIRECTION     S (160)
  HIGHEST GUST SPEED    36   HIGHEST GUST DIRECTION    SE (150)
  AVERAGE WIND SPEED    13.4


SKY COVER
  AVERAGE SKY COVER 0.0


WEATHER CONDITIONS
 THE FOLLOWING WEATHER WAS RECORDED YESTERDAY.
  NO SIGNIFICANT WEATHER WAS OBSERVED.


RELATIVE HUMIDITY (PERCENT)
 HIGHEST   100          1200 AM
 LOWEST     19           200 PM
 AVERAGE    60

..........................................................


THE CLAYTON  NM CLIMATE NORMALS FOR TODAY
                         NORMAL    RECORD    YEAR
 MAXIMUM TEMPERATURE (F)   86       100      2012
                                             2006
                                             1931
 MINIMUM TEMPERATURE (F)   57        43      1920


SUNRISE AND SUNSET
JUNE 19 2018..........SUNRISE   535 AM MDT   SUNSET   813 PM MDT
JUNE 20 2018..........SUNRISE   535 AM MDT   SUNSET   814 PM MDT


-  INDICATES NEGATIVE NUMBERS.
R  INDICATES RECORD WAS SET OR TIED.
MM INDICATES DATA IS MISSING.
T  INDICATES TRACE AMOUNT.




$$
