000
CDUS45 KABQ 220834
CLICAO


CLIMATE REPORT
NATIONAL WEATHER SERVICE ALBUQUERQUE NM
227 AM MDT SAT SEP 22 2018


...................................

...THE CLAYTON  NM CLIMATE SUMMARY FOR SEPTEMBER 21 2018...

CLIMATE NORMAL PERIOD 1981 TO 2010
CLIMATE RECORD PERIOD 1896 TO 2018


WEATHER ITEM   OBSERVED TIME   RECORD YEAR NORMAL DEPARTURE
                VALUE   (LST)  VALUE       VALUE  FROM
                                                  NORMAL
...............................................................
TEMPERATURE (F)
 YESTERDAY
  MAXIMUM         73    219 PM  92    2010  77     -4
                                      1926
  MINIMUM         48   1159 PM  29    1983  50     -2
  AVERAGE         61                        64     -3

PRECIPITATION (IN)
  YESTERDAY        0.00          1.71 1941   0.05  -0.05
  MONTH TO DATE    0.48                      1.24  -0.76
  SINCE SEP 1      0.48                      1.24  -0.76
  SINCE JAN 1     12.87                     13.44  -0.57

SNOWFALL (IN)
  YESTERDAY        0.0
  MONTH TO DATE    0.0
  SINCE SEP 1      0.0
  SINCE JUL 1      0.0

DEGREE DAYS
 HEATING
  YESTERDAY        4                         4      0
  MONTH TO DATE    8                        35    -27
  SINCE SEP 1      8                        35    -27
  SINCE JUL 1      8                        41    -33

 COOLING
  YESTERDAY        0                         2     -2
  MONTH TO DATE   95                        89      6
  SINCE SEP 1     95                        89      6
  SINCE JAN 1   1046                       886    160
...............................................................


WIND (MPH)
  HIGHEST WIND SPEED    28   HIGHEST WIND DIRECTION    NE (30)
  HIGHEST GUST SPEED    34   HIGHEST GUST DIRECTION    NE (40)
  AVERAGE WIND SPEED    15.9


SKY COVER
  AVERAGE SKY COVER 0.3


WEATHER CONDITIONS
 THE FOLLOWING WEATHER WAS RECORDED YESTERDAY.
  FOG


RELATIVE HUMIDITY (PERCENT)
 HIGHEST   100          1200 AM
 LOWEST     41           100 PM
 AVERAGE    71

..........................................................


THE CLAYTON  NM CLIMATE NORMALS FOR TODAY
                         NORMAL    RECORD    YEAR
 MAXIMUM TEMPERATURE (F)   77        94      1898
 MINIMUM TEMPERATURE (F)   50        34      1970


SUNRISE AND SUNSET
SEPTEMBER 22 2018.....SUNRISE   641 AM MDT   SUNSET   649 PM MDT
SEPTEMBER 23 2018.....SUNRISE   641 AM MDT   SUNSET   648 PM MDT


-  INDICATES NEGATIVE NUMBERS.
R  INDICATES RECORD WAS SET OR TIED.
MM INDICATES DATA IS MISSING.
T  INDICATES TRACE AMOUNT.




$$
