528
CDUS45 KABQ 180909
CLICAO


CLIMATE REPORT
NATIONAL WEATHER SERVICE ALBUQUERQUE NM
309 AM MDT FRI OCT 18 2019


...................................

...THE CLAYTON  NM CLIMATE SUMMARY FOR OCTOBER 17 2019...

CLIMATE NORMAL PERIOD 1981 TO 2010
CLIMATE RECORD PERIOD 1896 TO 2019


WEATHER ITEM   OBSERVED TIME   RECORD YEAR NORMAL DEPARTURE
                VALUE   (LST)  VALUE       VALUE  FROM
                                                  NORMAL
...............................................................
TEMPERATURE (F)
 YESTERDAY
  MAXIMUM         81   1255 PM  93    1926  68     13
  MINIMUM         40    609 AM  16    1899  41     -1
  AVERAGE         61                        54      7

PRECIPITATION (IN)
  YESTERDAY        0.00          3.66 1965   0.04  -0.04
  MONTH TO DATE    0.19                      0.66  -0.47
  SINCE SEP 1      0.55                      2.33  -1.78
  SINCE JAN 1     12.63                     14.53  -1.90

SNOWFALL (IN)
  YESTERDAY        0.0
  MONTH TO DATE    0.0
  SINCE SEP 1      0.0
  SINCE JUL 1      0.0

DEGREE DAYS
 HEATING
  YESTERDAY        4                        11     -7
  MONTH TO DATE  154                       146      8
  SINCE SEP 1    156                       224    -68
  SINCE JUL 1    159                       230    -71

 COOLING
  YESTERDAY        0                         0      0
  MONTH TO DATE    3                         6     -3
  SINCE SEP 1    241                       108    133
  SINCE JAN 1   1132                       905    227
...............................................................


WIND (MPH)
  HIGHEST WIND SPEED    30   HIGHEST WIND DIRECTION     S (190)
  HIGHEST GUST SPEED    36   HIGHEST GUST DIRECTION     S (190)
  AVERAGE WIND SPEED    15.2


SKY COVER
  AVERAGE SKY COVER 0.0


WEATHER CONDITIONS
 THE FOLLOWING WEATHER WAS RECORDED YESTERDAY.
  NO SIGNIFICANT WEATHER WAS OBSERVED.


RELATIVE HUMIDITY (PERCENT)
 HIGHEST    43          1100 PM
 LOWEST      8          1000 AM
 AVERAGE    26

..........................................................


THE CLAYTON  NM CLIMATE NORMALS FOR TODAY
                         NORMAL    RECORD    YEAR
 MAXIMUM TEMPERATURE (F)   68        87      2009
 MINIMUM TEMPERATURE (F)   41        23      1989
                                             1917


SUNRISE AND SUNSET
OCTOBER 18 2019.......SUNRISE   702 AM MDT   SUNSET   613 PM MDT
OCTOBER 19 2019.......SUNRISE   703 AM MDT   SUNSET   611 PM MDT


-  INDICATES NEGATIVE NUMBERS.
R  INDICATES RECORD WAS SET OR TIED.
MM INDICATES DATA IS MISSING.
T  INDICATES TRACE AMOUNT.




$$
