000
CDUS45 KABQ 040837
CLICAO


CLIMATE REPORT
NATIONAL WEATHER SERVICE ALBUQUERQUE NM
236 AM MDT THU JUN 4 2020


...................................

...THE CLAYTON  NM CLIMATE SUMMARY FOR JUNE 3 2020...

CLIMATE NORMAL PERIOD 1981 TO 2010
CLIMATE RECORD PERIOD 1896 TO 2020


WEATHER ITEM   OBSERVED TIME   RECORD YEAR NORMAL DEPARTURE
                VALUE   (LST)  VALUE       VALUE  FROM
                                                  NORMAL
...............................................................
TEMPERATURE (F)
 YESTERDAY
  MAXIMUM         91    253 PM  99    1931  81     10
  MINIMUM         58   1122 PM  35    1919  53      5
  AVERAGE         75                        67      8

PRECIPITATION (IN)
  YESTERDAY        T             1.40 1928   0.07  -0.07
  MONTH TO DATE    T                         0.21  -0.21
  SINCE JUN 1      T                         0.21  -0.21
  SINCE JAN 1      2.36                      4.68  -2.32

SNOWFALL (IN)
  YESTERDAY        0.0
  MONTH TO DATE    0.0
  SINCE JUN 1      0.0
  SINCE JUL 1     11.6

DEGREE DAYS
 HEATING
  YESTERDAY        0                         2     -2
  MONTH TO DATE    0                         6     -6
  SINCE JUN 1      0                         6     -6
  SINCE JUL 1   4729                      4867   -138

 COOLING
  YESTERDAY       10                         4      6
  MONTH TO DATE   29                        10     19
  SINCE JUN 1     29                        10     19
  SINCE JAN 1    111                        61     50
...............................................................


WIND (MPH)
  HIGHEST WIND SPEED    37   HIGHEST WIND DIRECTION    NW (300)
  HIGHEST GUST SPEED    47   HIGHEST GUST DIRECTION    NW (300)
  AVERAGE WIND SPEED     7.0


SKY COVER
  AVERAGE SKY COVER 0.1


WEATHER CONDITIONS
 THE FOLLOWING WEATHER WAS RECORDED YESTERDAY.
  THUNDERSTORM
  LIGHT RAIN
  HAZE


RELATIVE HUMIDITY (PERCENT)
 HIGHEST    72          1100 PM
 LOWEST     19           100 PM
 AVERAGE    46

..........................................................


THE CLAYTON  NM CLIMATE NORMALS FOR TODAY
                         NORMAL    RECORD    YEAR
 MAXIMUM TEMPERATURE (F)   81        95      2006
                                             1960
                                             1933
 MINIMUM TEMPERATURE (F)   53        36      1943
                                             1928


SUNRISE AND SUNSET
JUNE  4 2020..........SUNRISE   535 AM MDT   SUNSET   807 PM MDT
JUNE  5 2020..........SUNRISE   535 AM MDT   SUNSET   808 PM MDT


-  INDICATES NEGATIVE NUMBERS.
R  INDICATES RECORD WAS SET OR TIED.
MM INDICATES DATA IS MISSING.
T  INDICATES TRACE AMOUNT.




$$
