000
CDUS45 KABQ 240831
CLICAO


CLIMATE REPORT
NATIONAL WEATHER SERVICE ALBUQUERQUE NM
128 AM MST SAT FEB 24 2018


...................................

...THE CLAYTON  NM CLIMATE SUMMARY FOR FEBRUARY 23 2018...

CLIMATE NORMAL PERIOD 1981 TO 2010
CLIMATE RECORD PERIOD 1896 TO 2018


WEATHER ITEM   OBSERVED TIME   RECORD YEAR NORMAL DEPARTURE
                VALUE   (LST)  VALUE       VALUE  FROM
                                                  NORMAL
...............................................................
TEMPERATURE (F)
 YESTERDAY
  MAXIMUM         58    122 PM  76    2009  53      5
                                      1956
                                      1930
  MINIMUM         16    554 AM   1    1928  25     -9
  AVERAGE         37                        39     -2

PRECIPITATION (IN)
  YESTERDAY        0.00          0.20 1935   0.01  -0.01
  MONTH TO DATE    0.03                      0.26  -0.23
  SINCE DEC 1      0.03                      0.90  -0.87
  SINCE JAN 1      0.03                      0.54  -0.51

SNOWFALL (IN)
  YESTERDAY        0.0
  MONTH TO DATE    0.3
  SINCE DEC 1      0.3
  SINCE JUL 1      0.8

DEGREE DAYS
 HEATING
  YESTERDAY       28                        26      2
  MONTH TO DATE  660                       644     16
  SINCE DEC 1   2370                      2498   -128
  SINCE JUL 1   3255                      3550   -295

 COOLING
  YESTERDAY        0                         0      0
  MONTH TO DATE    0                         0      0
  SINCE DEC 1      0                         0      0
  SINCE JAN 1      0                         0      0
...............................................................


WIND (MPH)
  HIGHEST WIND SPEED    29   HIGHEST WIND DIRECTION     E (110)
  HIGHEST GUST SPEED    36   HIGHEST GUST DIRECTION     S (160)
  AVERAGE WIND SPEED    13.1


SKY COVER
  AVERAGE SKY COVER 0.2


WEATHER CONDITIONS
 THE FOLLOWING WEATHER WAS RECORDED YESTERDAY.
  FOG
  FOG W/VISIBILITY <= 1/4 MILE


RELATIVE HUMIDITY (PERCENT)
 HIGHEST   100           900 PM
 LOWEST     11           100 PM
 AVERAGE    56

..........................................................


THE CLAYTON  NM CLIMATE NORMALS FOR TODAY
                         NORMAL    RECORD    YEAR
 MAXIMUM TEMPERATURE (F)   53        74      1986
 MINIMUM TEMPERATURE (F)   25         1      2003


SUNRISE AND SUNSET
FEBRUARY 24 2018......SUNRISE   630 AM MST   SUNSET   542 PM MST
FEBRUARY 25 2018......SUNRISE   628 AM MST   SUNSET   543 PM MST


-  INDICATES NEGATIVE NUMBERS.
R  INDICATES RECORD WAS SET OR TIED.
MM INDICATES DATA IS MISSING.
T  INDICATES TRACE AMOUNT.




$$
