000
CDUS45 KABQ 110835
CLICAO


CLIMATE REPORT
NATIONAL WEATHER SERVICE ALBUQUERQUE NM
134 AM MST TUE DEC 11 2018


...................................

...THE CLAYTON  NM CLIMATE SUMMARY FOR DECEMBER 10 2018...

CLIMATE NORMAL PERIOD 1981 TO 2010
CLIMATE RECORD PERIOD 1896 TO 2018


WEATHER ITEM   OBSERVED TIME   RECORD YEAR NORMAL DEPARTURE
                VALUE   (LST)  VALUE       VALUE  FROM
                                                  NORMAL
...............................................................
TEMPERATURE (F)
 YESTERDAY
  MAXIMUM         55    243 PM  74    1975  48      7
                                      1929
  MINIMUM         19    643 AM  -2    1932  22     -3
  AVERAGE         37                        35      2

PRECIPITATION (IN)
  YESTERDAY        0.00          0.30 1923   0.01  -0.01
  MONTH TO DATE    0.01                      0.11  -0.10
  SINCE DEC 1      0.01                      0.11  -0.10
  SINCE JAN 1     17.03                     15.54   1.49

SNOWFALL (IN)
  YESTERDAY        0.0
  MONTH TO DATE    0.8
  SINCE DEC 1      0.8
  SINCE JUL 1      3.8

DEGREE DAYS
 HEATING
  YESTERDAY       28                        30     -2
  MONTH TO DATE  332                       292     40
  SINCE DEC 1    332                       292     40
  SINCE JUL 1   1508                      1344    164

 COOLING
  YESTERDAY        0                         0      0
  MONTH TO DATE    0                         0      0
  SINCE DEC 1      0                         0      0
  SINCE JAN 1   1080                       909    171
...............................................................


WIND (MPH)
  HIGHEST WIND SPEED    18   HIGHEST WIND DIRECTION     W (260)
  HIGHEST GUST SPEED    23   HIGHEST GUST DIRECTION     W (260)
  AVERAGE WIND SPEED    10.6


SKY COVER
  AVERAGE SKY COVER 0.0


WEATHER CONDITIONS
 THE FOLLOWING WEATHER WAS RECORDED YESTERDAY.
  NO SIGNIFICANT WEATHER WAS OBSERVED.


RELATIVE HUMIDITY (PERCENT)
 HIGHEST    68           200 AM
 LOWEST     11           100 PM
 AVERAGE    40

..........................................................


THE CLAYTON  NM CLIMATE NORMALS FOR TODAY
                         NORMAL    RECORD    YEAR
 MAXIMUM TEMPERATURE (F)   48        81      1939
 MINIMUM TEMPERATURE (F)   22        -1      1961
                                             1932
                                             1917


SUNRISE AND SUNSET
DECEMBER 11 2018......SUNRISE   654 AM MST   SUNSET   438 PM MST
DECEMBER 12 2018......SUNRISE   655 AM MST   SUNSET   438 PM MST


-  INDICATES NEGATIVE NUMBERS.
R  INDICATES RECORD WAS SET OR TIED.
MM INDICATES DATA IS MISSING.
T  INDICATES TRACE AMOUNT.




$$
