000
CDUS41 KCAR 200547
CLICAR


CLIMATE REPORT
NATIONAL WEATHER SERVICE CARIBOU, ME
147 AM EDT SUN OCT 20 2019


...................................

...THE CARIBOU ME CLIMATE SUMMARY FOR OCTOBER 19 2019...

CLIMATE NORMAL PERIOD 1981 TO 2010
CLIMATE RECORD PERIOD 1939 TO 2019


WEATHER ITEM   OBSERVED TIME   RECORD YEAR NORMAL DEPARTURE LAST
                VALUE   (LST)  VALUE       VALUE  FROM      YEAR
                                                  NORMAL
..................................................................
TEMPERATURE (F)
 YESTERDAY
  MAXIMUM         49    235 PM  75    1963  51     -2       43
  MINIMUM         34   1149 PM  14    1972  34      0       22
  AVERAGE         42                        42      0       33

PRECIPITATION (IN)
  YESTERDAY        0.01          1.08 1957   0.11  -0.10     0.00
  MONTH TO DATE    0.88                      2.15  -1.27     2.98
  SINCE SEP 1      5.75                      5.47   0.28     4.72
  SINCE JAN 1     31.97                     30.21   1.76    31.09

SNOWFALL (IN)
  YESTERDAY        0.0           3.0  1952   0.1   -0.1      0.0
  MONTH TO DATE    T                         0.5   -0.5       T
  SINCE SEP 1      T                         0.6   -0.6       T
  SINCE JUL 1      T                         0.6   -0.6       T
  SNOW DEPTH       0

DEGREE DAYS
 HEATING
  YESTERDAY       23                        23      0       32
  MONTH TO DATE  338                       370    -32      405
  SINCE SEP 1    644                       683    -39      652
  SINCE JUL 1    704                       837   -133      689

 COOLING
  YESTERDAY        0                         0      0        0
  MONTH TO DATE    0                         0      0        0
  SINCE SEP 1      3                        11     -8       34
  SINCE JAN 1    208                       180     28      410
..................................................................


WIND (MPH)
  HIGHEST WIND SPEED    20   HIGHEST WIND DIRECTION    NW (310)
  HIGHEST GUST SPEED    30   HIGHEST GUST DIRECTION    NW (300)
  AVERAGE WIND SPEED     8.5


SKY COVER
  POSSIBLE SUNSHINE  MM
  AVERAGE SKY COVER 0.6


WEATHER CONDITIONS
 THE FOLLOWING WEATHER WAS RECORDED YESTERDAY.
  LIGHT RAIN


RELATIVE HUMIDITY (PERCENT)
 HIGHEST    82           600 AM
 LOWEST     56          1200 PM
 AVERAGE    69

..........................................................


THE CARIBOU ME CLIMATE NORMALS FOR TODAY
                         NORMAL    RECORD    YEAR
 MAXIMUM TEMPERATURE (F)   50        74      1963
 MINIMUM TEMPERATURE (F)   33        18      1972


SUNRISE AND SUNSET
OCTOBER 20 2019.......SUNRISE   657 AM EDT   SUNSET   536 PM EDT
OCTOBER 21 2019.......SUNRISE   658 AM EDT   SUNSET   535 PM EDT


-  INDICATES NEGATIVE NUMBERS.
R  INDICATES RECORD WAS SET OR TIED.
MM INDICATES DATA IS MISSING.
T  INDICATES TRACE AMOUNT.




$$
