000
CDUS41 KCAR 150549
CLICAR


CLIMATE REPORT
NATIONAL WEATHER SERVICE CARIBOU, ME
1248 AM EST SAT DEC 15 2018


...................................

...THE CARIBOU ME CLIMATE SUMMARY FOR DECEMBER 14 2018...

CLIMATE NORMAL PERIOD 1981 TO 2010
CLIMATE RECORD PERIOD 1939 TO 2018


WEATHER ITEM   OBSERVED TIME   RECORD YEAR NORMAL DEPARTURE LAST
                VALUE   (LST)  VALUE       VALUE  FROM      YEAR
                                                  NORMAL
..................................................................
TEMPERATURE (F)
 YESTERDAY
  MAXIMUM         31   1159 PM  57    2010  27      4       10
  MINIMUM         -8    254 AM -18    1976  11    -19        3
  AVERAGE         12                        19     -7        7

PRECIPITATION (IN)
  YESTERDAY        0.13          0.98 1977   0.11   0.02      T
  MONTH TO DATE    0.99                      1.61  -0.62     2.59
  SINCE DEC 1      0.99                      1.61  -0.62     2.59
  SINCE JAN 1     38.22                     36.83   1.39    41.48

SNOWFALL (IN)
  YESTERDAY        1.4          11.1  1977   0.8    0.6       T
  MONTH TO DATE    7.2                       9.6   -2.4     17.2
  SINCE DEC 1      7.2                       9.6   -2.4     17.2
  SINCE JUL 1     40.0                      21.8   18.2     21.1
  SNOW DEPTH      12

DEGREE DAYS
 HEATING
  YESTERDAY       53                        46      7       58
  MONTH TO DATE  739                       605    134      570
  SINCE DEC 1    739                       605    134      570
  SINCE JUL 1   2902                      2750    152     2274

 COOLING
  YESTERDAY        0                         0      0        0
  MONTH TO DATE    0                         0      0        0
  SINCE DEC 1      0                         0      0        0
  SINCE JAN 1    410                       180    230      222
..................................................................


WIND (MPH)
  HIGHEST WIND SPEED    12   HIGHEST WIND DIRECTION     S (190)
  HIGHEST GUST SPEED    17   HIGHEST GUST DIRECTION     S (200)
  AVERAGE WIND SPEED     3.6


SKY COVER
  POSSIBLE SUNSHINE  MM
  AVERAGE SKY COVER 0.8


WEATHER CONDITIONS
 THE FOLLOWING WEATHER WAS RECORDED YESTERDAY.
  LIGHT SNOW
  FOG
  HAZE


RELATIVE HUMIDITY (PERCENT)
 HIGHEST    92          1100 PM
 LOWEST     67          1200 PM
 AVERAGE    80

..........................................................


THE CARIBOU ME CLIMATE NORMALS FOR TODAY
                         NORMAL    RECORD    YEAR
 MAXIMUM TEMPERATURE (F)   26        47      2008
 MINIMUM TEMPERATURE (F)   11       -21      1943


SUNRISE AND SUNSET
DECEMBER 15 2018......SUNRISE   711 AM EST   SUNSET   344 PM EST
DECEMBER 16 2018......SUNRISE   711 AM EST   SUNSET   344 PM EST


-  INDICATES NEGATIVE NUMBERS.
R  INDICATES RECORD WAS SET OR TIED.
MM INDICATES DATA IS MISSING.
T  INDICATES TRACE AMOUNT.




$$
