000
CDUS41 KCAR 272319
CLICAR

CLIMATE REPORT...UPDATED FOR SOIL TEMPERATURES
NATIONAL WEATHER SERVICE CARIBOU, ME
719 PM EDT WED MAY 27 2020


...................................

...THE CARIBOU ME CLIMATE SUMMARY FOR MAY 27 2020...
VALID TODAY AS OF 0400 PM LOCAL TIME.

CLIMATE NORMAL PERIOD 1981 TO 2010
CLIMATE RECORD PERIOD 1939 TO 2020


WEATHER ITEM   OBSERVED TIME   RECORD YEAR NORMAL DEPARTURE LAST
                VALUE   (LST)  VALUE       VALUE  FROM      YEAR
                                                  NORMAL
..................................................................
TEMPERATURE (F)
 TODAY
  MAXIMUM         87    217 PM  92    1978  66     21       61
  MINIMUM         63    426 AM  30    1969  44     19       36
  AVERAGE         75                        55     20       49

PRECIPITATION (IN)
  TODAY            0.15          2.08 1961   0.12   0.03     0.00
  MONTH TO DATE    2.05                      2.88  -0.83     3.07
  SINCE MAR 1      7.82                      8.05  -0.23     9.63
  SINCE JAN 1     13.38                     12.97   0.41    18.19

SNOWFALL (IN)
  TODAY            0.0           0.0  2002   0.0    0.0      0.0
                                      2001
  MONTH TO DATE    5.9                       0.5    5.4       T
  SINCE MAR 1     46.5                      26.2   20.3     18.4
  SINCE JUL 1    151.9                     108.7   43.2    165.4
  SNOW DEPTH       0

DEGREE DAYS
 HEATING
  TODAY            0                        10    -10       16
  MONTH TO DATE  441                       385     56      445
  SINCE MAR 1   2488                      2430     58     2551
  SINCE JUL 1   8794                      9151   -357     9381

 COOLING
  TODAY           10                         0     10        0
  MONTH TO DATE   19                         0     19        0
  SINCE MAR 1     19                         0     19        0
  SINCE JAN 1     19                         0     19        0
..................................................................


WIND (MPH)
  HIGHEST WIND SPEED    12   HIGHEST WIND DIRECTION    NW (330)
  HIGHEST GUST SPEED    16   HIGHEST GUST DIRECTION     N (340)
  AVERAGE WIND SPEED     2.3


SKY COVER
  POSSIBLE SUNSHINE  MM
  AVERAGE SKY COVER 0.5


WEATHER CONDITIONS
 THE FOLLOWING WEATHER WAS RECORDED TODAY.
  THUNDERSTORM
  HEAVY RAIN
  RAIN
  LIGHT RAIN
  FOG
  FOG W/VISIBILITY <= 1/4 MILE


RELATIVE HUMIDITY (PERCENT)
 HIGHEST   100           400 AM
 LOWEST     55          1200 PM
 AVERAGE    78

..........................................................


THE CARIBOU ME CLIMATE NORMALS FOR TOMORROW
                         NORMAL    RECORD    YEAR
 MAXIMUM TEMPERATURE (F)   67        89      1978
 MINIMUM TEMPERATURE (F)   44        31      2019


SUNRISE AND SUNSET
MAY 27 2020...........SUNRISE   445 AM EDT   SUNSET   815 PM EDT
MAY 28 2020...........SUNRISE   444 AM EDT   SUNSET   816 PM EDT


-  INDICATES NEGATIVE NUMBERS.
R  INDICATES RECORD WAS SET OR TIED.
MM INDICATES DATA IS MISSING.
T  INDICATES TRACE AMOUNT.

.........................................................

THE CARIBOU ME 4 INCH SOIL TEMPERATURES FOR MAY 27 2020

MAXIMUM SOIL TEMPERATURE (F)...80
MINIMUM SOIL TEMPERATURE (F)...66

$$
