000
CDUS41 KCAR 210548
CLICAR


CLIMATE REPORT
NATIONAL WEATHER SERVICE CARIBOU, ME
148 AM EDT THU JUN 21 2018


...................................

...THE CARIBOU ME CLIMATE SUMMARY FOR JUNE 20 2018...

CLIMATE NORMAL PERIOD 1981 TO 2010
CLIMATE RECORD PERIOD 1939 TO 2018


WEATHER ITEM   OBSERVED TIME   RECORD YEAR NORMAL DEPARTURE LAST
                VALUE   (LST)  VALUE       VALUE  FROM      YEAR
                                                  NORMAL
..................................................................
TEMPERATURE (F)
 YESTERDAY
  MAXIMUM         78   1155 AM  91    1988  73      5       77
  MINIMUM         48    418 AM  35    1986  51     -3       61
  AVERAGE         63                        62      1       69

PRECIPITATION (IN)
  YESTERDAY        T             1.86 2010   0.12  -0.12     0.62
  MONTH TO DATE    1.59                      2.22  -0.63     2.24
  SINCE JUN 1      1.59                      2.22  -0.63     2.24
  SINCE JAN 1     18.74                     15.64   3.10    18.81

SNOWFALL (IN)
  YESTERDAY        0.0           0.0  2002   0.0    0.0      0.0
                                      2001
  MONTH TO DATE    0.0                       0.0    0.0      0.0
  SINCE JUN 1      0.0                       0.0    0.0      0.0
  SINCE JUL 1    137.2                     108.7   28.5    129.6
  SNOW DEPTH       0

DEGREE DAYS
 HEATING
  YESTERDAY        2                         4     -2        0
  MONTH TO DATE  164                       130     34      101
  SINCE JUN 1    164                       130     34      101
  SINCE JUL 1   8724                      9319   -595     8549

 COOLING
  YESTERDAY        0                         1     -1        4
  MONTH TO DATE    7                        17    -10       41
  SINCE JUN 1      7                        17    -10       41
  SINCE JAN 1     11                        22    -11       47
..................................................................


WIND (MPH)
  HIGHEST WIND SPEED    22   HIGHEST WIND DIRECTION     W (250)
  HIGHEST GUST SPEED    32   HIGHEST GUST DIRECTION    SW (240)
  AVERAGE WIND SPEED    10.2


SKY COVER
  POSSIBLE SUNSHINE  MM
  AVERAGE SKY COVER 0.3


WEATHER CONDITIONS
 THE FOLLOWING WEATHER WAS RECORDED YESTERDAY.
  LIGHT RAIN


RELATIVE HUMIDITY (PERCENT)
 HIGHEST    80           300 AM
 LOWEST     37          1200 PM
 AVERAGE    59

..........................................................


THE CARIBOU ME CLIMATE NORMALS FOR TODAY
                         NORMAL    RECORD    YEAR
 MAXIMUM TEMPERATURE (F)   73        92      1983
 MINIMUM TEMPERATURE (F)   52        38      1995


SUNRISE AND SUNSET
JUNE 21 2018..........SUNRISE   438 AM EDT   SUNSET   830 PM EDT
JUNE 22 2018..........SUNRISE   438 AM EDT   SUNSET   830 PM EDT


-  INDICATES NEGATIVE NUMBERS.
R  INDICATES RECORD WAS SET OR TIED.
MM INDICATES DATA IS MISSING.
T  INDICATES TRACE AMOUNT.




$$
