000
CDUS41 KCAR 192029
CLICAR

CLIMATE REPORT
NATIONAL WEATHER SERVICE CARIBOU ME
429 PM EDT MON OCT 19 2020

...................................

...THE CARIBOU ME CLIMATE SUMMARY FOR OCTOBER 19 2020...
VALID TODAY AS OF 0400 PM LOCAL TIME.

CLIMATE NORMAL PERIOD: 1981 TO 2010
CLIMATE RECORD PERIOD: 1939 TO 2020


WEATHER ITEM   OBSERVED TIME   RECORD YEAR NORMAL DEPARTURE LAST
                VALUE   (LST)  VALUE       VALUE  FROM      YEAR
                                                  NORMAL
...................................................................
TEMPERATURE (F)
 TODAY
  MAXIMUM         58   2:46 PM  75    1963  51      7       49
  MINIMUM         37   6:17 AM  14    1972  34      3       34
  AVERAGE         48                        42      6       42

PRECIPITATION (IN)
  TODAY            0.00          1.08 1957   0.11  -0.11     0.01
  MONTH TO DATE    5.84                      2.15   3.69     0.79
  SINCE SEP 1      6.99                      5.47   1.52     0.79
  SINCE JAN 1     26.49                     30.21  -3.72     1.44

SNOWFALL (IN)
  TODAY            0.0           3.0  1952   0.1   -0.1      0.0
  MONTH TO DATE    T                         0.5   -0.5      0.0
  SINCE SEP 1      T                         0.6   -0.6      0.0
  SINCE JUL 1      T                         0.6   -0.6      0.0
  SNOW DEPTH       0

DEGREE DAYS
 HEATING
  TODAY           17                        23     -6       23
  MONTH TO DATE  326                       370    -44      301
  SINCE SEP 1    580                       683   -103      301
  SINCE JUL 1    660                       837   -177      301

 COOLING
  TODAY            0                         0      0        0
  MONTH TO DATE    0                         0      0        0
  SINCE SEP 1     24                        11     13        0
  SINCE JAN 1    479                       180    299        0
...................................................................


WIND (MPH)
  HIGHEST WIND SPEED    12   HIGHEST WIND DIRECTION    SE (150)
  HIGHEST GUST SPEED    16   HIGHEST GUST DIRECTION     S (180)
  AVERAGE WIND SPEED     6.8


SKY COVER
  POSSIBLE SUNSHINE  MM
  AVERAGE SKY COVER 0.2


WEATHER CONDITIONS
THE FOLLOWING WEATHER WAS RECORDED TODAY.
  NO SIGNIFICANT WEATHER WAS OBSERVED.


RELATIVE HUMIDITY (PERCENT)
 HIGHEST    76           7:00 AM
 LOWEST     47           2:00 PM
 AVERAGE    62

..........................................................


THE CARIBOU ME CLIMATE NORMALS FOR TOMORROW
                         NORMAL    RECORD    YEAR
 MAXIMUM TEMPERATURE (F)   50        74      1963
 MINIMUM TEMPERATURE (F)   33        18      1972


SUNRISE AND SUNSET
OCTOBER 19 2020.......SUNRISE   6:56 AM EDT   SUNSET   5:37 PM EDT
OCTOBER 20 2020.......SUNRISE   6:58 AM EDT   SUNSET   5:35 PM EDT


-  INDICATES NEGATIVE NUMBERS.
*  INDICATES RECORD WAS SET OR TIED.
MM INDICATES DATA IS MISSING.
T  INDICATES TRACE AMOUNT.




$$
