000
CDUS43 KPAH 150631
CLICGI


CLIMATE REPORT
NATIONAL WEATHER SERVICE PADUCAH KY
130 AM CDT TUE OCT 15 2019


...................................

...THE CAPE GIRARDEAU MO CLIMATE SUMMARY FOR OCTOBER 14 2019...

CLIMATE NORMAL PERIOD 1981 TO 2010
CLIMATE RECORD PERIOD 1960 TO 2019


WEATHER ITEM   OBSERVED TIME   RECORD YEAR NORMAL DEPARTURE LAST
                VALUE   (LST)  VALUE       VALUE  FROM      YEAR
                                                  NORMAL
..................................................................
TEMPERATURE (F)
 YESTERDAY
  MAXIMUM         75    228 PM  90    2017  71      4       58
  MINIMUM         39    602 AM  25    2006  45     -6       50
  AVERAGE         57                        58     -1       54

PRECIPITATION (IN)
  YESTERDAY        0.00          1.01 1974   0.12  -0.12     0.28
  MONTH TO DATE    1.75                      1.63   0.12     0.65
  SINCE SEP 1      4.41                      4.91  -0.50     6.24
  SINCE JAN 1     49.42                     35.96  13.46    46.03

DEGREE DAYS
 HEATING
  YESTERDAY        8                         8      0       11
  MONTH TO DATE   63                        87    -24       55
  SINCE SEP 1     63                       135    -72       64
  SINCE JUL 1     63                       136    -73       64

 COOLING
  YESTERDAY        0                         1     -1        0
  MONTH TO DATE   51                        21     30      121
  SINCE SEP 1    400                       183    217      394
  SINCE JAN 1   1775                      1443    332     1988
..................................................................


WIND (MPH)
  HIGHEST WIND SPEED     9   HIGHEST WIND DIRECTION     E (100)
  HIGHEST GUST SPEED    11   HIGHEST GUST DIRECTION    SE (120)
  AVERAGE WIND SPEED     1.9


SKY COVER
  AVERAGE SKY COVER 0.0


WEATHER CONDITIONS
 THE FOLLOWING WEATHER WAS RECORDED YESTERDAY.
  NO SIGNIFICANT WEATHER WAS OBSERVED.


RELATIVE HUMIDITY (PERCENT)
 HIGHEST    92           600 AM
 LOWEST     33           200 PM
 AVERAGE    63

..........................................................


THE CAPE GIRARDEAU MO CLIMATE NORMALS FOR TODAY
                         NORMAL    RECORD    YEAR
 MAXIMUM TEMPERATURE (F)   71        89      1963
 MINIMUM TEMPERATURE (F)   45        30      1978


SUNRISE AND SUNSET
OCTOBER 15 2019.......SUNRISE   706 AM CDT   SUNSET   622 PM CDT
OCTOBER 16 2019.......SUNRISE   707 AM CDT   SUNSET   620 PM CDT


-  INDICATES NEGATIVE NUMBERS.
R  INDICATES RECORD WAS SET OR TIED.
MM INDICATES DATA IS MISSING.
T  INDICATES TRACE AMOUNT.




$$
