000
CDUS43 KPAH 302127
CLICGI

CLIMATE REPORT
NATIONAL WEATHER SERVICE PADUCAH
427 PM CDT FRI OCT 30 2020

...................................

...THE CAPE GIRARDEAU MO CLIMATE SUMMARY FOR OCTOBER 30 2020...
VALID TODAY AS OF 0425 PM LOCAL TIME.

CLIMATE NORMAL PERIOD 1981 TO 2010
CLIMATE RECORD PERIOD 1960 TO 2020


WEATHER ITEM   OBSERVED TIME   RECORD YEAR NORMAL DEPARTURE LAST
                VALUE   (LST)  VALUE       VALUE  FROM      YEAR
                                                  NORMAL
...................................................................
TEMPERATURE (F)
 TODAY
  MAXIMUM         56    258 PM  82    1971  66    -10       50
                                      2016
  MINIMUM         35    645 AM  24    1980  41     -6       41
  AVERAGE         46                        53     -7       46

PRECIPITATION (IN)
  TODAY            0.00          1.65 2009   0.13  -0.13     0.48
  MONTH TO DATE    6.67                      3.67   3.00     7.50
  SINCE SEP 1      8.17                      6.95   1.22    10.16
  SINCE JAN 1     44.97                     38.00   6.97    55.17

...................................................................


WIND (MPH)
  HIGHEST WIND SPEED    12   HIGHEST WIND DIRECTION    NW (330)
  HIGHEST GUST SPEED    15   HIGHEST GUST DIRECTION    NW (320)


RELATIVE HUMIDITY (PERCENT)
 HIGHEST    89
 LOWEST     51

..........................................................


THE CAPE GIRARDEAU MO CLIMATE NORMALS FOR TOMORROW
                         NORMAL    RECORD    YEAR
 MAXIMUM TEMPERATURE (F)   65        82      1968
 MINIMUM TEMPERATURE (F)   41        26      1993


SUNRISE AND SUNSET
OCTOBER 30 2020.......SUNRISE   721 AM CDT   SUNSET   602 PM CDT
OCTOBER 31 2020.......SUNRISE   722 AM CDT   SUNSET   601 PM CDT


-  INDICATES NEGATIVE NUMBERS.
R  INDICATES RECORD WAS SET OR TIED.
MM INDICATES DATA IS MISSING.
T  INDICATES TRACE AMOUNT.




$$
