000
CDUS44 KMRX 222150
CLICHA


CLIMATE REPORT
NATIONAL WEATHER SERVICE MORRISTOWN TN
450 PM EST TUE JAN 22 2019


...................................

...THE CHATTANOOGA  ASOS CLIMATE SUMMARY FOR JANUARY 22 2019...
VALID TODAY AS OF 0400 PM LOCAL TIME.

CLIMATE NORMAL PERIOD 1981 TO 2010
CLIMATE RECORD PERIOD 1879 TO 2019


WEATHER ITEM   OBSERVED TIME   RECORD YEAR NORMAL DEPARTURE LAST
                VALUE   (LST)  VALUE       VALUE  FROM      YEAR
                                                  NORMAL
..................................................................
TEMPERATURE (F)
 TODAY
  MAXIMUM         48    349 PM  77    1937  51     -3       61
  MINIMUM         22    726 AM   5    1985  31     -9       39
  AVERAGE         35                        40     -5       50

PRECIPITATION (IN)
  TODAY            0.00          1.78 1916   0.16  -0.16     0.16
  MONTH TO DATE    5.09                      3.49   1.60     0.84
  SINCE DEC 1     14.09                      8.39   5.70     4.18
  SINCE JAN 1      5.09                      3.49   1.60     0.84

SNOWFALL (IN)
  TODAY            0.0                       0.1   -0.1      0.0
  MONTH TO DATE    0.0                       1.3   -1.3      0.3
  SINCE DEC 1      0.0                       1.6   -1.6      0.8
  SINCE JUL 1      T                         1.6   -1.6      0.8
  SNOW DEPTH       0

DEGREE DAYS
 HEATING
  TODAY           30                        24      6       15
  MONTH TO DATE  454                       549    -95      688
  SINCE DEC 1   1053                      1244   -191     1369
  SINCE JUL 1   1735                      1833    -98     1880

 COOLING
  TODAY            0                         0      0        0
  MONTH TO DATE    0                         0      0        0
  SINCE DEC 1      0                         1     -1        0
  SINCE JAN 1      0                         0      0        0
..................................................................


WIND (MPH)
  HIGHEST WIND SPEED    20   HIGHEST WIND DIRECTION     S (170)
  HIGHEST GUST SPEED    27   HIGHEST GUST DIRECTION    SE (150)
  AVERAGE WIND SPEED     4.9


SKY COVER
  POSSIBLE SUNSHINE  MM
  AVERAGE SKY COVER 0.3


WEATHER CONDITIONS
 THE FOLLOWING WEATHER WAS RECORDED TODAY.
  NO SIGNIFICANT WEATHER WAS OBSERVED.


RELATIVE HUMIDITY (PERCENT)
 HIGHEST    68           800 AM
 LOWEST     20          1200 PM
 AVERAGE    44

..........................................................


THE CHATTANOOGA  ASOS CLIMATE NORMALS FOR TOMORROW
                         NORMAL    RECORD    YEAR
 MAXIMUM TEMPERATURE (F)   51        73      1927
 MINIMUM TEMPERATURE (F)   31        -3      1963


SUNRISE AND SUNSET
JANUARY 22 2019.......SUNRISE   746 AM EST   SUNSET   559 PM EST
JANUARY 23 2019.......SUNRISE   745 AM EST   SUNSET   600 PM EST


-  INDICATES NEGATIVE NUMBERS.
R  INDICATES RECORD WAS SET OR TIED.
MM INDICATES DATA IS MISSING.
T  INDICATES TRACE AMOUNT.




$$
