167
CDUS44 KMRX 230859
CLICHA


CLIMATE REPORT
NATIONAL WEATHER SERVICE MORRISTOWN TN
459 AM EDT WED OCT 23 2019


...................................

...THE CHATTANOOGA  ASOS CLIMATE SUMMARY FOR OCTOBER 22 2019...

CLIMATE NORMAL PERIOD 1981 TO 2010
CLIMATE RECORD PERIOD 1879 TO 2019


WEATHER ITEM   OBSERVED TIME   RECORD YEAR NORMAL DEPARTURE LAST
                VALUE   (LST)  VALUE       VALUE  FROM      YEAR
                                                  NORMAL
..................................................................
TEMPERATURE (F)
 YESTERDAY
  MAXIMUM         72    233 PM  86    1963  71      1       66
  MINIMUM         55   1159 PM  24    1952  48      7       37
  AVERAGE         64                        60      4       52

PRECIPITATION (IN)
  YESTERDAY        0.46          1.81 1928   0.11   0.35     0.00
  MONTH TO DATE    1.59                      2.31  -0.72     1.05
  SINCE SEP 1      2.15                      6.35  -4.20     8.32
  SINCE JAN 1     47.76                     41.61   6.15    48.05

SNOWFALL (IN)
  YESTERDAY        0.0                       0.0    0.0      0.0
  MONTH TO DATE    0.0                       0.0    0.0      0.0
  SINCE SEP 1      0.0                       0.0    0.0      0.0
  SINCE JUL 1      0.0                       0.0    0.0      0.0
  SNOW DEPTH       0

DEGREE DAYS
 HEATING
  YESTERDAY        1                         6     -5       13
  MONTH TO DATE   39                        87    -48       59
  SINCE SEP 1     39                       102    -63       59
  SINCE JUL 1     39                       102    -63       59

 COOLING
  YESTERDAY        0                         1     -1        0
  MONTH TO DATE  129                        43     86      140
  SINCE SEP 1    619                       282    337      553
  SINCE JAN 1   2409                      1732    677     2277
..................................................................


WIND (MPH)
  HIGHEST WIND SPEED    20   HIGHEST WIND DIRECTION     W (280)
  HIGHEST GUST SPEED    25   HIGHEST GUST DIRECTION     W (280)
  AVERAGE WIND SPEED     7.5


SKY COVER
  POSSIBLE SUNSHINE  MM
  AVERAGE SKY COVER 0.3


WEATHER CONDITIONS
 THE FOLLOWING WEATHER WAS RECORDED YESTERDAY.
  HEAVY RAIN
  RAIN
  LIGHT RAIN
  FOG


RELATIVE HUMIDITY (PERCENT)
 HIGHEST   100           100 AM
 LOWEST     29           300 PM
 AVERAGE    65

..........................................................


THE CHATTANOOGA  ASOS CLIMATE NORMALS FOR TODAY
                         NORMAL    RECORD    YEAR
 MAXIMUM TEMPERATURE (F)   71        88      1941
 MINIMUM TEMPERATURE (F)   47        28      1974


SUNRISE AND SUNSET
OCTOBER 23 2019.......SUNRISE   753 AM EDT   SUNSET   656 PM EDT
OCTOBER 24 2019.......SUNRISE   754 AM EDT   SUNSET   655 PM EDT


-  INDICATES NEGATIVE NUMBERS.
R  INDICATES RECORD WAS SET OR TIED.
MM INDICATES DATA IS MISSING.
T  INDICATES TRACE AMOUNT.




$$
