000
CDUS42 KCHS 112111
CLICHS

CLIMATE REPORT
NATIONAL WEATHER SERVICE CHARLESTON SC
511 PM EDT TUE AUG 11 2020

...................................

...THE NORTH CHARLESTON SC CLIMATE SUMMARY FOR AUGUST 11 2020...
VALID TODAY AS OF 0500 PM LOCAL TIME.

CLIMATE NORMAL PERIOD 1981 TO 2010
CLIMATE RECORD PERIOD 1938 TO 2020


WEATHER ITEM   OBSERVED TIME   RECORD YEAR NORMAL DEPARTURE LAST
                VALUE   (LST)  VALUE       VALUE  FROM      YEAR
                                                  NORMAL
...................................................................
TEMPERATURE (F)
 TODAY
  MAXIMUM         92    319 PM  98    1968  90      2       94
  MINIMUM         73    413 AM  58    1944  73      0       75
  AVERAGE         83                        81      2       85

PRECIPITATION (IN)
  TODAY            0.00          7.88 1940   0.22  -0.22     0.05
  MONTH TO DATE    3.34                      2.38   0.96     2.00
  SINCE JUN 1     11.01                     14.56  -3.55    18.88
  SINCE JAN 1     33.11                     30.87   2.24    26.59

DEGREE DAYS
 HEATING
  TODAY            0                         0      0        0
  MONTH TO DATE    0                         0      0        0
  SINCE JUN 1      0                         1     -1        0
  SINCE JUL 1      0                         0      0        0

 COOLING
  TODAY           18                        16      2       20
  MONTH TO DATE  196                       185     11      199
  SINCE JUN 1   1173                      1135     38     1187
  SINCE JAN 1   1657                      1497    160     1755
...................................................................


WIND (MPH)
  HIGHEST WIND SPEED    12   HIGHEST WIND DIRECTION     W (260)
  HIGHEST GUST SPEED    16   HIGHEST GUST DIRECTION     W (250)
  AVERAGE WIND SPEED     5.3


SKY COVER
  POSSIBLE SUNSHINE  MM
  AVERAGE SKY COVER 0.6


WEATHER CONDITIONS
THE FOLLOWING WEATHER WAS RECORDED TODAY.
  NO SIGNIFICANT WEATHER WAS OBSERVED.


RELATIVE HUMIDITY (PERCENT)
 HIGHEST    94           600 AM
 LOWEST     58           200 PM
 AVERAGE    76

..........................................................


THE NORTH CHARLESTON SC CLIMATE NORMALS FOR TOMORROW
                         NORMAL    RECORD    YEAR
 MAXIMUM TEMPERATURE (F)   90        98      1957
 MINIMUM TEMPERATURE (F)   73        62      1967


SUNRISE AND SUNSET
AUGUST 11 2020........SUNRISE   641 AM EDT   SUNSET   809 PM EDT
AUGUST 12 2020........SUNRISE   642 AM EDT   SUNSET   808 PM EDT


-  INDICATES NEGATIVE NUMBERS.
R  INDICATES RECORD WAS SET OR TIED.
MM INDICATES DATA IS MISSING.
T  INDICATES TRACE AMOUNT.




$$
