660
CDUS42 KCHS 232206
CLICHS


CLIMATE REPORT
NATIONAL WEATHER SERVICE CHARLESTON SC
506 PM EST WED JAN 23 2019


...................................

...THE NORTH CHARLESTON SC CLIMATE SUMMARY FOR JANUARY 23 2019...
VALID TODAY AS OF 0500 PM LOCAL TIME.

CLIMATE NORMAL PERIOD 1981 TO 2010
CLIMATE RECORD PERIOD 1938 TO 2019


WEATHER ITEM   OBSERVED TIME   RECORD YEAR NORMAL DEPARTURE LAST
                VALUE   (LST)  VALUE       VALUE  FROM      YEAR
                                                  NORMAL
..................................................................
TEMPERATURE (F)
 TODAY
  MAXIMUM         71    105 PM  80    1974  59     12       78
  MINIMUM         44   1240 AM  19    1985  38      6       53
  AVERAGE         58                        48     10       66

PRECIPITATION (IN)
  TODAY            0.01          3.27 1998   0.12  -0.11     0.33
  MONTH TO DATE    1.25                      2.75  -1.50     1.60
  SINCE DEC 1     11.00                      5.86   5.14     4.11
  SINCE JAN 1      1.25                      2.75  -1.50     1.60

SNOWFALL (IN)
  TODAY            0.0                       0.0    0.0
  SINCE DEC 1      0.0                       0.3   -0.3
  SINCE JUL 1      0.0                       0.3   -0.3

DEGREE DAYS
 HEATING
  TODAY            7                        17    -10        0
  MONTH TO DATE  283                       391   -108      493
  SINCE DEC 1    646                       837   -191      910
  SINCE JUL 1    924                      1129   -205     1196

 COOLING
  TODAY            0                         0      0        1
  MONTH TO DATE    5                         0      5        3
  SINCE DEC 1     11                         7      4        6
  SINCE JAN 1      5                         0      5        3
..................................................................


WIND (MPH)
  HIGHEST WIND SPEED    25   HIGHEST WIND DIRECTION     S (170)
  HIGHEST GUST SPEED    31   HIGHEST GUST DIRECTION     S (160)
  AVERAGE WIND SPEED     9.8


SKY COVER
  POSSIBLE SUNSHINE  MM
  AVERAGE SKY COVER 0.8


WEATHER CONDITIONS
 THE FOLLOWING WEATHER WAS RECORDED TODAY.
  LIGHT RAIN
  FOG


RELATIVE HUMIDITY (PERCENT)
 HIGHEST   100           400 AM
 LOWEST     61           100 PM
 AVERAGE    81

..........................................................


THE NORTH CHARLESTON SC CLIMATE NORMALS FOR TOMORROW
                         NORMAL    RECORD    YEAR
 MAXIMUM TEMPERATURE (F)   59        79      1974
                                             1950
 MINIMUM TEMPERATURE (F)   38        17      2003


SUNRISE AND SUNSET
JANUARY 23 2019.......SUNRISE   720 AM EST   SUNSET   544 PM EST
JANUARY 24 2019.......SUNRISE   720 AM EST   SUNSET   545 PM EST


-  INDICATES NEGATIVE NUMBERS.
R  INDICATES RECORD WAS SET OR TIED.
MM INDICATES DATA IS MISSING.
T  INDICATES TRACE AMOUNT.




$$
