000
CDUS42 KCHS 212103
CLICHS


CLIMATE REPORT
NATIONAL WEATHER SERVICE CHARLESTON SC
503 PM EDT MON MAY 21 2018


...................................

...THE NORTH CHARLESTON SC CLIMATE SUMMARY FOR MAY 21 2018...
VALID TODAY AS OF 0500 PM LOCAL TIME.

CLIMATE NORMAL PERIOD 1981 TO 2010
CLIMATE RECORD PERIOD 1938 TO 2018


WEATHER ITEM   OBSERVED TIME   RECORD YEAR NORMAL DEPARTURE LAST
                VALUE   (LST)  VALUE       VALUE  FROM      YEAR
                                                  NORMAL
..................................................................
TEMPERATURE (F)
 TODAY
  MAXIMUM         85    353 PM  99    1938  84      1       86
  MINIMUM         70    601 AM  45    2002  63      7       69
  AVERAGE         78                        74      4       78

PRECIPITATION (IN)
  TODAY            0.00          1.41 2013   0.10  -0.10     0.00
  MONTH TO DATE    6.03                      1.90   4.13     1.94
  SINCE MAR 1     12.37                      8.52   3.85     9.18
  SINCE JAN 1     16.54                     15.19   1.35    13.36

SNOWFALL (IN)
  TODAY            0.0                       0.0    0.0
  SINCE MAR 1      0.0                       0.0    0.0
  SINCE JUL 1      5.3                       0.5    4.8

DEGREE DAYS
 HEATING
  TODAY            0                         0      0        0
  MONTH TO DATE    0                         8     -8        3
  SINCE MAR 1    378                       335     43      260
  SINCE JUL 1   1826                      1971   -145     1228

 COOLING
  TODAY           13                         9      4       13
  MONTH TO DATE  208                       142     66      176
  SINCE MAR 1    301                       253     48      417
  SINCE JAN 1    363                       260    103      452
..................................................................


WIND (MPH)
  HIGHEST WIND SPEED    16   HIGHEST WIND DIRECTION     S (160)
  HIGHEST GUST SPEED    20   HIGHEST GUST DIRECTION     S (180)
  AVERAGE WIND SPEED     4.5


SKY COVER
  POSSIBLE SUNSHINE  MM
  AVERAGE SKY COVER 0.8


WEATHER CONDITIONS
 THE FOLLOWING WEATHER WAS RECORDED TODAY.
  FOG


RELATIVE HUMIDITY (PERCENT)
 HIGHEST   100           100 AM
 LOWEST     61           100 PM
 AVERAGE    81

..........................................................


THE NORTH CHARLESTON SC CLIMATE NORMALS FOR TOMORROW
                         NORMAL    RECORD    YEAR
 MAXIMUM TEMPERATURE (F)   85        98      1938
 MINIMUM TEMPERATURE (F)   64        48      1954


SUNRISE AND SUNSET
MAY 21 2018...........SUNRISE   617 AM EDT   SUNSET   817 PM EDT
MAY 22 2018...........SUNRISE   617 AM EDT   SUNSET   817 PM EDT


-  INDICATES NEGATIVE NUMBERS.
R  INDICATES RECORD WAS SET OR TIED.
MM INDICATES DATA IS MISSING.
T  INDICATES TRACE AMOUNT.




$$
