000
CDUS42 KCHS 160606
CLICHS


CLIMATE REPORT
NATIONAL WEATHER SERVICE CHARLESTON SC
205 AM EDT TUE OCT 16 2018


...................................

...THE NORTH CHARLESTON SC CLIMATE SUMMARY FOR OCTOBER 15 2018...

CLIMATE NORMAL PERIOD 1981 TO 2010
CLIMATE RECORD PERIOD 1938 TO 2018


WEATHER ITEM   OBSERVED TIME   RECORD YEAR NORMAL DEPARTURE LAST
                VALUE   (LST)  VALUE       VALUE  FROM      YEAR
                                                  NORMAL
..................................................................
TEMPERATURE (F)
 YESTERDAY
  MAXIMUM         87R   151 PM  87    1985  77     10       86
  MINIMUM         67    600 AM  40    1988  57     10       63
  AVERAGE         77                        67     10       75

PRECIPITATION (IN)
  YESTERDAY        0.00          3.89 1954   0.12  -0.12     0.00
  MONTH TO DATE    1.97                      2.11  -0.14     1.63
  SINCE SEP 1      3.93                      8.21  -4.28     8.38
  SINCE JAN 1     42.15                     43.85  -1.70    46.82

SNOWFALL (IN)
  YESTERDAY        0.0                       0.0    0.0
  SINCE SEP 1      0.0                       0.0    0.0
  SINCE JUL 1      0.0                       0.0    0.0

DEGREE DAYS
 HEATING
  YESTERDAY        0                         2     -2        0
  MONTH TO DATE    0                        18    -18        0
  SINCE SEP 1      0                        21    -21        0
  SINCE JUL 1      0                        21    -21        0

 COOLING
  YESTERDAY       12                         4      8       10
  MONTH TO DATE  196                        82    114      177
  SINCE SEP 1    699                       415    284      566
  SINCE JAN 1   2821                      2220    601     2608
..................................................................


WIND (MPH)
  HIGHEST WIND SPEED    16   HIGHEST WIND DIRECTION     S (180)
  HIGHEST GUST SPEED    20   HIGHEST GUST DIRECTION     S (170)
  AVERAGE WIND SPEED     4.9


SKY COVER
  POSSIBLE SUNSHINE  MM
  AVERAGE SKY COVER 0.4


WEATHER CONDITIONS
 THE FOLLOWING WEATHER WAS RECORDED YESTERDAY.
  FOG


RELATIVE HUMIDITY (PERCENT)
 HIGHEST   100           300 AM
 LOWEST     51          1100 AM
 AVERAGE    76

..........................................................


THE NORTH CHARLESTON SC CLIMATE NORMALS FOR TODAY
                         NORMAL    RECORD    YEAR
 MAXIMUM TEMPERATURE (F)   77        87      1942
 MINIMUM TEMPERATURE (F)   57        38      1978


SUNRISE AND SUNSET
OCTOBER 16 2018.......SUNRISE   725 AM EDT   SUNSET   646 PM EDT
OCTOBER 17 2018.......SUNRISE   726 AM EDT   SUNSET   645 PM EDT


-  INDICATES NEGATIVE NUMBERS.
R  INDICATES RECORD WAS SET OR TIED.
MM INDICATES DATA IS MISSING.
T  INDICATES TRACE AMOUNT.




$$
