255
CDUS42 KCHS 150603
CLICHS

CLIMATE REPORT
NATIONAL WEATHER SERVICE CHARLESTON SC
203 AM EDT TUE JUN 15 2021

...................................

...THE NORTH CHARLESTON SC CLIMATE SUMMARY FOR JUNE 14 2021...

CLIMATE NORMAL PERIOD 1991 TO 2020
CLIMATE RECORD PERIOD 1937 TO 2021


WEATHER ITEM   OBSERVED TIME   RECORD YEAR NORMAL DEPARTURE LAST
                VALUE   (LST)  VALUE       VALUE  FROM      YEAR
                                                  NORMAL
...................................................................
TEMPERATURE (F)
 YESTERDAY
  MAXIMUM         90    250 PM  99    2010  88      2       77
  MINIMUM         71    506 AM  58    1950  70      1       67
  AVERAGE         81                        79      2       72

PRECIPITATION (IN)
  YESTERDAY        0.00          1.26 1973   0.22  -0.22     0.09
  MONTH TO DATE    5.27                      2.78   2.49     2.79
  SINCE JUN 1      5.27                      2.78   2.49     2.79
  SINCE JAN 1     22.12                     19.16   2.96    24.89

DEGREE DAYS
 HEATING
  YESTERDAY        0                         0      0        0
  MONTH TO DATE    0                         0      0        0
  SINCE JUN 1      0                         0      0        0
  SINCE JUL 1   1687                      1846   -159     1498

 COOLING
  YESTERDAY       16                        14      2        7
  MONTH TO DATE  197                       183     14      176
  SINCE JUN 1    197                       183     14      176
  SINCE JAN 1    592                       590      2      660
...................................................................


WIND (MPH)
  HIGHEST WIND SPEED    17   HIGHEST WIND DIRECTION     S (170)
  HIGHEST GUST SPEED    21   HIGHEST GUST DIRECTION     S (180)
  AVERAGE WIND SPEED     5.5


SKY COVER
  POSSIBLE SUNSHINE  MM
  AVERAGE SKY COVER 0.5


WEATHER CONDITIONS
THE FOLLOWING WEATHER WAS RECORDED YESTERDAY.
  FOG


RELATIVE HUMIDITY (PERCENT)
 HIGHEST    97          1200 AM
 LOWEST     54           300 PM
 AVERAGE    76

..........................................................


THE NORTH CHARLESTON SC CLIMATE NORMALS FOR TODAY
                         NORMAL    RECORD    YEAR
 MAXIMUM TEMPERATURE (F)   89        98      1981
                                             2015
 MINIMUM TEMPERATURE (F)   71        55      1959


SUNRISE AND SUNSET
JUNE 15 2021..........SUNRISE   611 AM EDT   SUNSET   830 PM EDT
JUNE 16 2021..........SUNRISE   611 AM EDT   SUNSET   830 PM EDT


-  INDICATES NEGATIVE NUMBERS.
R  INDICATES RECORD WAS SET OR TIED.
MM INDICATES DATA IS MISSING.
T  INDICATES TRACE AMOUNT.




$$
