000
CDUS42 KCHS 180602
CLICHS


CLIMATE REPORT
NATIONAL WEATHER SERVICE CHARLESTON SC
201 AM EDT SAT AUG 18 2018


...................................

...THE NORTH CHARLESTON SC CLIMATE SUMMARY FOR AUGUST 17 2018...

CLIMATE NORMAL PERIOD 1981 TO 2010
CLIMATE RECORD PERIOD 1938 TO 2018


WEATHER ITEM   OBSERVED TIME   RECORD YEAR NORMAL DEPARTURE LAST
                VALUE   (LST)  VALUE       VALUE  FROM      YEAR
                                                  NORMAL
..................................................................
TEMPERATURE (F)
 YESTERDAY
  MAXIMUM         93    130 PM 102    1954  90      3       96
  MINIMUM         76   1159 PM  62    1979  72      4       80
  AVERAGE         85                        81      4       88

PRECIPITATION (IN)
  YESTERDAY        0.00          3.30 1971   0.23  -0.23      T
  MONTH TO DATE    3.16                      3.71  -0.55     4.55
  SINCE JUN 1     16.32                     15.89   0.43    19.66
  SINCE JAN 1     37.45                     32.20   5.25    34.82

DEGREE DAYS
 HEATING
  YESTERDAY        0                         0      0        0
  MONTH TO DATE    0                         0      0        0
  SINCE JUN 1      0                         1     -1        0
  SINCE JUL 1      0                         0      0        0

 COOLING
  YESTERDAY       20                        16      4       23
  MONTH TO DATE  308                       281     27      293
  SINCE JUN 1   1375                      1231    144     1241
  SINCE JAN 1   1881                      1593    288     1816
..................................................................


WIND (MPH)
  HIGHEST WIND SPEED    16   HIGHEST WIND DIRECTION     S (200)
  HIGHEST GUST SPEED    21   HIGHEST GUST DIRECTION     S (200)
  AVERAGE WIND SPEED     7.4


SKY COVER
  POSSIBLE SUNSHINE  MM
  AVERAGE SKY COVER 0.3


WEATHER CONDITIONS
 THE FOLLOWING WEATHER WAS RECORDED YESTERDAY.
  THUNDERSTORM


RELATIVE HUMIDITY (PERCENT)
 HIGHEST    94           300 AM
 LOWEST     59          1100 AM
 AVERAGE    77

..........................................................


THE NORTH CHARLESTON SC CLIMATE NORMALS FOR TODAY
                         NORMAL    RECORD    YEAR
 MAXIMUM TEMPERATURE (F)   89       101      1995
 MINIMUM TEMPERATURE (F)   72        56      1979


SUNRISE AND SUNSET
AUGUST 18 2018........SUNRISE   645 AM EDT   SUNSET   802 PM EDT
AUGUST 19 2018........SUNRISE   646 AM EDT   SUNSET   801 PM EDT


-  INDICATES NEGATIVE NUMBERS.
R  INDICATES RECORD WAS SET OR TIED.
MM INDICATES DATA IS MISSING.
T  INDICATES TRACE AMOUNT.




$$
