000
CDUS43 KDVN 232223
CLICID


CLIMATE REPORT
NATIONAL WEATHER SERVICE QUAD CITIES IA IL
422 PM CST FRI FEB 23 2018


...................................

...THE CEDAR RAPIDS IA CLIMATE SUMMARY FOR FEBRUARY 23 2018...
VALID TODAY AS OF 0400 PM LOCAL TIME.

CLIMATE NORMAL PERIOD 1981 TO 2010
CLIMATE RECORD PERIOD 1891 TO 2018


WEATHER ITEM   OBSERVED TIME   RECORD YEAR NORMAL DEPARTURE LAST
                VALUE   (LST)  VALUE       VALUE  FROM      YEAR
                                                  NORMAL
..................................................................
TEMPERATURE (F)
 TODAY
  MAXIMUM         38   1259 PM  64    1930  36      2       45
  MINIMUM         33    359 PM -12    2015  19     14       37
  AVERAGE         36                        27      9       41

PRECIPITATION (IN)
  TODAY            0.10         MM      MM   0.06   0.04     0.09
  MONTH TO DATE    1.42                      0.96   0.46     0.54
  SINCE DEC 1      2.48                      3.30  -0.82     3.29
  SINCE JAN 1      1.87                      1.88  -0.01     2.04

DEGREE DAYS
 HEATING
  TODAY           29                        38     -9       24
  MONTH TO DATE 1017                       953     64      681
  SINCE DEC 1   3669                      3655     14     3215
  SINCE JUL 1   4927                      5101   -174     4132

 COOLING
  TODAY            0                         0      0        0
  MONTH TO DATE    0                         0      0        0
  SINCE DEC 1      0                         0      0        0
  SINCE JAN 1      0                         0      0        0
..................................................................


WIND (MPH)
  HIGHEST WIND SPEED    20   HIGHEST WIND DIRECTION     W (290)
  HIGHEST GUST SPEED    26   HIGHEST GUST DIRECTION     W (290)
  AVERAGE WIND SPEED    12.8


SKY COVER
  POSSIBLE SUNSHINE  MM
  AVERAGE SKY COVER 0.9


WEATHER CONDITIONS
 THE FOLLOWING WEATHER WAS RECORDED TODAY.
  LIGHT RAIN
  HAZE


RELATIVE HUMIDITY (PERCENT)
 HIGHEST   100           500 AM
 LOWEST     70           100 PM
 AVERAGE    85

..........................................................


THE CEDAR RAPIDS IA CLIMATE NORMALS FOR TOMORROW
                         NORMAL    RECORD    YEAR
 MAXIMUM TEMPERATURE (F)   37        67      2002
 MINIMUM TEMPERATURE (F)   19       -12      1993


SUNRISE AND SUNSET
FEBRUARY 23 2018......SUNRISE   651 AM CST   SUNSET   550 PM CST
FEBRUARY 24 2018......SUNRISE   649 AM CST   SUNSET   551 PM CST


-  INDICATES NEGATIVE NUMBERS.
R  INDICATES RECORD WAS SET OR TIED.
MM INDICATES DATA IS MISSING.
T  INDICATES TRACE AMOUNT.




$$
