000
CDUS43 KDVN 172123
CLICID


CLIMATE REPORT
NATIONAL WEATHER SERVICE QUAD CITIES IA IL
422 PM CDT SUN JUN 17 2018


...................................

...THE CEDAR RAPIDS IA CLIMATE SUMMARY FOR JUNE 17 2018...
VALID TODAY AS OF 0400 PM LOCAL TIME.

CLIMATE NORMAL PERIOD 1981 TO 2010
CLIMATE RECORD PERIOD 1891 TO 2018


WEATHER ITEM   OBSERVED TIME   RECORD YEAR NORMAL DEPARTURE LAST
                VALUE   (LST)  VALUE       VALUE  FROM      YEAR
                                                  NORMAL
..................................................................
TEMPERATURE (F)
 TODAY
  MAXIMUM         92    259 PM  99    1913  81     11       83
  MINIMUM         74    445 AM  44    1974  60     14       66
                                      1960
                                      1915
  AVERAGE         83                        70     13       75

PRECIPITATION (IN)
  TODAY            0.00          1.80 1925   0.16  -0.16     0.03
  MONTH TO DATE    3.33                      2.68   0.65     1.51
  SINCE JUN 1      3.33                      2.68   0.65     1.51
  SINCE JAN 1     12.24                     14.12  -1.88    13.89

DEGREE DAYS
 HEATING
  TODAY            0                         1     -1        0
  MONTH TO DATE    0                        25    -25        2
  SINCE JUN 1      0                        25    -25        2
  SINCE JUL 1   6708                      6862   -154     5736

 COOLING
  TODAY           18                         6     12       10
  MONTH TO DATE  144                        74     70      160
  SINCE JUN 1    144                        74     70      160
  SINCE JAN 1    304                       123    181      198
..................................................................


WIND (MPH)
  HIGHEST WIND SPEED    20   HIGHEST WIND DIRECTION     S (200)
  HIGHEST GUST SPEED    26   HIGHEST GUST DIRECTION     S (200)
  AVERAGE WIND SPEED    11.0


SKY COVER
  POSSIBLE SUNSHINE  MM
  AVERAGE SKY COVER 0.0


WEATHER CONDITIONS
 THE FOLLOWING WEATHER WAS RECORDED TODAY.
  NO SIGNIFICANT WEATHER WAS OBSERVED.


RELATIVE HUMIDITY (PERCENT)
 HIGHEST    87           300 AM
 LOWEST     52           200 PM
 AVERAGE    70

..........................................................


THE CEDAR RAPIDS IA CLIMATE NORMALS FOR TOMORROW
                         NORMAL    RECORD    YEAR
 MAXIMUM TEMPERATURE (F)   81        99      1913
 MINIMUM TEMPERATURE (F)   60        46      1950


SUNRISE AND SUNSET
JUNE 17 2018..........SUNRISE   531 AM CDT   SUNSET   844 PM CDT
JUNE 18 2018..........SUNRISE   531 AM CDT   SUNSET   845 PM CDT


-  INDICATES NEGATIVE NUMBERS.
R  INDICATES RECORD WAS SET OR TIED.
MM INDICATES DATA IS MISSING.
T  INDICATES TRACE AMOUNT.




$$
