392
CDUS43 KDVN 232128
CLICID


CLIMATE REPORT
NATIONAL WEATHER SERVICE QUAD CITIES IA IL
428 PM CDT WED OCT 23 2019


...................................

...THE CEDAR RAPIDS IA CLIMATE SUMMARY FOR OCTOBER 23 2019...
VALID TODAY AS OF 0400 PM LOCAL TIME.

CLIMATE NORMAL PERIOD 1981 TO 2010
CLIMATE RECORD PERIOD 1891 TO 2019


WEATHER ITEM   OBSERVED TIME   RECORD YEAR NORMAL DEPARTURE LAST
                VALUE   (LST)  VALUE       VALUE  FROM      YEAR
                                                  NORMAL
..................................................................
TEMPERATURE (F)
 TODAY
  MAXIMUM         56    215 PM  88    1899  59     -3       55
  MINIMUM         31    531 AM  19    1981  38     -7       28
  AVERAGE         44                        48     -4       42

PRECIPITATION (IN)
  TODAY            0.03          1.54 1959   0.08  -0.05     0.00
  MONTH TO DATE    3.07                      1.97   1.10     3.60
  SINCE SEP 1      9.58                      5.13   4.45    10.29
  SINCE JAN 1     37.43                     30.43   7.00    36.58

DEGREE DAYS
 HEATING
  TODAY           21                        17      4       23
  MONTH TO DATE  340                       306     34      358
  SINCE SEP 1    374                       444    -70      458
  SINCE JUL 1    382                       463    -81      460

 COOLING
  TODAY            0                         0      0        0
  MONTH TO DATE   14                         8      6       15
  SINCE SEP 1    151                        80     71      144
  SINCE JAN 1    803                       748     55     1033
..................................................................


WIND (MPH)
  HIGHEST WIND SPEED    15   HIGHEST WIND DIRECTION     E (100)
  HIGHEST GUST SPEED    21   HIGHEST GUST DIRECTION     S (190)
  AVERAGE WIND SPEED     5.4


SKY COVER
  POSSIBLE SUNSHINE  MM
  AVERAGE SKY COVER 0.5


WEATHER CONDITIONS
 THE FOLLOWING WEATHER WAS RECORDED TODAY.
  LIGHT RAIN


RELATIVE HUMIDITY (PERCENT)
 HIGHEST   100           700 AM
 LOWEST     61           100 PM
 AVERAGE    81

..........................................................


THE CEDAR RAPIDS IA CLIMATE NORMALS FOR TOMORROW
                         NORMAL    RECORD    YEAR
 MAXIMUM TEMPERATURE (F)   58        82      1899
 MINIMUM TEMPERATURE (F)   37        19      2006
                                             1981


SUNRISE AND SUNSET
OCTOBER 23 2019.......SUNRISE   728 AM CDT   SUNSET   613 PM CDT
OCTOBER 24 2019.......SUNRISE   729 AM CDT   SUNSET   612 PM CDT


-  INDICATES NEGATIVE NUMBERS.
R  INDICATES RECORD WAS SET OR TIED.
MM INDICATES DATA IS MISSING.
T  INDICATES TRACE AMOUNT.




$$
