000
CDUS43 KDVN 121011
CLICID


CLIMATE REPORT
NATIONAL WEATHER SERVICE QUAD CITIES IA IL
410 AM CST WED DEC 12 2018


...................................

...THE CEDAR RAPIDS IA CLIMATE SUMMARY FOR DECEMBER 11 2018...

CLIMATE NORMAL PERIOD 1981 TO 2010
CLIMATE RECORD PERIOD 1891 TO 2018


WEATHER ITEM   OBSERVED TIME   RECORD YEAR NORMAL DEPARTURE LAST
                VALUE   (LST)  VALUE       VALUE  FROM      YEAR
                                                  NORMAL
..................................................................
TEMPERATURE (F)
 YESTERDAY
  MAXIMUM         39    319 PM  63    1949  33      6       44
  MINIMUM         19    736 AM -13    1976  16      3       25
  AVERAGE         29                        24      5       35

PRECIPITATION (IN)
  YESTERDAY        0.00          1.08 2007   0.05  -0.05     0.03
  MONTH TO DATE    0.62                      0.62   0.00     0.15
  SINCE DEC 1      0.62                      0.62   0.00     0.15
  SINCE JAN 1     39.17                     33.81   5.36    25.63

DEGREE DAYS
 HEATING
  YESTERDAY       36                        41     -5       30
  MONTH TO DATE  428                       424      4      358
  SINCE DEC 1    428                       424      4      358
  SINCE JUL 1   2038                      1870    168     1616

 COOLING
  YESTERDAY        0                         0      0        0
  MONTH TO DATE    0                         0      0        0
  SINCE DEC 1      0                         0      0        0
  SINCE JAN 1   1033                       748    285      747
..................................................................


WIND (MPH)
  HIGHEST WIND SPEED    14   HIGHEST WIND DIRECTION     S (160)
  HIGHEST GUST SPEED    18   HIGHEST GUST DIRECTION    SE (150)
  AVERAGE WIND SPEED     7.7


SKY COVER
  POSSIBLE SUNSHINE  MM
  AVERAGE SKY COVER 0.0


WEATHER CONDITIONS
 THE FOLLOWING WEATHER WAS RECORDED YESTERDAY.
  FOG


RELATIVE HUMIDITY (PERCENT)
 HIGHEST   100           800 AM
 LOWEST     59           300 PM
 AVERAGE    80

..........................................................


THE CEDAR RAPIDS IA CLIMATE NORMALS FOR TODAY
                         NORMAL    RECORD    YEAR
 MAXIMUM TEMPERATURE (F)   33        57      1991
                                             1968
 MINIMUM TEMPERATURE (F)   16       -12      2000


SUNRISE AND SUNSET
DECEMBER 12 2018......SUNRISE   725 AM CST   SUNSET   436 PM CST
DECEMBER 13 2018......SUNRISE   726 AM CST   SUNSET   436 PM CST


-  INDICATES NEGATIVE NUMBERS.
R  INDICATES RECORD WAS SET OR TIED.
MM INDICATES DATA IS MISSING.
T  INDICATES TRACE AMOUNT.




$$
