000
CDUS43 KDVN 302123
CLICID

CLIMATE REPORT
NATIONAL WEATHER SERVICE QUAD CITIES IA IL
423 PM CDT FRI OCT 30 2020

...................................

...THE CEDAR RAPIDS IA CLIMATE SUMMARY FOR OCTOBER 30 2020...
VALID TODAY AS OF 0400 PM LOCAL TIME.

CLIMATE NORMAL PERIOD 1981 TO 2010
CLIMATE RECORD PERIOD 1891 TO 2020


WEATHER ITEM   OBSERVED TIME   RECORD YEAR NORMAL DEPARTURE LAST
                VALUE   (LST)  VALUE       VALUE  FROM      YEAR
                                                  NORMAL
...................................................................
TEMPERATURE (F)
 TODAY
  MAXIMUM         46    254 PM  84    1924  56    -10       35
                                      1950
  MINIMUM         30    130 AM  -2    1925  35     -5       24
  AVERAGE         38                        45     -7       30

PRECIPITATION (IN)
  TODAY            0.00          0.86 1896   0.08  -0.08     0.06
  MONTH TO DATE    2.56                      2.54   0.02     3.31
  SINCE SEP 1      8.14                      5.70   2.44     9.82
  SINCE JAN 1     27.72                     31.00  -3.28    37.67

DEGREE DAYS
 HEATING
  TODAY           27                        20      7       35
  MONTH TO DATE  566                       435    131      543
  SINCE SEP 1    713                       573    140      577
  SINCE JUL 1    719                       592    127      585

 COOLING
  TODAY            0                         0      0        0
  MONTH TO DATE    4                         8     -4       14
  SINCE SEP 1     46                        80    -34      151
  SINCE JAN 1    792                       748     44      803
...................................................................


WIND (MPH)
  HIGHEST WIND SPEED    14   HIGHEST WIND DIRECTION     E (100)
  HIGHEST GUST SPEED    17   HIGHEST GUST DIRECTION     E (80)
  AVERAGE WIND SPEED     5.8


SKY COVER
  POSSIBLE SUNSHINE  MM
  AVERAGE SKY COVER 0.9


WEATHER CONDITIONS
THE FOLLOWING WEATHER WAS RECORDED TODAY.
  NO SIGNIFICANT WEATHER WAS OBSERVED.


RELATIVE HUMIDITY (PERCENT)
 HIGHEST    89           200 AM
 LOWEST     43           200 PM
 AVERAGE    66

..........................................................


THE CEDAR RAPIDS IA CLIMATE NORMALS FOR TOMORROW
                         NORMAL    RECORD    YEAR
 MAXIMUM TEMPERATURE (F)   55        86      1950
 MINIMUM TEMPERATURE (F)   35        12      1925


SUNRISE AND SUNSET
OCTOBER 30 2020.......SUNRISE   737 AM CDT   SUNSET   603 PM CDT
OCTOBER 31 2020.......SUNRISE   739 AM CDT   SUNSET   602 PM CDT


-  INDICATES NEGATIVE NUMBERS.
R  INDICATES RECORD WAS SET OR TIED.
MM INDICATES DATA IS MISSING.
T  INDICATES TRACE AMOUNT.




$$
