000
CDUS43 KDVN 250909
CLICID


CLIMATE REPORT
NATIONAL WEATHER SERVICE QUAD CITIES IA IL
409 AM CDT MON MAY 25 2020


...................................

...THE CEDAR RAPIDS IA CLIMATE SUMMARY FOR MAY 24 2020...

CLIMATE NORMAL PERIOD 1981 TO 2010
CLIMATE RECORD PERIOD 1891 TO 2020


WEATHER ITEM   OBSERVED TIME   RECORD YEAR NORMAL DEPARTURE LAST
                VALUE   (LST)  VALUE       VALUE  FROM      YEAR
                                                  NORMAL
..................................................................
TEMPERATURE (F)
 YESTERDAY
  MAXIMUM         81    241 PM  99    1921  74      7       80
  MINIMUM         54    352 AM  34    1925  52      2       54
                                      1917
  AVERAGE         68                        63      5       67

PRECIPITATION (IN)
  YESTERDAY        0.00          1.21 1996   0.14  -0.14     0.90
  MONTH TO DATE    1.91                      3.18  -1.27     5.25
  SINCE MAR 1      6.06                      8.33  -2.27    10.78
  SINCE JAN 1      8.02                     10.47  -2.45    13.49

DEGREE DAYS
 HEATING
  YESTERDAY        0                         4     -4        0
  MONTH TO DATE  248                       169     79      253
  SINCE MAR 1   1549                      1531     18     1741
  SINCE JUL 1   6666                      6814   -148     7278

 COOLING
  YESTERDAY        3                         2      1        2
  MONTH TO DATE    3                        25    -22       10
  SINCE MAR 1      3                        32    -29       11
  SINCE JAN 1      3                        32    -29       11
..................................................................


WIND (MPH)
  HIGHEST WIND SPEED    25   HIGHEST WIND DIRECTION    SW (230)
  HIGHEST GUST SPEED    31   HIGHEST GUST DIRECTION    SW (220)
  AVERAGE WIND SPEED     8.1


SKY COVER
  POSSIBLE SUNSHINE  MM
  AVERAGE SKY COVER 0.2


WEATHER CONDITIONS
 THE FOLLOWING WEATHER WAS RECORDED YESTERDAY.
  FOG


RELATIVE HUMIDITY (PERCENT)
 HIGHEST   100          1200 AM
 LOWEST     58           300 PM
 AVERAGE    79

..........................................................


THE CEDAR RAPIDS IA CLIMATE NORMALS FOR TODAY
                         NORMAL    RECORD    YEAR
 MAXIMUM TEMPERATURE (F)   74        94      1967
 MINIMUM TEMPERATURE (F)   52        28      1925


SUNRISE AND SUNSET
MAY 25 2020...........SUNRISE   538 AM CDT   SUNSET   830 PM CDT
MAY 26 2020...........SUNRISE   537 AM CDT   SUNSET   831 PM CDT


-  INDICATES NEGATIVE NUMBERS.
R  INDICATES RECORD WAS SET OR TIED.
MM INDICATES DATA IS MISSING.
T  INDICATES TRACE AMOUNT.




$$
