000
CDUS43 KDVN 190903
CLICID


CLIMATE REPORT
NATIONAL WEATHER SERVICE QUAD CITIES IA IL
402 AM CDT WED SEP 19 2018


...................................

...THE CEDAR RAPIDS IA CLIMATE SUMMARY FOR SEPTEMBER 18 2018...

CLIMATE NORMAL PERIOD 1981 TO 2010
CLIMATE RECORD PERIOD 1891 TO 2018


WEATHER ITEM   OBSERVED TIME   RECORD YEAR NORMAL DEPARTURE LAST
                VALUE   (LST)  VALUE       VALUE  FROM      YEAR
                                                  NORMAL
..................................................................
TEMPERATURE (F)
 YESTERDAY
  MAXIMUM         72    834 AM  94    1972  74     -2       77
  MINIMUM         62   1101 PM  32    1929  50     12       48
  AVERAGE         67                        62      5       63

PRECIPITATION (IN)
  YESTERDAY        1.10          1.88 2015   0.11   0.99     0.03
  MONTH TO DATE    4.54                      1.98   2.56     0.24
  SINCE SEP 1      4.54                      1.98   2.56     0.24
  SINCE JAN 1     30.83                     27.28   3.55    20.26

DEGREE DAYS
 HEATING
  YESTERDAY        0                         5     -5        2
  MONTH TO DATE    8                        52    -44       37
  SINCE SEP 1      8                        52    -44       37
  SINCE JUL 1     10                        71    -61       48

 COOLING
  YESTERDAY        2                         2      0        0
  MONTH TO DATE  113                        57     56       40
  SINCE SEP 1    113                        57     56       40
  SINCE JAN 1   1002                       725    277      639
..................................................................


WIND (MPH)
  HIGHEST WIND SPEED    37   HIGHEST WIND DIRECTION     N (20)
  HIGHEST GUST SPEED    50   HIGHEST GUST DIRECTION    NE (30)
  AVERAGE WIND SPEED     8.5


SKY COVER
  POSSIBLE SUNSHINE  MM
  AVERAGE SKY COVER 0.3


WEATHER CONDITIONS
 THE FOLLOWING WEATHER WAS RECORDED YESTERDAY.
  THUNDERSTORM
  HEAVY RAIN
  RAIN
  LIGHT RAIN
  FOG


RELATIVE HUMIDITY (PERCENT)
 HIGHEST   100           200 AM
 LOWEST     84          1200 AM
 AVERAGE    92

..........................................................


THE CEDAR RAPIDS IA CLIMATE NORMALS FOR TODAY
                         NORMAL    RECORD    YEAR
 MAXIMUM TEMPERATURE (F)   73        98      1925
 MINIMUM TEMPERATURE (F)   50        33      1991


SUNRISE AND SUNSET
SEPTEMBER 19 2018.....SUNRISE   651 AM CDT   SUNSET   709 PM CDT
SEPTEMBER 20 2018.....SUNRISE   652 AM CDT   SUNSET   707 PM CDT


-  INDICATES NEGATIVE NUMBERS.
R  INDICATES RECORD WAS SET OR TIED.
MM INDICATES DATA IS MISSING.
T  INDICATES TRACE AMOUNT.




$$
