000
CDUS41 KRLX 280740
CLICKB

CLIMATE REPORT
NATIONAL WEATHER SERVICE CHARLESTON WV
340 AM EDT THU MAY 28 2020

...................................

...THE CLARKSBURG WV CLIMATE SUMMARY FOR MAY 27 2020...

CLIMATE NORMAL PERIOD: 1981 TO 2010
CLIMATE RECORD PERIOD: 1922 TO 2020


WEATHER ITEM   OBSERVED TIME   RECORD YEAR NORMAL DEPARTURE LAST
                VALUE   (LST)  VALUE       VALUE  FROM      YEAR
                                                  NORMAL
...................................................................
TEMPERATURE (F)
 YESTERDAY
  MAXIMUM         86   2:24 PM  96    1939  75     11       83
  MINIMUM         70  11:59 PM  33    1925  54     16       66
  AVERAGE         78                        64     14       75

PRECIPITATION (IN)
  YESTERDAY        T             1.63 1994   0.16  -0.16     0.01
  MONTH TO DATE    4.09                      3.73   0.36     3.39
  SINCE MAR 1     13.42                     11.32   2.10     8.92
  SINCE JAN 1     21.57                     17.91   3.66    17.52

DEGREE DAYS
 HEATING
  YESTERDAY        0                         3     -3        0
  MONTH TO DATE  205                       148     57       60
  SINCE MAR 1   1058                      1249   -191      950
  SINCE JUL 1   4161                      5210  -1049     4366

 COOLING
  YESTERDAY       13                         2     11       10
  MONTH TO DATE   81                        35     46      121
  SINCE MAR 1     97                        44     53      146
  SINCE JAN 1    100                        44     56      146
...................................................................


WIND (MPH)
  HIGHEST WIND SPEED    13   HIGHEST WIND DIRECTION     E (110)
  HIGHEST GUST SPEED    18   HIGHEST GUST DIRECTION     E (110)
  AVERAGE WIND SPEED     5.2


SKY COVER
  AVERAGE SKY COVER 0.2


WEATHER CONDITIONS
THE FOLLOWING WEATHER WAS RECORDED YESTERDAY.
  NO SIGNIFICANT WEATHER WAS OBSERVED.


RELATIVE HUMIDITY (PERCENT)
 HIGHEST    64
 LOWEST     43
 AVERAGE    54

..........................................................


THE CLARKSBURG WV CLIMATE NORMALS FOR TODAY
                         NORMAL    RECORD    YEAR
 MAXIMUM TEMPERATURE (F)   76        92      1939
 MINIMUM TEMPERATURE (F)   54        36      1994


SUNRISE AND SUNSET
MAY 28 2020...........SUNRISE   5:58 AM EDT   SUNSET   8:39 PM EDT
MAY 29 2020...........SUNRISE   5:57 AM EDT   SUNSET   8:40 PM EDT


-  INDICATES NEGATIVE NUMBERS.
R  INDICATES RECORD WAS SET OR TIED.
MM INDICATES DATA IS MISSING.
T  INDICATES TRACE AMOUNT.




$$
