000
CDUS41 KRLX 222124
CLICKB

CLIMATE REPORT
NATIONAL WEATHER SERVICE CHARLESTON WV
524 PM EDT THU OCT 22 2020

...................................

...THE CLARKSBURG WV CLIMATE SUMMARY FOR OCTOBER 22 2020...
VALID TODAY AS OF 0500 PM LOCAL TIME.

CLIMATE NORMAL PERIOD: 1981 TO 2010
CLIMATE RECORD PERIOD: 1922 TO 2020


WEATHER ITEM   OBSERVED TIME   RECORD YEAR NORMAL DEPARTURE LAST
                VALUE   (LST)  VALUE       VALUE  FROM      YEAR
                                                  NORMAL
...................................................................
TEMPERATURE (F)
 TODAY
  MAXIMUM         81   3:44 PM  82    1979  63     18       69
  MINIMUM         47   6:43 AM  14    1930  40      7       50
  AVERAGE         64                        52     12       60

PRECIPITATION (IN)
  TODAY            0.00          1.06 1970   0.11  -0.11     0.30
  MONTH TO DATE    1.04                      2.22  -1.18     1.91
  SINCE SEP 1      2.90                      5.69  -2.79     2.47
  SINCE JAN 1     38.73                     37.96   0.77    33.98

DEGREE DAYS
 HEATING
  TODAY            1                        14    -13        5
  MONTH TO DATE  185                       232    -47      112
  SINCE SEP 1    275                       321    -46      112
  SINCE JUL 1    275                       328    -53      112

 COOLING
  TODAY            0                         0      0        0
  MONTH TO DATE    4                         6     -2       51
  SINCE SEP 1    100                        80     20      294
  SINCE JAN 1   1204                       742    462     1331
...................................................................


WIND (MPH)
  HIGHEST WIND SPEED    12   HIGHEST WIND DIRECTION    SW (230)
  HIGHEST GUST SPEED    14   HIGHEST GUST DIRECTION     W (260)
  AVERAGE WIND SPEED     2.1


SKY COVER
  AVERAGE SKY COVER 0.2


WEATHER CONDITIONS
THE FOLLOWING WEATHER WAS RECORDED TODAY.
  FOG
  FOG W/VISIBILITY <= 1/4 MILE
  HAZE


RELATIVE HUMIDITY (PERCENT)
 HIGHEST   100
 LOWEST     39
 AVERAGE    70

..........................................................


THE CLARKSBURG WV CLIMATE NORMALS FOR TOMORROW
                         NORMAL    RECORD    YEAR
 MAXIMUM TEMPERATURE (F)   63        82      1947
 MINIMUM TEMPERATURE (F)   40        20      1952


SUNRISE AND SUNSET
OCTOBER 22 2020.......SUNRISE   7:39 AM EDT   SUNSET   6:32 PM EDT
OCTOBER 23 2020.......SUNRISE   7:40 AM EDT   SUNSET   6:30 PM EDT


-  INDICATES NEGATIVE NUMBERS.
R  INDICATES RECORD WAS SET OR TIED.
MM INDICATES DATA IS MISSING.
T  INDICATES TRACE AMOUNT.




$$
