000
CDUS41 KRLX 162218
CLICKB


CLIMATE REPORT
NATIONAL WEATHER SERVICE CHARLESTON WV
518 PM EST SUN DEC 16 2018


...................................

...THE CLARKSBURG WV CLIMATE SUMMARY FOR DECEMBER 16 2018...
VALID TODAY AS OF 0500 PM LOCAL TIME.

CLIMATE NORMAL PERIOD 1981 TO 2010
CLIMATE RECORD PERIOD 1922 TO 2018


WEATHER ITEM   OBSERVED TIME   RECORD YEAR NORMAL DEPARTURE LAST
                VALUE   (LST)  VALUE       VALUE  FROM      YEAR
                                                  NORMAL
..................................................................
TEMPERATURE (F)
 TODAY
  MAXIMUM         51    121 AM  74    1971  43      8       47
  MINIMUM         43    359 PM  -6    1932  26     17       30
  AVERAGE         47                        34     13       39

PRECIPITATION (IN)
  TODAY            0.15          1.28 1948   0.08   0.07      T
  MONTH TO DATE    1.83                      1.57   0.26     0.46
  SINCE DEC 1      1.83                      1.57   0.26     0.46
  SINCE JAN 1     54.39                     44.29  10.10    52.26

DEGREE DAYS
 HEATING
  TODAY           18                        31    -13       26
  MONTH TO DATE  408                       459    -51      463
  SINCE DEC 1    408                       459    -51      463
  SINCE JUL 1   1401                      1551   -150     1389

 COOLING
  TODAY            0                         0      0        0
  MONTH TO DATE    0                         0      0        0
  SINCE DEC 1      0                         0      0        0
  SINCE JAN 1   1438                       744    694      808
..................................................................


WIND (MPH)
  HIGHEST WIND SPEED    14   HIGHEST WIND DIRECTION    NW (300)
  HIGHEST GUST SPEED    17   HIGHEST GUST DIRECTION    NW (300)
  AVERAGE WIND SPEED     7.3


SKY COVER
  POSSIBLE SUNSHINE  MM
  AVERAGE SKY COVER 1.0


WEATHER CONDITIONS
 THE FOLLOWING WEATHER WAS RECORDED TODAY.
  LIGHT RAIN
  FOG
  HAZE


RELATIVE HUMIDITY (PERCENT)
 HIGHEST    92          1000 AM
 LOWEST     80           200 AM
 AVERAGE    86

..........................................................


THE CLARKSBURG WV CLIMATE NORMALS FOR TOMORROW
                         NORMAL    RECORD    YEAR
 MAXIMUM TEMPERATURE (F)   43        68      1924
 MINIMUM TEMPERATURE (F)   25        -3      1932


SUNRISE AND SUNSET
DECEMBER 16 2018......SUNRISE   734 AM EST   SUNSET   459 PM EST
DECEMBER 17 2018......SUNRISE   735 AM EST   SUNSET   459 PM EST


-  INDICATES NEGATIVE NUMBERS.
R  INDICATES RECORD WAS SET OR TIED.
MM INDICATES DATA IS MISSING.
T  INDICATES TRACE AMOUNT.




$$
