538
CDUS41 KRLX 242117
CLICKB


CLIMATE REPORT
NATIONAL WEATHER SERVICE CHARLESTON WV
517 PM EDT SUN JUN 24 2018


...................................

...THE CLARKSBURG WV CLIMATE SUMMARY FOR JUNE 24 2018...
VALID TODAY AS OF 0500 PM LOCAL TIME.

CLIMATE NORMAL PERIOD 1981 TO 2010
CLIMATE RECORD PERIOD 1922 TO 2018


WEATHER ITEM   OBSERVED TIME   RECORD YEAR NORMAL DEPARTURE LAST
                VALUE   (LST)  VALUE       VALUE  FROM      YEAR
                                                  NORMAL
..................................................................
TEMPERATURE (F)
 TODAY
  MAXIMUM         83    356 PM  97    1923  82      1       79
  MINIMUM         67    525 AM  45    1961  60      7       60
                                      1932
  AVERAGE         75                        71      4       70

PRECIPITATION (IN)
  TODAY            T             1.56 1929   0.13  -0.13     0.03
  MONTH TO DATE    3.93                      3.44   0.49     6.56
  SINCE JUN 1      3.93                      3.44   0.49     6.56
  SINCE JAN 1     27.74                     22.03   5.71    30.01

DEGREE DAYS
 HEATING
  TODAY            0                         0      0        0
  MONTH TO DATE   16                        21     -5       13
  SINCE JUN 1     16                        21     -5       13
  SINCE JUL 1   4933                      5240   -307     4255

 COOLING
  TODAY           10                         7      3        5
  MONTH TO DATE  195                       115     80      132
  SINCE JUN 1    195                       115     80      132
  SINCE JAN 1    421                       170    251      215
..................................................................


WIND (MPH)
  HIGHEST WIND SPEED    17   HIGHEST WIND DIRECTION     W (290)
  HIGHEST GUST SPEED    23   HIGHEST GUST DIRECTION     W (280)
  AVERAGE WIND SPEED     5.1


SKY COVER
  POSSIBLE SUNSHINE  MM
  AVERAGE SKY COVER 0.6


WEATHER CONDITIONS
 THE FOLLOWING WEATHER WAS RECORDED TODAY.
  LIGHT RAIN


RELATIVE HUMIDITY (PERCENT)
 HIGHEST    93           300 AM
 LOWEST     55           300 PM
 AVERAGE    74

..........................................................


THE CLARKSBURG WV CLIMATE NORMALS FOR TOMORROW
                         NORMAL    RECORD    YEAR
 MAXIMUM TEMPERATURE (F)   82        96      1930
 MINIMUM TEMPERATURE (F)   61        45      1979
                                             1965
                                             1961


SUNRISE AND SUNSET
JUNE 24 2018..........SUNRISE   555 AM EDT   SUNSET   851 PM EDT
JUNE 25 2018..........SUNRISE   556 AM EDT   SUNSET   851 PM EDT


-  INDICATES NEGATIVE NUMBERS.
R  INDICATES RECORD WAS SET OR TIED.
MM INDICATES DATA IS MISSING.
T  INDICATES TRACE AMOUNT.




$$
