000
CDUS41 KRLX 230735
CLICKB


CLIMATE REPORT
NATIONAL WEATHER SERVICE CHARLESTON WV
335 AM EDT SUN SEP 23 2018


...................................

...THE CLARKSBURG WV CLIMATE SUMMARY FOR SEPTEMBER 22 2018...

CLIMATE NORMAL PERIOD 1981 TO 2010
CLIMATE RECORD PERIOD 1922 TO 2018


WEATHER ITEM   OBSERVED TIME   RECORD YEAR NORMAL DEPARTURE LAST
                VALUE   (LST)  VALUE       VALUE  FROM      YEAR
                                                  NORMAL
..................................................................
TEMPERATURE (F)
 YESTERDAY
  MAXIMUM         76   1224 AM  93    1931  73      3       85
  MINIMUM         59   1159 PM  31    1956  51      8       56
  AVERAGE         68                        62      6       71

PRECIPITATION (IN)
  YESTERDAY        T             1.54 1979   0.11  -0.11     0.00
  MONTH TO DATE    6.34                      2.61   3.73     1.37
  SINCE JAN 1     42.64                     34.88   7.76    44.35

SNOWFALL (IN)
  YESTERDAY        0.0           0.0  2017  MM
  SNOW DEPTH       0

DEGREE DAYS
 HEATING
  YESTERDAY        0                         4     -4        0
  MONTH TO DATE    2                        43    -41       54
  SINCE SEP 1      2                        43    -41       54
  SINCE JUL 1      2                        50    -48       59

 COOLING
  YESTERDAY        3                         1      2        6
  MONTH TO DATE  217                        67    150       55
  SINCE SEP 1    217                        67    150       55
  SINCE JAN 1   1337                       729    608      715
..................................................................


WIND (MPH)
  HIGHEST WIND SPEED    18   HIGHEST WIND DIRECTION     N (10)
  HIGHEST GUST SPEED    23   HIGHEST GUST DIRECTION     N (10)
  AVERAGE WIND SPEED     8.4


SKY COVER
  AVERAGE SKY COVER 0.5


WEATHER CONDITIONS
 THE FOLLOWING WEATHER WAS RECORDED YESTERDAY.
  NO SIGNIFICANT WEATHER WAS OBSERVED.


RELATIVE HUMIDITY (PERCENT)
 HIGHEST    80          1100 PM
 LOWEST     57           100 PM
 AVERAGE    69

..........................................................


THE CLARKSBURG WV CLIMATE NORMALS FOR TODAY
                         NORMAL    RECORD    YEAR
 MAXIMUM TEMPERATURE (F)   73        94      1931
 MINIMUM TEMPERATURE (F)   51        33      1963


SUNRISE AND SUNSET
SEPTEMBER 23 2018.....SUNRISE   709 AM EDT   SUNSET   716 PM EDT
SEPTEMBER 24 2018.....SUNRISE   710 AM EDT   SUNSET   715 PM EDT


-  INDICATES NEGATIVE NUMBERS.
R  INDICATES RECORD WAS SET OR TIED.
MM INDICATES DATA IS MISSING.
T  INDICATES TRACE AMOUNT.




$$
