000
CDUS41 KRLX 210718
CLICKB


CLIMATE REPORT
NATIONAL WEATHER SERVICE CHARLESTON WV
317 AM EDT MON OCT 21 2019


...................................

...THE CLARKSBURG WV CLIMATE SUMMARY FOR OCTOBER 20 2019...

CLIMATE NORMAL PERIOD 1981 TO 2010
CLIMATE RECORD PERIOD 1922 TO 2019


WEATHER ITEM   OBSERVED TIME   RECORD YEAR NORMAL DEPARTURE LAST
                VALUE   (LST)  VALUE       VALUE  FROM      YEAR
                                                  NORMAL
..................................................................
TEMPERATURE (F)
 YESTERDAY
  MAXIMUM         72    336 PM  83    2016  64      8       60
  MINIMUM         50   1152 PM  18    1930  41      9       43
  AVERAGE         61                        52      9       52

PRECIPITATION (IN)
  YESTERDAY        0.12          0.84 1984   0.10   0.02     0.28
  MONTH TO DATE    1.61                      2.01  -0.40     2.23
  SINCE JAN 1     33.68                     37.75  -4.07    48.03

DEGREE DAYS
 HEATING
  YESTERDAY        4                        13     -9       13
  MONTH TO DATE  107                       205    -98      131
  SINCE SEP 1    107                       294   -187      138
  SINCE JUL 1    107                       301   -194      138

 COOLING
  YESTERDAY        0                         0      0        0
  MONTH TO DATE   51                         6     45       87
  SINCE SEP 1    294                        80    214      314
  SINCE JAN 1   1331                       742    589     1434
..................................................................


WIND (MPH)
  HIGHEST WIND SPEED     9   HIGHEST WIND DIRECTION    SE (120)
  HIGHEST GUST SPEED    12   HIGHEST GUST DIRECTION    SE (120)
  AVERAGE WIND SPEED     1.2


SKY COVER
  AVERAGE SKY COVER 0.7


WEATHER CONDITIONS
 THE FOLLOWING WEATHER WAS RECORDED YESTERDAY.
  LIGHT RAIN
  FOG
  FOG W/VISIBILITY <= 1/4 MILE
  HAZE


RELATIVE HUMIDITY (PERCENT)
 HIGHEST    89           400 AM
 LOWEST     51           500 PM
 AVERAGE    70

..........................................................


THE CLARKSBURG WV CLIMATE NORMALS FOR TODAY
                         NORMAL    RECORD    YEAR
 MAXIMUM TEMPERATURE (F)   63        82      1953
 MINIMUM TEMPERATURE (F)   40        16      1952


SUNRISE AND SUNSET
OCTOBER 21 2019.......SUNRISE   737 AM EDT   SUNSET   634 PM EDT
OCTOBER 22 2019.......SUNRISE   738 AM EDT   SUNSET   633 PM EDT


-  INDICATES NEGATIVE NUMBERS.
R  INDICATES RECORD WAS SET OR TIED.
MM INDICATES DATA IS MISSING.
T  INDICATES TRACE AMOUNT.




$$
