783
CDUS41 KCLE 160615
CLICLE


CLIMATE REPORT
NATIONAL WEATHER SERVICE CLEVELAND OH
215 AM EDT WED OCT 16 2019


...................................

...THE CLEVELAND OH CLIMATE SUMMARY FOR OCTOBER 15 2019...

CLIMATE NORMAL PERIOD 1981 TO 2010
CLIMATE RECORD PERIOD 1871 TO 2019


WEATHER ITEM   OBSERVED TIME   RECORD YEAR NORMAL DEPARTURE LAST
                VALUE   (LST)  VALUE       VALUE  FROM      YEAR
                                                  NORMAL
..................................................................
TEMPERATURE (F)
 YESTERDAY
  MAXIMUM         71    345 PM  86    1947  63      8       57
  MINIMUM         36    500 AM  29    1876  46    -10       44
  AVERAGE         54                        54      0       51

PRECIPITATION (IN)
  YESTERDAY        0.00                      0.10  -0.10      T
  MONTH TO DATE    0.45                      1.56  -1.11     1.57
  SINCE SEP 1      1.73                      5.37  -3.64     5.91
  SINCE JAN 1     32.56                     30.91   1.65    40.94

SNOWFALL (IN)
  YESTERDAY        0.0                       0.0    0.0      0.0
  MONTH TO DATE    0.0                       0.0    0.0      0.0
  SINCE SEP 1      0.0                       0.0    0.0      0.0
  SINCE JUL 1      0.0                       0.0    0.0      0.0
  SNOW DEPTH       0

DEGREE DAYS
 HEATING
  YESTERDAY       11                        11      0       14
  MONTH TO DATE   83                       138    -55       72
  SINCE SEP 1     89                       229   -140      106
  SINCE JUL 1     89                       241   -152      106

 COOLING
  YESTERDAY        0                         0      0        0
  MONTH TO DATE   42                        10     32       67
  SINCE SEP 1    241                        99    142      279
  SINCE JAN 1   1095                       814    281     1284
..................................................................


WIND (MPH)
  HIGHEST WIND SPEED    21   HIGHEST WIND DIRECTION     S (170)
  HIGHEST GUST SPEED    26   HIGHEST GUST DIRECTION     S (160)
  AVERAGE WIND SPEED     8.9


SKY COVER
  POSSIBLE SUNSHINE  MM
  AVERAGE SKY COVER 0.3


WEATHER CONDITIONS
 THE FOLLOWING WEATHER WAS RECORDED YESTERDAY.
  NO SIGNIFICANT WEATHER WAS OBSERVED.


RELATIVE HUMIDITY (PERCENT)
 HIGHEST    85           100 AM
 LOWEST     28           400 PM
 AVERAGE    57

..........................................................


THE CLEVELAND OH CLIMATE NORMALS FOR TODAY
                         NORMAL    RECORD    YEAR
 MAXIMUM TEMPERATURE (F)   62        83      1962
 MINIMUM TEMPERATURE (F)   45        29      1944
                                             1876


SUNRISE AND SUNSET
OCTOBER 16 2019.......SUNRISE   740 AM EDT   SUNSET   645 PM EDT
OCTOBER 17 2019.......SUNRISE   741 AM EDT   SUNSET   644 PM EDT


-  INDICATES NEGATIVE NUMBERS.
R  INDICATES RECORD WAS SET OR TIED.
MM INDICATES DATA IS MISSING.
T  INDICATES TRACE AMOUNT.




$$
