000
CDUS41 KCLE 190533
CLICLE

CLIMATE REPORT
NATIONAL WEATHER SERVICE CLEVELAND, OH
133 AM EDT MON OCT 19 2020

...................................

...THE CLEVELAND OH CLIMATE SUMMARY FOR OCTOBER 18 2020...

CLIMATE NORMAL PERIOD 1981 TO 2010
CLIMATE RECORD PERIOD 1871 TO 2020


WEATHER ITEM   OBSERVED TIME   RECORD YEAR NORMAL DEPARTURE LAST
                VALUE   (LST)  VALUE       VALUE  FROM      YEAR
                                                  NORMAL
...................................................................
TEMPERATURE (F)
 YESTERDAY
  MAXIMUM         54    940 PM  84    1950  62     -8       57
  MINIMUM         48    135 PM  28    1876  45      3       41
  AVERAGE         51                        53     -2       49

PRECIPITATION (IN)
  YESTERDAY        0.10                      0.09   0.01     0.00
  MONTH TO DATE    1.75                      1.83  -0.08     1.18
  SINCE SEP 1      7.54                      5.64   1.90     2.46
  SINCE JAN 1     42.05                     31.18  10.87    33.29

SNOWFALL (IN)
  YESTERDAY        0.0                       0.0    0.0      0.0
  MONTH TO DATE    0.0                       0.0    0.0      0.0
  SINCE SEP 1      0.0                       0.0    0.0      0.0
  SINCE JUL 1      0.0                       0.0    0.0      0.0
  SNOW DEPTH       0

DEGREE DAYS
 HEATING
  YESTERDAY       14                        12      2       16
  MONTH TO DATE  173                       173      0      123
  SINCE SEP 1    260                       264     -4      129
  SINCE JUL 1    262                       276    -14      129

 COOLING
  YESTERDAY        0                         0      0        0
  MONTH TO DATE    3                        10     -7       42
  SINCE SEP 1     77                        99    -22      241
  SINCE JAN 1    904                       814     90     1095
...................................................................


WIND (MPH)
  HIGHEST WIND SPEED    20   HIGHEST WIND DIRECTION     S (180)
  HIGHEST GUST SPEED    27   HIGHEST GUST DIRECTION     S (170)
  AVERAGE WIND SPEED    12.3


SKY COVER
  POSSIBLE SUNSHINE  MM
  AVERAGE SKY COVER 0.9


WEATHER CONDITIONS
THE FOLLOWING WEATHER WAS RECORDED YESTERDAY.
  LIGHT RAIN
  FOG


RELATIVE HUMIDITY (PERCENT)
 HIGHEST    86           200 PM
 LOWEST     36           400 AM
 AVERAGE    61

..........................................................


THE CLEVELAND OH CLIMATE NORMALS FOR TODAY
                         NORMAL    RECORD    YEAR
 MAXIMUM TEMPERATURE (F)   61        84      1953
 MINIMUM TEMPERATURE (F)   44        29      1986


SUNRISE AND SUNSET
OCTOBER 19 2020.......SUNRISE   744 AM EDT   SUNSET   640 PM EDT
OCTOBER 20 2020.......SUNRISE   745 AM EDT   SUNSET   638 PM EDT


-  INDICATES NEGATIVE NUMBERS.
R  INDICATES RECORD WAS SET OR TIED.
MM INDICATES DATA IS MISSING.
T  INDICATES TRACE AMOUNT.




$$
