000
CDUS42 KGSP 242044
CLICLT

CLIMATE REPORT
NATIONAL WEATHER SERVICE GREENVILLE-SPARTANBURG SC
442 PM EDT SUN MAY 24 2020


...................................

...THE CHARLOTTE NC CLIMATE SUMMARY FOR MAY 24 2020...
VALID TODAY AS OF 0430 PM LOCAL TIME.

CLIMATE NORMAL PERIOD 1981 TO 2010
CLIMATE RECORD PERIOD 1878 TO 2020


WEATHER ITEM   OBSERVED TIME   RECORD YEAR NORMAL DEPARTURE LAST
                VALUE   (LST)  VALUE       VALUE  FROM      YEAR
                                                  NORMAL
..................................................................
TEMPERATURE (F)
 TODAY
  MAXIMUM         91    114 PM  95    1939  81     10       94
                                      1903
  MINIMUM         67    601 AM  43    1931  58      9       66
  AVERAGE         79                        70      9       80

PRECIPITATION (IN)
  TODAY            0.03          1.03 2009   0.11  -0.08     0.00
  MONTH TO DATE    4.49                      2.38   2.11     2.48
  SINCE MAR 1     15.25                      9.43   5.82    10.94
  SINCE JAN 1     25.82                     16.16   9.66    21.48

SNOWFALL (IN)
  TODAY            0.0           0.0    MM   0.0    0.0      0.0
  MONTH TO DATE    0.0                       0.0    0.0      0.0
  SINCE MAR 1      0.0                       0.6   -0.6      0.1
  SINCE JUL 1      0.3                       4.3   -4.0      3.0
  SNOW DEPTH       0

DEGREE DAYS
 HEATING
  TODAY            0                         1     -1        0
  MONTH TO DATE  100                        48     52       12
  SINCE MAR 1    506                       681   -175      570
  SINCE JUL 1   2600                      3380   -780     2866

 COOLING
  TODAY           14                         5      9       15
  MONTH TO DATE   67                        81    -14      196
  SINCE MAR 1    154                       118     36      263
  SINCE JAN 1    155                       118     37      270
..................................................................


WIND (MPH)
  HIGHEST WIND SPEED    18   HIGHEST WIND DIRECTION    SE (150)
  HIGHEST GUST SPEED    24   HIGHEST GUST DIRECTION     S (160)
  AVERAGE WIND SPEED     2.5


SKY COVER
  POSSIBLE SUNSHINE  MM
  AVERAGE SKY COVER 0.4


WEATHER CONDITIONS
 THE FOLLOWING WEATHER WAS RECORDED TODAY.
  THUNDERSTORM
  LIGHT RAIN
  FOG


RELATIVE HUMIDITY (PERCENT)
 HIGHEST    93           600 AM
 LOWEST     46           100 PM
 AVERAGE    70

..........................................................


THE CHARLOTTE NC CLIMATE NORMALS FOR TOMORROW
                         NORMAL    RECORD    YEAR
 MAXIMUM TEMPERATURE (F)   81        95      2019
                                             1953
                                             1926
 MINIMUM TEMPERATURE (F)   59        41      2013


SUNRISE AND SUNSET
MAY 24 2020...........SUNRISE   614 AM EDT   SUNSET   828 PM EDT
MAY 25 2020...........SUNRISE   613 AM EDT   SUNSET   829 PM EDT


-  INDICATES NEGATIVE NUMBERS.
R  INDICATES RECORD WAS SET OR TIED.
MM INDICATES DATA IS MISSING.
T  INDICATES TRACE AMOUNT.




$$
