000
CDUS42 KGSP 302040
CLICLT

CLIMATE REPORT
NATIONAL WEATHER SERVICE GREENVILLE-SPARTANBURG SC
440 PM EDT FRI OCT 30 2020

...................................

...THE CHARLOTTE NC CLIMATE SUMMARY FOR OCTOBER 30 2020...
VALID TODAY AS OF 0400 PM LOCAL TIME.

CLIMATE NORMAL PERIOD 1981 TO 2010
CLIMATE RECORD PERIOD 1878 TO 2020


WEATHER ITEM   OBSERVED TIME   RECORD YEAR NORMAL DEPARTURE LAST
                VALUE   (LST)  VALUE       VALUE  FROM      YEAR
                                                  NORMAL
...................................................................
TEMPERATURE (F)
 TODAY
  MAXIMUM         68    209 PM  84    1950  68      0       72
                                      1961
                                      1996
  MINIMUM         58    717 AM  26    1952  44     14       64
                                      1965
  AVERAGE         63                        56      7       68

PRECIPITATION (IN)
  TODAY            0.00          2.51 1970   0.10  -0.10     0.76
  MONTH TO DATE    6.56                      3.30   3.26     4.78
  SINCE SEP 1     11.02                      6.54   4.48     4.97
  SINCE JAN 1     49.15                     35.14  14.01    44.11

SNOWFALL (IN)
  TODAY            0.0           0.0    MM   0.0    0.0      0.0
  MONTH TO DATE    0.0                       0.0    0.0      0.0
  SINCE SEP 1      0.0                       0.0    0.0      0.0
  SINCE JUL 1      0.0                       0.0    0.0       T
  SNOW DEPTH       0

DEGREE DAYS
 HEATING
  TODAY            2                         9     -7        0
  MONTH TO DATE   55                       174   -119       57
  SINCE SEP 1     83                       197   -114       57
  SINCE JUL 1     83                       197   -114       57

 COOLING
  TODAY            0                         0      0        3
  MONTH TO DATE   71                        39     32      126
  SINCE SEP 1    298                       237     61      544
  SINCE JAN 1   1860                      1514    346     2253
...................................................................


WIND (MPH)
  HIGHEST WIND SPEED    20   HIGHEST WIND DIRECTION     N (350)
  HIGHEST GUST SPEED    27   HIGHEST GUST DIRECTION    NW (330)
  AVERAGE WIND SPEED    10.4


SKY COVER
  POSSIBLE SUNSHINE  MM
  AVERAGE SKY COVER 0.2


WEATHER CONDITIONS
THE FOLLOWING WEATHER WAS RECORDED TODAY.
  NO SIGNIFICANT WEATHER WAS OBSERVED.


RELATIVE HUMIDITY (PERCENT)
 HIGHEST    81           500 AM
 LOWEST     36           200 PM
 AVERAGE    59

..........................................................


THE CHARLOTTE NC CLIMATE NORMALS FOR TOMORROW
                         NORMAL    RECORD    YEAR
 MAXIMUM TEMPERATURE (F)   68        85      1950
                                             1961
 MINIMUM TEMPERATURE (F)   44        29      2008


SUNRISE AND SUNSET
OCTOBER 30 2020.......SUNRISE   744 AM EDT   SUNSET   631 PM EDT
OCTOBER 31 2020.......SUNRISE   745 AM EDT   SUNSET   630 PM EDT


-  INDICATES NEGATIVE NUMBERS.
R  INDICATES RECORD WAS SET OR TIED.
MM INDICATES DATA IS MISSING.
T  INDICATES TRACE AMOUNT.




$$
