000
CDUS42 KGSP 252038
CLICLT

CLIMATE REPORT
NATIONAL WEATHER SERVICE GREENVILLE-SPARTANBURG SC
435 PM EDT FRI MAY 25 2018


...................................

...THE CHARLOTTE NC CLIMATE SUMMARY FOR MAY 25 2018...
VALID TODAY AS OF 0430 PM LOCAL TIME.

CLIMATE NORMAL PERIOD 1981 TO 2010
CLIMATE RECORD PERIOD 1878 TO 2018


WEATHER ITEM   OBSERVED TIME   RECORD YEAR NORMAL DEPARTURE LAST
                VALUE   (LST)  VALUE       VALUE  FROM      YEAR
                                                  NORMAL
..................................................................
TEMPERATURE (F)
 TODAY
  MAXIMUM         80    203 PM  95    1953  81     -1       74
                                      1926
  MINIMUM         70    144 AM  41    2013  59     11       58
  AVERAGE         75                        70      5       66

PRECIPITATION (IN)
  TODAY            0.15          2.24 1939   0.11   0.04     0.01
  MONTH TO DATE    1.77                      2.49  -0.72     5.30
  SINCE MAR 1     11.01                      9.54   1.47    13.55
  SINCE JAN 1     16.61                     16.27   0.34    20.46

SNOWFALL (IN)
  TODAY            0.0           0.0    MM   0.0    0.0      0.0
  MONTH TO DATE    0.0                       0.0    0.0      0.0
  SINCE MAR 1      0.2                       0.6   -0.4      1.1
  SINCE JUL 1      4.2                       4.3   -0.1      2.2
  SNOW DEPTH       0

DEGREE DAYS
 HEATING
  TODAY            0                         1     -1        0
  MONTH TO DATE    0                        49    -49       26
  SINCE MAR 1    683                       682      1      494
  SINCE JUL 1   2975                      3381   -406     2392

 COOLING
  TODAY           10                         6      4        1
  MONTH TO DATE  211                        87    124      119
  SINCE MAR 1    227                       124    103      244
  SINCE JAN 1    258                       124    134      249
..................................................................


WIND (MPH)
  HIGHEST WIND SPEED    15   HIGHEST WIND DIRECTION     W (290)
  HIGHEST GUST SPEED    18   HIGHEST GUST DIRECTION     W (280)
  AVERAGE WIND SPEED     6.3


SKY COVER
  POSSIBLE SUNSHINE  MM
  AVERAGE SKY COVER 0.8


WEATHER CONDITIONS
 THE FOLLOWING WEATHER WAS RECORDED TODAY.
  LIGHT RAIN


RELATIVE HUMIDITY (PERCENT)
 HIGHEST   100           100 AM
 LOWEST     74          1000 AM
 AVERAGE    87

..........................................................


THE CHARLOTTE NC CLIMATE NORMALS FOR TOMORROW
                         NORMAL    RECORD    YEAR
 MAXIMUM TEMPERATURE (F)   81        96      1926
 MINIMUM TEMPERATURE (F)   59        45      1979


SUNRISE AND SUNSET
MAY 25 2018...........SUNRISE   613 AM EDT   SUNSET   828 PM EDT
MAY 26 2018...........SUNRISE   613 AM EDT   SUNSET   829 PM EDT


-  INDICATES NEGATIVE NUMBERS.
R  INDICATES RECORD WAS SET OR TIED.
MM INDICATES DATA IS MISSING.
T  INDICATES TRACE AMOUNT.




$$

LEC
