000
CDUS42 KGSP 142037
CLICLT

CLIMATE REPORT
NATIONAL WEATHER SERVICE GREENVILLE-SPARTANBURG SC
435 PM EDT MON OCT 14 2019


...................................

...THE CHARLOTTE NC CLIMATE SUMMARY FOR OCTOBER 14 2019...
VALID TODAY AS OF 0430 PM LOCAL TIME.

CLIMATE NORMAL PERIOD 1981 TO 2010
CLIMATE RECORD PERIOD 1878 TO 2019


WEATHER ITEM   OBSERVED TIME   RECORD YEAR NORMAL DEPARTURE LAST
                VALUE   (LST)  VALUE       VALUE  FROM      YEAR
                                                  NORMAL
..................................................................
TEMPERATURE (F)
 TODAY
  MAXIMUM         78    331 PM  87    1940  72      6       69
  MINIMUM         58    300 AM  32    2006  49      9       55
  AVERAGE         68                        61      7       62

PRECIPITATION (IN)
  TODAY            0.00          2.27 1959   0.11  -0.11     0.01
  MONTH TO DATE    1.08                      1.64  -0.56     2.90
  SINCE SEP 1      1.27                      4.88  -3.61    12.38
  SINCE JAN 1     40.41                     33.48   6.93    43.82

SNOWFALL (IN)
  TODAY            0.0           0.0    MM   0.0    0.0      0.0
  MONTH TO DATE    0.0                       0.0    0.0      0.0
  SINCE SEP 1      0.0                       0.0    0.0      0.0
  SINCE JUL 1      T                         0.0    0.0      0.0
  SNOW DEPTH       0

DEGREE DAYS
 HEATING
  TODAY            0                         5     -5        3
  MONTH TO DATE    0                        54    -54        6
  SINCE SEP 1      0                        77    -77        6
  SINCE JUL 1      0                        77    -77        6

 COOLING
  TODAY            3                         1      2        0
  MONTH TO DATE  109                        27     82      125
  SINCE SEP 1    527                       225    302      549
  SINCE JAN 1   2236                      1502    734     2267
..................................................................


WIND (MPH)
  HIGHEST WIND SPEED     9   HIGHEST WIND DIRECTION    NW (310)
  HIGHEST GUST SPEED    12   HIGHEST GUST DIRECTION    NE (30)
  AVERAGE WIND SPEED     2.4


SKY COVER
  POSSIBLE SUNSHINE  MM
  AVERAGE SKY COVER 0.5


WEATHER CONDITIONS
 THE FOLLOWING WEATHER WAS RECORDED TODAY.
  FOG
  HAZE


RELATIVE HUMIDITY (PERCENT)
 HIGHEST    97           100 AM
 LOWEST     26           300 PM
 AVERAGE    62

..........................................................


THE CHARLOTTE NC CLIMATE NORMALS FOR TOMORROW
                         NORMAL    RECORD    YEAR
 MAXIMUM TEMPERATURE (F)   72        88      1985
 MINIMUM TEMPERATURE (F)   49        30      2006


SUNRISE AND SUNSET
OCTOBER 14 2019.......SUNRISE   729 AM EDT   SUNSET   650 PM EDT
OCTOBER 15 2019.......SUNRISE   730 AM EDT   SUNSET   649 PM EDT


-  INDICATES NEGATIVE NUMBERS.
R  INDICATES RECORD WAS SET OR TIED.
MM INDICATES DATA IS MISSING.
T  INDICATES TRACE AMOUNT.




$$
