000
CDUS42 KGSP 180634
CLICLT

CLIMATE REPORT
NATIONAL WEATHER SERVICE GREENVILLE-SPARTANBURG SC
131 AM EST SUN NOV 18 2018


...................................

...THE CHARLOTTE NC CLIMATE SUMMARY FOR NOVEMBER 17 2018...

CLIMATE NORMAL PERIOD 1981 TO 2010
CLIMATE RECORD PERIOD 1878 TO 2018


WEATHER ITEM   OBSERVED TIME   RECORD YEAR NORMAL DEPARTURE LAST
                VALUE   (LST)  VALUE       VALUE  FROM      YEAR
                                                  NORMAL
..................................................................
TEMPERATURE (F)
 YESTERDAY
  MAXIMUM         62    234 PM  84    1958  62      0       63
  MINIMUM         30    651 AM  20    1883  39     -9       33
  AVERAGE         46                        50     -4       48

PRECIPITATION (IN)
  YESTERDAY        0.00          1.90 1889   0.11  -0.11     0.00
  MONTH TO DATE    5.20                      1.72   3.48     0.72
  SINCE SEP 1     19.96                      8.36  11.60     7.39
  SINCE JAN 1     51.40                     36.96  14.44    42.35

SNOWFALL (IN)
  YESTERDAY        0.0           0.0    MM   0.0    0.0      0.0
  MONTH TO DATE    T                         0.0    0.0      0.0
  SINCE SEP 1      T                         0.0    0.0      0.0
  SINCE JUL 1      T                         0.0    0.0      0.0
  SNOW DEPTH       0

DEGREE DAYS
 HEATING
  YESTERDAY       19                        15      4       17
  MONTH TO DATE  233                       210     23      178
  SINCE SEP 1    390                       416    -26      313
  SINCE JUL 1    390                       416    -26      313

 COOLING
  YESTERDAY        0                         0      0        0
  MONTH TO DATE    0                         0      0        5
  SINCE SEP 1    562                       236    326      344
  SINCE JAN 1   2280                      1513    767     1905
..................................................................


WIND (MPH)
  HIGHEST WIND SPEED    10   HIGHEST WIND DIRECTION     N (20)
  HIGHEST GUST SPEED    16   HIGHEST GUST DIRECTION    NE (50)
  AVERAGE WIND SPEED     3.7


SKY COVER
  POSSIBLE SUNSHINE  MM
  AVERAGE SKY COVER 0.2


WEATHER CONDITIONS
 THE FOLLOWING WEATHER WAS RECORDED YESTERDAY.
  FOG


RELATIVE HUMIDITY (PERCENT)
 HIGHEST   100           500 AM
 LOWEST     36           300 PM
 AVERAGE    68

..........................................................


THE CHARLOTTE NC CLIMATE NORMALS FOR TODAY
                         NORMAL    RECORD    YEAR
 MAXIMUM TEMPERATURE (F)   62        78      2013
                                             1942
 MINIMUM TEMPERATURE (F)   38        20      2014


SUNRISE AND SUNSET
NOVEMBER 18 2018......SUNRISE   702 AM EST   SUNSET   516 PM EST
NOVEMBER 19 2018......SUNRISE   703 AM EST   SUNSET   515 PM EST


-  INDICATES NEGATIVE NUMBERS.
R  INDICATES RECORD WAS SET OR TIED.
MM INDICATES DATA IS MISSING.
T  INDICATES TRACE AMOUNT.




$$
