959
CDUS41 KILN 180537
CLICMH


CLIMATE REPORT
NATIONAL WEATHER SERVICE WILMINGTON OH
137 AM EDT MON JUN 18 2018


...................................

...THE COLUMBUS OH CLIMATE SUMMARY FOR JUNE 17 2018...

CLIMATE NORMAL PERIOD 1981 TO 2010
CLIMATE RECORD PERIOD 1869 TO 2018


WEATHER ITEM   OBSERVED TIME   RECORD YEAR NORMAL DEPARTURE LAST
                VALUE   (LST)  VALUE       VALUE  FROM      YEAR
                                                  NORMAL
..................................................................
TEMPERATURE (F)
 YESTERDAY
  MAXIMUM         92    418 PM  97    1994  82     10       91
                                      1957
                                      1936
  MINIMUM         70    540 AM  44    1980  62      8       69
  AVERAGE         81                        72      9       80

PRECIPITATION (IN)
  YESTERDAY        0.00          1.48 1973   0.14  -0.14     0.00
  MONTH TO DATE    3.22                      2.33   0.89     1.03
  SINCE JUN 1      3.22                      2.33   0.89     1.03
  SINCE JAN 1     23.60                     17.90   5.70    19.71

SNOWFALL (IN)
  YESTERDAY        0.0           0.0    MM   0.0    0.0      0.0
  MONTH TO DATE    0.0                       0.0    0.0      0.0
  SINCE JUN 1      0.0                       0.0    0.0      0.0
  SINCE JUL 1     30.7                      26.7    4.0      9.3
  SNOW DEPTH       0

DEGREE DAYS
 HEATING
  YESTERDAY        0                         0      0        0
  MONTH TO DATE    8                        18    -10        6
  SINCE JUN 1      8                        18    -10        6
  SINCE JUL 1   5200                      5245    -45     4277

 COOLING
  YESTERDAY       16                         8      8       15
  MONTH TO DATE  130                       100     30      140
  SINCE JUN 1    130                       100     30      140
  SINCE JAN 1    369                       182    187      265
..................................................................


WIND (MPH)
  RESULTANT WIND SPEED   3   RESULTANT WIND DIRECTION  SE (150)
  HIGHEST WIND SPEED    15   HIGHEST WIND DIRECTION    SE (140)
  HIGHEST GUST SPEED    18   HIGHEST GUST DIRECTION    SE (140)
  AVERAGE WIND SPEED     4.8


SKY COVER
  POSSIBLE SUNSHINE  MM
  AVERAGE SKY COVER 0.5


WEATHER CONDITIONS
 THE FOLLOWING WEATHER WAS RECORDED YESTERDAY.
  THUNDERSTORM
  FOG


RELATIVE HUMIDITY (PERCENT)
 HIGHEST    97           400 AM
 LOWEST     49           400 PM
 AVERAGE    73

..........................................................


THE COLUMBUS OH CLIMATE NORMALS FOR TODAY
                         NORMAL    RECORD    YEAR
 MAXIMUM TEMPERATURE (F)   83        99      1944
 MINIMUM TEMPERATURE (F)   62        47      1986
                                             1965
                                             1959


SUNRISE AND SUNSET
JUNE 18 2018..........SUNRISE   602 AM EDT   SUNSET   903 PM EDT
JUNE 19 2018..........SUNRISE   603 AM EDT   SUNSET   903 PM EDT


-  INDICATES NEGATIVE NUMBERS.
R  INDICATES RECORD WAS SET OR TIED.
MM INDICATES DATA IS MISSING.
T  INDICATES TRACE AMOUNT.




$$
