000
CDUS41 KILN 180545
CLICMH


CLIMATE REPORT
NATIONAL WEATHER SERVICE WILMINGTON OH
144 AM EDT TUE SEP 18 2018


...................................

...THE COLUMBUS OH CLIMATE SUMMARY FOR SEPTEMBER 17 2018...

CLIMATE NORMAL PERIOD 1981 TO 2010
CLIMATE RECORD PERIOD 1869 TO 2018


WEATHER ITEM   OBSERVED TIME   RECORD YEAR NORMAL DEPARTURE LAST
                VALUE   (LST)  VALUE       VALUE  FROM      YEAR
                                                  NORMAL
..................................................................
TEMPERATURE (F)
 YESTERDAY
  MAXIMUM         76    606 PM  94    1955  77     -1       83
  MINIMUM         68   1159 PM  37    1959  56     12       58
  AVERAGE         72                        66      6       71

PRECIPITATION (IN)
  YESTERDAY        0.53          1.46 1913   0.08   0.45     0.00
  MONTH TO DATE    4.61                      1.66   2.95     2.58
  SINCE SEP 1      4.61                      1.66   2.95     2.58
  SINCE JAN 1     41.35                     29.35  12.00    36.61

SNOWFALL (IN)
  YESTERDAY        0.0          MM      MM   0.0    0.0      0.0
  MONTH TO DATE    0.0                       0.0    0.0      0.0
  SINCE SEP 1      0.0                       0.0    0.0      0.0
  SINCE JUL 1      0.0                       0.0    0.0      0.0
  SNOW DEPTH       0

DEGREE DAYS
 HEATING
  YESTERDAY        0                         2     -2        0
  MONTH TO DATE    6                        18    -12       42
  SINCE SEP 1      6                        18    -12       42
  SINCE JUL 1      6                        18    -12       42

 COOLING
  YESTERDAY        7                         3      4        6
  MONTH TO DATE  170                        91     79       28
  SINCE SEP 1    170                        91     79       28
  SINCE JAN 1   1384                       980    404      937
..................................................................


WIND (MPH)
  RESULTANT WIND SPEED   5   RESULTANT WIND DIRECTION  NE (50)
  HIGHEST WIND SPEED    13   HIGHEST WIND DIRECTION     N (10)
  HIGHEST GUST SPEED    23   HIGHEST GUST DIRECTION     N (350)
  AVERAGE WIND SPEED     6.3


SKY COVER
  POSSIBLE SUNSHINE  MM
  AVERAGE SKY COVER 0.9


WEATHER CONDITIONS
 THE FOLLOWING WEATHER WAS RECORDED YESTERDAY.
  RAIN
  LIGHT RAIN
  FOG


RELATIVE HUMIDITY (PERCENT)
 HIGHEST    97          1000 AM
 LOWEST     73          1200 AM
 AVERAGE    85

..........................................................


THE COLUMBUS OH CLIMATE NORMALS FOR TODAY
                         NORMAL    RECORD    YEAR
 MAXIMUM TEMPERATURE (F)   76        95      1955
                                             1895
 MINIMUM TEMPERATURE (F)   56        34      1959


SUNRISE AND SUNSET
SEPTEMBER 18 2018.....SUNRISE   715 AM EDT   SUNSET   735 PM EDT
SEPTEMBER 19 2018.....SUNRISE   716 AM EDT   SUNSET   734 PM EDT


-  INDICATES NEGATIVE NUMBERS.
R  INDICATES RECORD WAS SET OR TIED.
MM INDICATES DATA IS MISSING.
T  INDICATES TRACE AMOUNT.




$$
