000
CDUS41 KILN 272052
CLICMH


CLIMATE REPORT
NATIONAL WEATHER SERVICE WILMINGTON OH
452 PM EDT WED MAY 27 2020


...................................

...THE COLUMBUS OH CLIMATE SUMMARY FOR MAY 27 2020...
VALID TODAY AS OF 0400 PM LOCAL TIME.

CLIMATE NORMAL PERIOD 1981 TO 2010
CLIMATE RECORD PERIOD 1869 TO 2020


WEATHER ITEM   OBSERVED TIME   RECORD YEAR NORMAL DEPARTURE LAST
                VALUE   (LST)  VALUE       VALUE  FROM      YEAR
                                                  NORMAL
..................................................................
TEMPERATURE (F)
 TODAY
  MAXIMUM         85    333 PM  94    1911  76      9       81
  MINIMUM         70    538 AM  34    1961  56     14       65
  AVERAGE         78                        66     12       73

PRECIPITATION (IN)
  TODAY            0.00          1.44 1991   0.15  -0.15     0.61
  MONTH TO DATE    6.11                      3.58   2.53     3.47
  SINCE MAR 1     18.49                     10.00   8.49    12.35
  SINCE JAN 1     25.42                     14.98  10.44    20.93

SNOWFALL (IN)
  TODAY            0.0           0.0    MM   0.0    0.0      0.0
  MONTH TO DATE    0.0                       0.0    0.0      0.0
  SINCE MAR 1      0.6                       5.3   -4.7      2.0
  SINCE JUL 1     11.7                      26.7  -15.0     27.4
  SNOW DEPTH       0

DEGREE DAYS
 HEATING
  TODAY            0                         3     -3        0
  MONTH TO DATE  220                       136     84      104
  SINCE MAR 1   1250                      1223     27     1226
  SINCE JUL 1   4897                      5218   -321     5150

 COOLING
  TODAY           13                         4      9        8
  MONTH TO DATE   62                        54      8       84
  SINCE MAR 1     62                        66     -4       91
  SINCE JAN 1     62                        66     -4       91
..................................................................


WIND (MPH)
  HIGHEST WIND SPEED    12   HIGHEST WIND DIRECTION    SE (130)
  HIGHEST GUST SPEED    20   HIGHEST GUST DIRECTION     S (170)
  AVERAGE WIND SPEED     6.7


SKY COVER
  POSSIBLE SUNSHINE  MM
  AVERAGE SKY COVER 0.8


WEATHER CONDITIONS
 THE FOLLOWING WEATHER WAS RECORDED TODAY.
  NO SIGNIFICANT WEATHER WAS OBSERVED.


RELATIVE HUMIDITY (PERCENT)
 HIGHEST    68           700 AM
 LOWEST     46           300 PM
 AVERAGE    57

..........................................................


THE COLUMBUS OH CLIMATE NORMALS FOR TOMORROW
                         NORMAL    RECORD    YEAR
 MAXIMUM TEMPERATURE (F)   76        94      1911
 MINIMUM TEMPERATURE (F)   56        36      1971
                                             1907


SUNRISE AND SUNSET
MAY 27 2020...........SUNRISE   607 AM EDT   SUNSET   851 PM EDT
MAY 28 2020...........SUNRISE   606 AM EDT   SUNSET   852 PM EDT


-  INDICATES NEGATIVE NUMBERS.
R  INDICATES RECORD WAS SET OR TIED.
MM INDICATES DATA IS MISSING.
T  INDICATES TRACE AMOUNT.




$$
