000
CDUS41 KILN 200538
CLICMH

CLIMATE REPORT
NATIONAL WEATHER SERVICE WILMINGTON OH
138 AM EDT TUE OCT 20 2020

...................................

...THE COLUMBUS OH CLIMATE SUMMARY FOR OCTOBER 19 2020...

CLIMATE NORMAL PERIOD: 1981 TO 2010
CLIMATE RECORD PERIOD: 1869 TO 2020


WEATHER ITEM   OBSERVED TIME   RECORD YEAR NORMAL DEPARTURE LAST
                VALUE   (LST)  VALUE       VALUE  FROM      YEAR
                                                  NORMAL
...................................................................
TEMPERATURE (F)
 YESTERDAY
  MAXIMUM         58   9:40 PM  85    1953  64     -6       67
  MINIMUM         52   7:59 AM  25    1896  44      8       37
  AVERAGE         55                        54      1       52

PRECIPITATION (IN)
  YESTERDAY        0.98          1.83 2011   0.08   0.90     0.00
  MONTH TO DATE    1.69                      1.61   0.08     0.61
  SINCE SEP 1      5.99                      4.45   1.54     1.46
  SINCE JAN 1     42.36                     32.14  10.22    36.26

SNOWFALL (IN)
  YESTERDAY        0.0           0.4  1989   0.0    0.0      0.0
  MONTH TO DATE    0.0                       0.0    0.0      0.0
  SINCE SEP 1      0.0                       0.0    0.0      0.0
  SINCE JUL 1      0.0                       0.0    0.0      0.0
  SNOW DEPTH       0

DEGREE DAYS
 HEATING
  YESTERDAY       10                        11     -1       13
  MONTH TO DATE  166                       165      1      133
  SINCE SEP 1    234                       234      0      133
  SINCE JUL 1    234                       234      0      133

 COOLING
  YESTERDAY        0                         0      0        0
  MONTH TO DATE    5                        13     -8       46
  SINCE SEP 1    123                       135    -12      287
  SINCE JAN 1   1221                      1024    197     1332
...................................................................


WIND (MPH)
  RESULTANT WIND SPEED   2   RESULTANT WIND DIRECTION   S (170)
  HIGHEST WIND SPEED    10   HIGHEST WIND DIRECTION    SE (150)
  HIGHEST GUST SPEED    15   HIGHEST GUST DIRECTION    SE (140)
  AVERAGE WIND SPEED     4.7


SKY COVER
  POSSIBLE SUNSHINE  MM
  AVERAGE SKY COVER 1.0


WEATHER CONDITIONS
THE FOLLOWING WEATHER WAS RECORDED YESTERDAY.
  HEAVY RAIN
  RAIN
  LIGHT RAIN
  FOG


RELATIVE HUMIDITY (PERCENT)
 HIGHEST   100           6:00 AM
 LOWEST     77          12:00 AM
 AVERAGE    89

..........................................................


THE COLUMBUS OH CLIMATE NORMALS FOR TODAY
                         NORMAL    RECORD    YEAR
 MAXIMUM TEMPERATURE (F)   64        84      1953
 MINIMUM TEMPERATURE (F)   44        24      1952
                                             1972


SUNRISE AND SUNSET
OCTOBER 20 2020.......SUNRISE   7:48 AM EDT   SUNSET   6:44 PM EDT
OCTOBER 21 2020.......SUNRISE   7:49 AM EDT   SUNSET   6:43 PM EDT


-  INDICATES NEGATIVE NUMBERS.
R  INDICATES RECORD WAS SET OR TIED.
MM INDICATES DATA IS MISSING.
T  INDICATES TRACE AMOUNT.




$$
