000
CDUS41 KILN 230550
CLICMH


CLIMATE REPORT
NATIONAL WEATHER SERVICE WILMINGTON OH
1248 AM EST FRI FEB 23 2018


...................................

...THE COLUMBUS OH CLIMATE SUMMARY FOR FEBRUARY 22 2018...

CLIMATE NORMAL PERIOD 1981 TO 2010
CLIMATE RECORD PERIOD 1869 TO 2018


WEATHER ITEM   OBSERVED TIME   RECORD YEAR NORMAL DEPARTURE LAST
                VALUE   (LST)  VALUE       VALUE  FROM      YEAR
                                                  NORMAL
..................................................................
TEMPERATURE (F)
 YESTERDAY
  MAXIMUM         48    158 PM  70    1930  43      5       60
  MINIMUM         37    653 AM  -8    1963  26     11       54
  AVERAGE         43                        34      9       57

PRECIPITATION (IN)
  YESTERDAY        0.41          0.96 1971   0.07   0.34     0.03
  MONTH TO DATE    3.54                      1.76   1.78     1.19
  SINCE DEC 1      7.69                      7.46   0.23     7.11
  SINCE JAN 1      5.93                      4.49   1.44     4.02

SNOWFALL (IN)
  YESTERDAY        0.0           2.0  1900   0.3   -0.3      0.0
  MONTH TO DATE    6.0                       4.8    1.2      0.6
  SINCE DEC 1     24.6                      19.0    5.6      7.6
  SINCE JUL 1     24.6                      20.1    4.5      7.6
  SNOW DEPTH       0

DEGREE DAYS
 HEATING
  YESTERDAY       22                        31     -9        8
  MONTH TO DATE  634                       726    -92      548
  SINCE DEC 1   2834                      2804     30     2416
  SINCE JUL 1   3753                      3818    -65     3182

 COOLING
  YESTERDAY        0                         0      0        0
  MONTH TO DATE    4                         0      4        0
  SINCE DEC 1      4                         0      4        0
  SINCE JAN 1      4                         0      4        0
..................................................................


WIND (MPH)
  RESULTANT WIND SPEED  10   RESULTANT WIND DIRECTION  NE (50)
  HIGHEST WIND SPEED    25   HIGHEST WIND DIRECTION     E (70)
  HIGHEST GUST SPEED    35   HIGHEST GUST DIRECTION     E (90)
  AVERAGE WIND SPEED    11.6


SKY COVER
  POSSIBLE SUNSHINE  MM
  AVERAGE SKY COVER 1.0


WEATHER CONDITIONS
 THE FOLLOWING WEATHER WAS RECORDED YESTERDAY.
  RAIN
  LIGHT RAIN
  FOG


RELATIVE HUMIDITY (PERCENT)
 HIGHEST    92           100 AM
 LOWEST     76           300 PM
 AVERAGE    84

..........................................................


THE COLUMBUS OH CLIMATE NORMALS FOR TODAY
                         NORMAL    RECORD    YEAR
 MAXIMUM TEMPERATURE (F)   43        72      2017
 MINIMUM TEMPERATURE (F)   27        -4      1885


SUNRISE AND SUNSET
FEBRUARY 23 2018......SUNRISE   714 AM EST   SUNSET   617 PM EST
FEBRUARY 24 2018......SUNRISE   712 AM EST   SUNSET   618 PM EST


-  INDICATES NEGATIVE NUMBERS.
R  INDICATES RECORD WAS SET OR TIED.
MM INDICATES DATA IS MISSING.
T  INDICATES TRACE AMOUNT.




$$
