000
CDUS43 KILX 102137
CLICMI

CLIMATE REPORT
NATIONAL WEATHER SERVICE LINCOLN IL
437 PM CDT MON MAY 10 2021

...................................

...THE CHAMPAIGN IL AIRPORT CLIMATE SUMMARY FOR MAY 10 2021...
VALID TODAY AS OF 0400 PM LOCAL TIME.

CLIMATE NORMAL PERIOD 1991 TO 2020
CLIMATE RECORD PERIOD 9999 TO 9999


WEATHER ITEM   OBSERVED TIME   RECORD YEAR NORMAL DEPARTURE LAST
                VALUE   (LST)  VALUE       VALUE  FROM      YEAR
                                                  NORMAL
...................................................................
TEMPERATURE (F)
 TODAY
  MAXIMUM         64    225 PM  MM      MM  74    -10       57
  MINIMUM         34    341 AM  MM      MM  50    -16       40
  AVERAGE         49                        62    -13       49

PRECIPITATION (IN)
  TODAY            0.00         MM      MM   0.13  -0.13     0.01
  MONTH TO DATE    1.65                      1.37   0.28     0.38
  SINCE MAR 1      7.73                      7.62   0.11     7.45
  SINCE JAN 1     10.99                     11.49  -0.50    11.42

DEGREE DAYS
 HEATING
  TODAY           16                         5     11       16
  MONTH TO DATE   95                        63     32      132
  SINCE MAR 1   1050                      1178   -128     1268
  SINCE JUL 1   5368                      5505   -137     5537

 COOLING
  TODAY            0                         2     -2        0
  MONTH TO DATE    6                        15     -9        4
  SINCE MAR 1     16                        29    -13       10
  SINCE JAN 1     16                        29    -13       10
...................................................................


WIND (MPH)
  HIGHEST WIND SPEED    15   HIGHEST WIND DIRECTION    SW (230)
  HIGHEST GUST SPEED    20   HIGHEST GUST DIRECTION    SW (230)
  AVERAGE WIND SPEED     6.3


SKY COVER
  POSSIBLE SUNSHINE  MM
  AVERAGE SKY COVER 0.1


WEATHER CONDITIONS
THE FOLLOWING WEATHER WAS RECORDED TODAY.
  FOG


RELATIVE HUMIDITY (PERCENT)
 HIGHEST    96          1200 AM
 LOWEST     39           100 PM
 AVERAGE    68

..........................................................


THE CHAMPAIGN IL AIRPORT CLIMATE NORMALS FOR TOMORROW
                         NORMAL    RECORD    YEAR
 MAXIMUM TEMPERATURE (F)   74        MM        MM
 MINIMUM TEMPERATURE (F)   51        MM        MM


SUNRISE AND SUNSET
MAY 10 2021...........SUNRISE   542 AM CDT   SUNSET   757 PM CDT
MAY 11 2021...........SUNRISE   541 AM CDT   SUNSET   758 PM CDT


-  INDICATES NEGATIVE NUMBERS.
R  INDICATES RECORD WAS SET OR TIED.
MM INDICATES DATA IS MISSING.
T  INDICATES TRACE AMOUNT.




$$
