000
CDUS43 KILX 230640
CLICMI


CLIMATE REPORT
NATIONAL WEATHER SERVICE LINCOLN IL
139 AM CDT WED MAY 23 2018


...................................

...THE CHAMPAIGN IL AIRPORT CLIMATE SUMMARY FOR MAY 22 2018...

CLIMATE NORMAL PERIOD 1981 TO 2010
CLIMATE RECORD PERIOD 9999 TO 9999


WEATHER ITEM   OBSERVED TIME   RECORD YEAR NORMAL DEPARTURE LAST
                VALUE   (LST)  VALUE       VALUE  FROM      YEAR
                                                  NORMAL
..................................................................
TEMPERATURE (F)
 YESTERDAY
  MAXIMUM         85    203 PM  MM      MM  77      8       73
  MINIMUM         62   1149 PM  MM      MM  53      9       48
  AVERAGE         74                        65      9       61

PRECIPITATION (IN)
  YESTERDAY        0.00         MM      MM   0.14  -0.14      T
  MONTH TO DATE    1.67                      3.30  -1.63     4.80
  SINCE MAR 1      6.46                      9.84  -3.38    12.69
  SINCE JAN 1     13.20                     13.91  -0.71    15.43

DEGREE DAYS
 HEATING
  YESTERDAY        0                         3     -3        4
  MONTH TO DATE    3                       120   -117      138
  SINCE MAR 1   1422                      1282    140     1043
  SINCE JUL 1   5667                      5784   -117     4562

 COOLING
  YESTERDAY        9                         3      6        0
  MONTH TO DATE  112                        44     68       54
  SINCE MAR 1    115                        55     60       78
  SINCE JAN 1    115                        55     60       78
..................................................................


WIND (MPH)
  HIGHEST WIND SPEED    17   HIGHEST WIND DIRECTION    NW (310)
  HIGHEST GUST SPEED    23   HIGHEST GUST DIRECTION    NW (320)
  AVERAGE WIND SPEED     8.3


SKY COVER
  POSSIBLE SUNSHINE  MM
  AVERAGE SKY COVER 0.3


WEATHER CONDITIONS
 THE FOLLOWING WEATHER WAS RECORDED YESTERDAY.
  FOG


RELATIVE HUMIDITY (PERCENT)
 HIGHEST   100          1200 AM
 LOWEST     40           200 PM
 AVERAGE    70

..........................................................


THE CHAMPAIGN IL AIRPORT CLIMATE NORMALS FOR TODAY
                         NORMAL    RECORD    YEAR
 MAXIMUM TEMPERATURE (F)   78        MM        MM
 MINIMUM TEMPERATURE (F)   54        MM        MM


SUNRISE AND SUNSET
MAY 23 2018...........SUNRISE   531 AM CDT   SUNSET   809 PM CDT
MAY 24 2018...........SUNRISE   531 AM CDT   SUNSET   810 PM CDT


-  INDICATES NEGATIVE NUMBERS.
R  INDICATES RECORD WAS SET OR TIED.
MM INDICATES DATA IS MISSING.
T  INDICATES TRACE AMOUNT.




$$
