000
CDUS43 KILX 212154
CLICMI


CLIMATE REPORT
NATIONAL WEATHER SERVICE LINCOLN IL
450 PM CDT TUE AUG 21 2018


...................................

...THE CHAMPAIGN IL AIRPORT CLIMATE SUMMARY FOR AUGUST 21 2018...
VALID TODAY AS OF 0400 PM LOCAL TIME.

CLIMATE NORMAL PERIOD 1981 TO 2010
CLIMATE RECORD PERIOD 9999 TO 9999


WEATHER ITEM   OBSERVED TIME   RECORD YEAR NORMAL DEPARTURE LAST
                VALUE   (LST)  VALUE       VALUE  FROM      YEAR
                                                  NORMAL
..................................................................
TEMPERATURE (F)
 TODAY
  MAXIMUM         75   1117 AM  MM      MM  83     -8       88
  MINIMUM         68    548 AM  MM      MM  61      7       71
  AVERAGE         72                        72      0       80

PRECIPITATION (IN)
  TODAY            0.12         MM      MM   0.14  -0.02      T
  MONTH TO DATE    2.86                      2.21   0.65     0.15
  SINCE JUN 1     15.77                     10.72   5.05     4.95
  SINCE JAN 1     31.05                     25.88   5.17    21.07

DEGREE DAYS
 HEATING
  TODAY            0                         0      0        0
  MONTH TO DATE    0                         0      0        4
  SINCE JUN 1      2                        19    -17        7
  SINCE JUL 1      2                         2      0        4

 COOLING
  TODAY            7                         7      0       15
  MONTH TO DATE  216                       164     52      141
  SINCE JUN 1    778                       669    109      751
  SINCE JAN 1   1009                       761    248      850
..................................................................


WIND (MPH)
  HIGHEST WIND SPEED    20   HIGHEST WIND DIRECTION     W (270)
  HIGHEST GUST SPEED    25   HIGHEST GUST DIRECTION    NW (310)
  AVERAGE WIND SPEED     9.6


SKY COVER
  POSSIBLE SUNSHINE  MM
  AVERAGE SKY COVER 1.0


WEATHER CONDITIONS
 THE FOLLOWING WEATHER WAS RECORDED TODAY.
  RAIN
  LIGHT RAIN
  FOG
  FOG W/VISIBILITY <= 1/4 MILE


RELATIVE HUMIDITY (PERCENT)
 HIGHEST   100           200 AM
 LOWEST     87          1100 AM
 AVERAGE    94

..........................................................


THE CHAMPAIGN IL AIRPORT CLIMATE NORMALS FOR TOMORROW
                         NORMAL    RECORD    YEAR
 MAXIMUM TEMPERATURE (F)   83        MM        MM
 MINIMUM TEMPERATURE (F)   61        MM        MM


SUNRISE AND SUNSET
AUGUST 21 2018........SUNRISE   610 AM CDT   SUNSET   741 PM CDT
AUGUST 22 2018........SUNRISE   611 AM CDT   SUNSET   740 PM CDT


-  INDICATES NEGATIVE NUMBERS.
R  INDICATES RECORD WAS SET OR TIED.
MM INDICATES DATA IS MISSING.
T  INDICATES TRACE AMOUNT.




$$
