000
CDUS43 KILX 180645
CLICMI


CLIMATE REPORT
NATIONAL WEATHER SERVICE LINCOLN IL
1244 AM CST SUN NOV 18 2018


...................................

...THE CHAMPAIGN IL AIRPORT CLIMATE SUMMARY FOR NOVEMBER 17 2018...

CLIMATE NORMAL PERIOD 1981 TO 2010
CLIMATE RECORD PERIOD 9999 TO 9999


WEATHER ITEM   OBSERVED TIME   RECORD YEAR NORMAL DEPARTURE LAST
                VALUE   (LST)  VALUE       VALUE  FROM      YEAR
                                                  NORMAL
..................................................................
TEMPERATURE (F)
 YESTERDAY
  MAXIMUM         38    347 PM  MM      MM  50    -12       53
  MINIMUM         32    359 AM  MM      MM  32      0       29
  AVERAGE         35                        41     -6       41

PRECIPITATION (IN)
  YESTERDAY        0.01         MM      MM   0.12  -0.11      T
  MONTH TO DATE    2.09                      1.98   0.11     1.44
  SINCE SEP 1      8.49                      8.40   0.09     8.57
  SINCE JAN 1     40.21                     35.68   4.53    30.67

DEGREE DAYS
 HEATING
  YESTERDAY       30                        24      6       24
  MONTH TO DATE  499                       344    155      364
  SINCE SEP 1    927                       796    131      652
  SINCE JUL 1    929                       805    124      656

 COOLING
  YESTERDAY        0                         0      0        0
  MONTH TO DATE    0                         0      0        0
  SINCE SEP 1    310                       117    193      238
  SINCE JAN 1   1408                       944    464     1126
..................................................................


WIND (MPH)
  HIGHEST WIND SPEED    17   HIGHEST WIND DIRECTION    NE (50)
  HIGHEST GUST SPEED    22   HIGHEST GUST DIRECTION    NE (60)
  AVERAGE WIND SPEED    10.3


SKY COVER
  POSSIBLE SUNSHINE  MM
  AVERAGE SKY COVER 1.0


WEATHER CONDITIONS
 THE FOLLOWING WEATHER WAS RECORDED YESTERDAY.
  LIGHT RAIN
  FOG


RELATIVE HUMIDITY (PERCENT)
 HIGHEST    96           900 AM
 LOWEST     85          1200 PM
 AVERAGE    91

..........................................................


THE CHAMPAIGN IL AIRPORT CLIMATE NORMALS FOR TODAY
                         NORMAL    RECORD    YEAR
 MAXIMUM TEMPERATURE (F)   50        MM        MM
 MINIMUM TEMPERATURE (F)   31        MM        MM


SUNRISE AND SUNSET
NOVEMBER 18 2018......SUNRISE   642 AM CST   SUNSET   434 PM CST
NOVEMBER 19 2018......SUNRISE   643 AM CST   SUNSET   434 PM CST


-  INDICATES NEGATIVE NUMBERS.
R  INDICATES RECORD WAS SET OR TIED.
MM INDICATES DATA IS MISSING.
T  INDICATES TRACE AMOUNT.




$$
