000
CDUS43 KILX 162130
CLICMI


CLIMATE REPORT
NATIONAL WEATHER SERVICE LINCOLN IL
430 PM CDT WED OCT 16 2019


...................................

...THE CHAMPAIGN IL AIRPORT CLIMATE SUMMARY FOR OCTOBER 16 2019...
VALID TODAY AS OF 0400 PM LOCAL TIME.

CLIMATE NORMAL PERIOD 1981 TO 2010
CLIMATE RECORD PERIOD 9999 TO 9999


WEATHER ITEM   OBSERVED TIME   RECORD YEAR NORMAL DEPARTURE LAST
                VALUE   (LST)  VALUE       VALUE  FROM      YEAR
                                                  NORMAL
..................................................................
TEMPERATURE (F)
 TODAY
  MAXIMUM         54    230 PM  MM      MM  65    -11       58
  MINIMUM         40    603 AM  MM      MM  42     -2       25
  AVERAGE         47                        54     -7       42

PRECIPITATION (IN)
  TODAY            0.00         MM      MM   0.11  -0.11     0.00
  MONTH TO DATE    0.67                      1.61  -0.94     0.78
  SINCE SEP 1      3.72                      4.89  -1.17     5.48
  SINCE JAN 1     30.25                     32.17  -1.92    37.20

DEGREE DAYS
 HEATING
  TODAY           18                        12      6       23
  MONTH TO DATE  129                       154    -25      134
  SINCE SEP 1    132                       237   -105      167
  SINCE JUL 1    132                       246   -114      169

 COOLING
  TODAY            0                         0      0        0
  MONTH TO DATE   28                        14     14       73
  SINCE SEP 1    229                       112    117      310
  SINCE JAN 1   1168                       939    229     1408
..................................................................


WIND (MPH)
  HIGHEST WIND SPEED    20   HIGHEST WIND DIRECTION    NW (310)
  HIGHEST GUST SPEED    31   HIGHEST GUST DIRECTION    NW (310)
  AVERAGE WIND SPEED    11.7


SKY COVER
  POSSIBLE SUNSHINE  MM
  AVERAGE SKY COVER 0.6


WEATHER CONDITIONS
 THE FOLLOWING WEATHER WAS RECORDED TODAY.
  NO SIGNIFICANT WEATHER WAS OBSERVED.


RELATIVE HUMIDITY (PERCENT)
 HIGHEST    92           500 AM
 LOWEST     54           100 PM
 AVERAGE    73

..........................................................


THE CHAMPAIGN IL AIRPORT CLIMATE NORMALS FOR TOMORROW
                         NORMAL    RECORD    YEAR
 MAXIMUM TEMPERATURE (F)   65        MM        MM
 MINIMUM TEMPERATURE (F)   42        MM        MM


SUNRISE AND SUNSET
OCTOBER 16 2019.......SUNRISE   704 AM CDT   SUNSET   612 PM CDT
OCTOBER 17 2019.......SUNRISE   705 AM CDT   SUNSET   611 PM CDT


-  INDICATES NEGATIVE NUMBERS.
R  INDICATES RECORD WAS SET OR TIED.
MM INDICATES DATA IS MISSING.
T  INDICATES TRACE AMOUNT.




$$
