000
CDUS43 KILX 242139
CLICMI


CLIMATE REPORT
NATIONAL WEATHER SERVICE LINCOLN IL
438 PM CDT THU MAY 24 2018


...................................

...THE CHAMPAIGN IL AIRPORT CLIMATE SUMMARY FOR MAY 24 2018...
VALID TODAY AS OF 0400 PM LOCAL TIME.

CLIMATE NORMAL PERIOD 1981 TO 2010
CLIMATE RECORD PERIOD 9999 TO 9999


WEATHER ITEM   OBSERVED TIME   RECORD YEAR NORMAL DEPARTURE LAST
                VALUE   (LST)  VALUE       VALUE  FROM      YEAR
                                                  NORMAL
..................................................................
TEMPERATURE (F)
 TODAY
  MAXIMUM         88    259 PM  MM      MM  78     10       62
  MINIMUM         59    411 AM  MM      MM  54      5       57
  AVERAGE         74                        66      8       60

PRECIPITATION (IN)
  TODAY            0.00         MM      MM   0.14  -0.14     0.33
  MONTH TO DATE    1.67                      3.59  -1.92     5.34
  SINCE MAR 1      6.46                     10.13  -3.67    13.23
  SINCE JAN 1     13.20                     14.20  -1.00    15.97

DEGREE DAYS
 HEATING
  TODAY            0                         3     -3        5
  MONTH TO DATE    3                       126   -123      144
  SINCE MAR 1   1422                      1288    134     1049
  SINCE JUL 1   5667                      5790   -123     4568

 COOLING
  TODAY            9                         4      5        0
  MONTH TO DATE  127                        52     75       54
  SINCE MAR 1    130                        63     67       78
  SINCE JAN 1    130                        63     67       78
..................................................................


WIND (MPH)
  HIGHEST WIND SPEED    13   HIGHEST WIND DIRECTION     S (170)
  HIGHEST GUST SPEED    17   HIGHEST GUST DIRECTION    SE (130)
  AVERAGE WIND SPEED     7.0


SKY COVER
  POSSIBLE SUNSHINE  MM
  AVERAGE SKY COVER 0.0


WEATHER CONDITIONS
 THE FOLLOWING WEATHER WAS RECORDED TODAY.
  NO SIGNIFICANT WEATHER WAS OBSERVED.


RELATIVE HUMIDITY (PERCENT)
 HIGHEST    78           300 AM
 LOWEST     29           200 PM
 AVERAGE    54

..........................................................


THE CHAMPAIGN IL AIRPORT CLIMATE NORMALS FOR TOMORROW
                         NORMAL    RECORD    YEAR
 MAXIMUM TEMPERATURE (F)   78        MM        MM
 MINIMUM TEMPERATURE (F)   54        MM        MM


SUNRISE AND SUNSET
MAY 24 2018...........SUNRISE   531 AM CDT   SUNSET   810 PM CDT
MAY 25 2018...........SUNRISE   530 AM CDT   SUNSET   811 PM CDT


-  INDICATES NEGATIVE NUMBERS.
R  INDICATES RECORD WAS SET OR TIED.
MM INDICATES DATA IS MISSING.
T  INDICATES TRACE AMOUNT.




$$
