000
CDUS43 KILX 090639
CLICMI


CLIMATE REPORT
NATIONAL WEATHER SERVICE LINCOLN IL
138 AM CDT SUN AUG 9 2020


...................................

...THE CHAMPAIGN IL AIRPORT CLIMATE SUMMARY FOR AUGUST 8 2020...

CLIMATE NORMAL PERIOD 1981 TO 2010
CLIMATE RECORD PERIOD 9999 TO 9999


WEATHER ITEM   OBSERVED TIME   RECORD YEAR NORMAL DEPARTURE LAST
                VALUE   (LST)  VALUE       VALUE  FROM      YEAR
                                                  NORMAL
..................................................................
TEMPERATURE (F)
 YESTERDAY
  MAXIMUM         84    322 PM  MM      MM  83      1       89
  MINIMUM         59    522 AM  MM      MM  63     -4       61
  AVERAGE         72                        73     -1       75

PRECIPITATION (IN)
  YESTERDAY        0.00         MM      MM   0.09  -0.09     0.30
  MONTH TO DATE    0.83                      0.69   0.14     0.30
  SINCE JUN 1     11.72                      9.20   2.52     7.78
  SINCE JAN 1     27.22                     24.36   2.86    24.88

DEGREE DAYS
 HEATING
  YESTERDAY        0                         0      0        0
  MONTH TO DATE    2                         0      2        0
  SINCE JUN 1      2                        19    -17        7
  SINCE JUL 1      2                         2      0        0

 COOLING
  YESTERDAY        7                         8     -1       10
  MONTH TO DATE   27                        64    -37       69
  SINCE JUN 1    668                       569     99      674
  SINCE JAN 1    741                       661     80      784
..................................................................


WIND (MPH)
  HIGHEST WIND SPEED    13   HIGHEST WIND DIRECTION     S (170)
  HIGHEST GUST SPEED    20   HIGHEST GUST DIRECTION     S (180)
  AVERAGE WIND SPEED     6.8


SKY COVER
  POSSIBLE SUNSHINE  MM
  AVERAGE SKY COVER 0.0


WEATHER CONDITIONS
 THE FOLLOWING WEATHER WAS RECORDED YESTERDAY.
  NO SIGNIFICANT WEATHER WAS OBSERVED.


RELATIVE HUMIDITY (PERCENT)
 HIGHEST    93           400 AM
 LOWEST     60           900 AM
 AVERAGE    77

..........................................................


THE CHAMPAIGN IL AIRPORT CLIMATE NORMALS FOR TODAY
                         NORMAL    RECORD    YEAR
 MAXIMUM TEMPERATURE (F)   83        MM        MM
 MINIMUM TEMPERATURE (F)   63        MM        MM


SUNRISE AND SUNSET
AUGUST  9 2020........SUNRISE   559 AM CDT   SUNSET   757 PM CDT
AUGUST 10 2020........SUNRISE   600 AM CDT   SUNSET   756 PM CDT


-  INDICATES NEGATIVE NUMBERS.
R  INDICATES RECORD WAS SET OR TIED.
MM INDICATES DATA IS MISSING.
T  INDICATES TRACE AMOUNT.




$$
