000
CDUS43 KTOP 040631
CLICNK


CLIMATE REPORT
NATIONAL WEATHER SERVICE TOPEKA KS
131 AM CDT THU JUN 4 2020


...................................

...THE CONCORDIA KS CLIMATE SUMMARY FOR JUNE 3 2020...

CLIMATE NORMAL PERIOD 1981 TO 2010
CLIMATE RECORD PERIOD 1885 TO 2020


WEATHER ITEM   OBSERVED TIME   RECORD YEAR NORMAL DEPARTURE LAST
                VALUE   (LST)  VALUE       VALUE  FROM      YEAR
                                                  NORMAL
..................................................................
TEMPERATURE (F)
 YESTERDAY
  MAXIMUM         93    353 PM  94    1958  80     13       89
  MINIMUM         68   1159 PM  46    1951  58     10       65
                                      1945
                                      1886
  AVERAGE         81                        69     12       77

PRECIPITATION (IN)
  YESTERDAY        0.03          1.78 1927   0.13  -0.10     0.00
  MONTH TO DATE    0.03                      0.41  -0.38     0.00
  SINCE JUN 1      0.03                      0.41  -0.38     0.00
  SINCE JAN 1      6.78                     10.40  -3.62    14.59

SNOWFALL (IN)
  YESTERDAY        0.0           T    1955   0.0    0.0      0.0
  MONTH TO DATE    0.0                       0.0    0.0      0.0
  SINCE JAN 1      5.2                      13.7   -8.5     32.3
  SINCE JUL 1     10.8                      20.2   -9.4     48.2
  SNOW DEPTH       0

DEGREE DAYS
 HEATING
  YESTERDAY        0                         1     -1        0
  MONTH TO DATE    0                         3     -3        0
  SINCE JUN 1      0                         3     -3        0
  SINCE JUL 1   4823                      5398   -575     5821

 COOLING
  YESTERDAY       16                         5     11       12
  MONTH TO DATE   45                        15     30       28
  SINCE JUN 1     45                        15     30       28
  SINCE JAN 1    126                       104     22      128
..................................................................


WIND (MPH)
  HIGHEST WIND SPEED    33   HIGHEST WIND DIRECTION    NW (330)
  HIGHEST GUST SPEED    57   HIGHEST GUST DIRECTION    NW (320)
  AVERAGE WIND SPEED     6.1


SKY COVER
  AVERAGE SKY COVER 0.0


WEATHER CONDITIONS
 THE FOLLOWING WEATHER WAS RECORDED YESTERDAY.
  THUNDERSTORM
  RAIN
  LIGHT RAIN
  FOG
  HAZE


RELATIVE HUMIDITY (PERCENT)
 HIGHEST    84           400 AM
 LOWEST     44           100 PM
 AVERAGE    64

..........................................................


THE CONCORDIA KS CLIMATE NORMALS FOR TODAY
                         NORMAL    RECORD    YEAR
 MAXIMUM TEMPERATURE (F)   81        99      1933
 MINIMUM TEMPERATURE (F)   58        43      1951


SUNRISE AND SUNSET
JUNE  4 2020..........SUNRISE   604 AM CDT   SUNSET   854 PM CDT
JUNE  5 2020..........SUNRISE   604 AM CDT   SUNSET   855 PM CDT


-  INDICATES NEGATIVE NUMBERS.
R  INDICATES RECORD WAS SET OR TIED.
MM INDICATES DATA IS MISSING.
T  INDICATES TRACE AMOUNT.




$$
