000
CDUS43 KTOP 200632
CLICNK


CLIMATE REPORT
NATIONAL WEATHER SERVICE TOPEKA KS
131 AM CDT THU SEP 20 2018


...................................

...THE CONCORDIA KS CLIMATE SUMMARY FOR SEPTEMBER 19 2018...

CLIMATE NORMAL PERIOD 1981 TO 2010
CLIMATE RECORD PERIOD 1885 TO 2018


WEATHER ITEM   OBSERVED TIME   RECORD YEAR NORMAL DEPARTURE LAST
                VALUE   (LST)  VALUE       VALUE  FROM      YEAR
                                                  NORMAL
..................................................................
TEMPERATURE (F)
 YESTERDAY
  MAXIMUM         92    415 PM  98    1931  79     13       91
  MINIMUM         71    642 AM  33    1991  55     16       66
  AVERAGE         82                        67     15       79

PRECIPITATION (IN)
  YESTERDAY        0.00          1.52 1967   0.11  -0.11     0.00
  MONTH TO DATE    4.70                      1.87   2.83     2.35
  SINCE SEP 1      4.70                      1.87   2.83     2.35
  SINCE JAN 1     23.59                     22.97   0.62    29.80

SNOWFALL (IN)
  YESTERDAY        0.0           0.0    MM   0.0    0.0      0.0
  MONTH TO DATE    0.0                       0.0    0.0      0.0
  SINCE JAN 1      9.8                      13.7   -3.9      2.1
  SINCE JUL 1      0.0                       0.0    0.0      0.0
  SNOW DEPTH       0

DEGREE DAYS
 HEATING
  YESTERDAY        0                         3     -3        0
  MONTH TO DATE    0                        25    -25       11
  SINCE SEP 1      0                        25    -25       11
  SINCE JUL 1      0                        28    -28       11

 COOLING
  YESTERDAY       17                         4     13       14
  MONTH TO DATE  163                       127     36      135
  SINCE SEP 1    163                       127     36      135
  SINCE JAN 1   1494                      1293    201     1273
..................................................................


WIND (MPH)
  HIGHEST WIND SPEED    23   HIGHEST WIND DIRECTION     S (180)
  HIGHEST GUST SPEED    32   HIGHEST GUST DIRECTION    SW (210)
  AVERAGE WIND SPEED    13.6


SKY COVER
  AVERAGE SKY COVER 0.0


WEATHER CONDITIONS
 THE FOLLOWING WEATHER WAS RECORDED YESTERDAY.
  NO SIGNIFICANT WEATHER WAS OBSERVED.


RELATIVE HUMIDITY (PERCENT)
 HIGHEST    90           500 AM
 LOWEST     41           400 PM
 AVERAGE    66

..........................................................


THE CONCORDIA KS CLIMATE NORMALS FOR TODAY
                         NORMAL    RECORD    YEAR
 MAXIMUM TEMPERATURE (F)   78        96      1893
 MINIMUM TEMPERATURE (F)   54        33      1918


SUNRISE AND SUNSET
SEPTEMBER 20 2018.....SUNRISE   716 AM CDT   SUNSET   731 PM CDT
SEPTEMBER 21 2018.....SUNRISE   717 AM CDT   SUNSET   729 PM CDT


-  INDICATES NEGATIVE NUMBERS.
R  INDICATES RECORD WAS SET OR TIED.
MM INDICATES DATA IS MISSING.
T  INDICATES TRACE AMOUNT.




$$
