156
CDUS43 KTOP 172144
CLICNK


CLIMATE REPORT
NATIONAL WEATHER SERVICE TOPEKA KS
443 PM CDT SUN JUN 17 2018


...................................

...THE CONCORDIA KS CLIMATE SUMMARY FOR JUNE 17 2018...
VALID TODAY AS OF 430 PM LOCAL TIME.

CLIMATE NORMAL PERIOD 1981 TO 2010
CLIMATE RECORD PERIOD 1885 TO 2018


WEATHER ITEM   OBSERVED TIME   RECORD YEAR NORMAL DEPARTURE LAST
                VALUE   (LST)  VALUE       VALUE  FROM      YEAR
                                                  NORMAL
..................................................................
TEMPERATURE (F)
 TODAY
  MAXIMUM         96    235 PM 103    1946  86     10       93
  MINIMUM         75    636 AM  47    1999  63     12       67
  AVERAGE         86                        74     12       80

PRECIPITATION (IN)
  TODAY            0.00          4.50 1915   0.13  -0.13     0.03
  MONTH TO DATE    0.83                      2.26  -1.43     0.68
  SINCE JUN 1      0.83                      2.26  -1.43     0.68
  SINCE JAN 1      7.47                     12.25  -4.78    19.06

SNOWFALL (IN)
  TODAY           MM             T    1977   0.0   MM        0.0
  MONTH TO DATE    0.0                       0.0    0.0      0.0
  SINCE JAN 1      9.8                      13.7   -3.9      2.1
  SINCE JUL 1     11.6                      20.2   -8.6      4.3
  SNOW DEPTH      MM

DEGREE DAYS
 HEATING
  TODAY            0                         0      0        0
  MONTH TO DATE    0                        11    -11        0
  SINCE JUN 1      0                        11    -11        0
  SINCE JUL 1   5306                      5406   -100     4564

 COOLING
  TODAY           21                         9     12       15
  MONTH TO DATE  260                       119    141      200
  SINCE JUN 1    260                       119    141      200
  SINCE JAN 1    479                       208    271      278
..................................................................


WIND (MPH)
  HIGHEST WIND SPEED    25   HIGHEST WIND DIRECTION     S (200)
  HIGHEST GUST SPEED    36   HIGHEST GUST DIRECTION     S (190)
  AVERAGE WIND SPEED    16.5



WEATHER CONDITIONS
 THE FOLLOWING WEATHER WAS RECORDED TODAY.
  NO SIGNIFICANT WEATHER WAS OBSERVED.


RELATIVE HUMIDITY (PERCENT)
 HIGHEST    69           600 AM
 LOWEST     41          1200 PM
 AVERAGE    55

..........................................................


THE CONCORDIA KS CLIMATE NORMALS FOR TOMORROW
                         NORMAL    RECORD    YEAR
 MAXIMUM TEMPERATURE (F)   86       103      1953
 MINIMUM TEMPERATURE (F)   63        50      2000


SUNRISE AND SUNSET
JUNE 17 2018..........SUNRISE   603 AM CDT   SUNSET   900 PM CDT
JUNE 18 2018..........SUNRISE   603 AM CDT   SUNSET   901 PM CDT


-  INDICATES NEGATIVE NUMBERS.
R  INDICATES RECORD WAS SET OR TIED.
MM INDICATES DATA IS MISSING.
T  INDICATES TRACE AMOUNT.




$$
