000
CDUS43 KTOP 310646
CLICNK


CLIMATE REPORT
NATIONAL WEATHER SERVICE TOPEKA KS
146 AM CDT SAT OCT 31 2020


...................................

...THE CONCORDIA KS CLIMATE SUMMARY FOR OCTOBER 30 2020...

CLIMATE NORMAL PERIOD 1981 TO 2010
CLIMATE RECORD PERIOD 1885 TO 2020


WEATHER ITEM   OBSERVED TIME   RECORD YEAR NORMAL DEPARTURE LAST
                VALUE   (LST)  VALUE       VALUE  FROM      YEAR
                                                  NORMAL
..................................................................
TEMPERATURE (F)
 YESTERDAY
  MAXIMUM         76    318 PM  88    1968  61     15       33
  MINIMUM         41    632 AM  15    1925  39      2       23
  AVERAGE         59                        50      9       28

PRECIPITATION (IN)
  YESTERDAY        0.00          4.07 1979   0.04  -0.04     0.02
  MONTH TO DATE    0.12                      1.87  -1.75     1.24
  SINCE SEP 1      1.83                      4.78  -2.95     3.42
  SINCE JAN 1     22.99                     25.88  -2.89    32.26

SNOWFALL (IN)
  YESTERDAY        0.0           0.2  2019   0.0    0.0      0.2
  MONTH TO DATE    1.2                       0.2    1.0      0.2
  SINCE JAN 1      6.4                      13.9   -7.5     32.5
  SINCE JUL 1      1.2                       0.2    1.0      0.2
  SNOW DEPTH       0

DEGREE DAYS
 HEATING
  YESTERDAY        6                        15     -9       37
  MONTH TO DATE  360                       303     57      387
  SINCE SEP 1    414                       373     41      390
  SINCE JUL 1    414                       376     38      390

 COOLING
  YESTERDAY        0                         0      0        0
  MONTH TO DATE   63                        20     43        9
  SINCE SEP 1    265                       180     85      380
  SINCE JAN 1   1712                      1346    366     1657
..................................................................


WIND (MPH)
  HIGHEST WIND SPEED    21   HIGHEST WIND DIRECTION     S (180)
  HIGHEST GUST SPEED    29   HIGHEST GUST DIRECTION     S (180)
  AVERAGE WIND SPEED     7.9


SKY COVER
  AVERAGE SKY COVER 0.0


WEATHER CONDITIONS
 THE FOLLOWING WEATHER WAS RECORDED YESTERDAY.
  HAZE


RELATIVE HUMIDITY (PERCENT)
 HIGHEST    70           600 AM
 LOWEST     23           400 PM
 AVERAGE    47

..........................................................


THE CONCORDIA KS CLIMATE NORMALS FOR TODAY
                         NORMAL    RECORD    YEAR
 MAXIMUM TEMPERATURE (F)   61        82      1944
                                             1938
 MINIMUM TEMPERATURE (F)   38        14      1993


SUNRISE AND SUNSET
OCTOBER 31 2020.......SUNRISE   758 AM CDT   SUNSET   629 PM CDT
NOVEMBER  1 2020......SUNRISE   700 AM CST   SUNSET   528 PM CST


-  INDICATES NEGATIVE NUMBERS.
R  INDICATES RECORD WAS SET OR TIED.
MM INDICATES DATA IS MISSING.
T  INDICATES TRACE AMOUNT.




$$
