670
CDUS43 KICT 230631
CLICNU


CLIMATE REPORT
NATIONAL WEATHER SERVICE WICHITA KS
130 AM CDT WED OCT 23 2019


...................................

...THE CHANUTE KS CLIMATE SUMMARY FOR OCTOBER 22 2019...

CLIMATE NORMAL PERIOD 1981 TO 2010
CLIMATE RECORD PERIOD 1894 TO 2019


WEATHER ITEM   OBSERVED TIME   RECORD YEAR NORMAL DEPARTURE LAST
                VALUE   (LST)  VALUE       VALUE  FROM      YEAR
                                                  NORMAL
..................................................................
TEMPERATURE (F)
 YESTERDAY
  MAXIMUM         65    426 PM  88    1939  67     -2       71
  MINIMUM         43    704 AM  27    2006  45     -2       43
  AVERAGE         54                        56     -2       57

PRECIPITATION (IN)
  YESTERDAY        0.00          1.55 1957   0.11  -0.11     0.00
  MONTH TO DATE    3.03                      2.79   0.24     7.30
  SINCE SEP 1      9.67                      6.46   3.21    11.69
  SINCE JAN 1     53.65                     36.95  16.70    38.58

DEGREE DAYS
 HEATING
  YESTERDAY       11                         9      2        8
  MONTH TO DATE  142                       145     -3      175
  SINCE SEP 1    142                       191    -49      203
  SINCE JUL 1    142                       192    -50      203

 COOLING
  YESTERDAY        0                         1     -1        0
  MONTH TO DATE   34                        30      4       58
  SINCE SEP 1    459                       223    236      304
  SINCE JAN 1   1867                      1527    340     1885
..................................................................


WIND (MPH)
  HIGHEST WIND SPEED    24   HIGHEST WIND DIRECTION     W (290)
  HIGHEST GUST SPEED    33   HIGHEST GUST DIRECTION    NW (310)
  AVERAGE WIND SPEED    10.7


SKY COVER
  POSSIBLE SUNSHINE  MM
  AVERAGE SKY COVER 0.0


WEATHER CONDITIONS
 THE FOLLOWING WEATHER WAS RECORDED YESTERDAY.
  HAZE


RELATIVE HUMIDITY (PERCENT)
 HIGHEST    76           700 PM
 LOWEST     26           400 PM
 AVERAGE    51

..........................................................


THE CHANUTE KS CLIMATE NORMALS FOR TODAY
                         NORMAL    RECORD    YEAR
 MAXIMUM TEMPERATURE (F)   67        92      1939
 MINIMUM TEMPERATURE (F)   45        21      1937


SUNRISE AND SUNSET
OCTOBER 23 2019.......SUNRISE   738 AM CDT   SUNSET   634 PM CDT
OCTOBER 24 2019.......SUNRISE   739 AM CDT   SUNSET   633 PM CDT


-  INDICATES NEGATIVE NUMBERS.
R  INDICATES RECORD WAS SET OR TIED.
MM INDICATES DATA IS MISSING.
T  INDICATES TRACE AMOUNT.




$$
