000
CDUS43 KICT 290627
CLICNU


CLIMATE REPORT
NATIONAL WEATHER SERVICE WICHITA KS
127 AM CDT FRI MAY 29 2020


...................................

...THE CHANUTE KS CLIMATE SUMMARY FOR MAY 28 2020...

CLIMATE NORMAL PERIOD 1981 TO 2010
CLIMATE RECORD PERIOD 1894 TO 2020


WEATHER ITEM   OBSERVED TIME   RECORD YEAR NORMAL DEPARTURE LAST
                VALUE   (LST)  VALUE       VALUE  FROM      YEAR
                                                  NORMAL
..................................................................
TEMPERATURE (F)
 YESTERDAY
  MAXIMUM         72   1235 PM  93    2012  79     -7       83
                                      1966
  MINIMUM         60   1108 PM  40    1947  59      1       72
  AVERAGE         66                        69     -3       78

PRECIPITATION (IN)
  YESTERDAY        0.46          4.59 1935   0.22   0.24     0.00
  MONTH TO DATE    8.26                      5.15   3.11    18.00
  SINCE MAR 1     16.51                     12.59   3.92    25.62
  SINCE JAN 1     21.37                     15.75   5.62    28.48

DEGREE DAYS
 HEATING
  YESTERDAY        0                         1     -1        0
  MONTH TO DATE  112                        73     39       75
  SINCE MAR 1    766                       903   -137      861
  SINCE JUL 1   3995                      4475   -480     4530

 COOLING
  YESTERDAY        1                         5     -4       13
  MONTH TO DATE   73                        85    -12      118
  SINCE MAR 1    105                       116    -11      158
  SINCE JAN 1    105                       116    -11      158
..................................................................


WIND (MPH)
  HIGHEST WIND SPEED    15   HIGHEST WIND DIRECTION    NE (60)
  HIGHEST GUST SPEED    21   HIGHEST GUST DIRECTION    NE (50)
  AVERAGE WIND SPEED     4.0


SKY COVER
  POSSIBLE SUNSHINE  MM
  AVERAGE SKY COVER 0.8


WEATHER CONDITIONS
 THE FOLLOWING WEATHER WAS RECORDED YESTERDAY.
  THUNDERSTORM
  HEAVY RAIN
  RAIN
  LIGHT RAIN
  FOG
  FOG W/VISIBILITY <= 1/4 MILE


RELATIVE HUMIDITY (PERCENT)
 HIGHEST   100           200 AM
 LOWEST     84          1200 PM
 AVERAGE    92

..........................................................


THE CHANUTE KS CLIMATE NORMALS FOR TODAY
                         NORMAL    RECORD    YEAR
 MAXIMUM TEMPERATURE (F)   79        96      1926
 MINIMUM TEMPERATURE (F)   60        36      1947


SUNRISE AND SUNSET
MAY 29 2020...........SUNRISE   603 AM CDT   SUNSET   836 PM CDT
MAY 30 2020...........SUNRISE   603 AM CDT   SUNSET   837 PM CDT


-  INDICATES NEGATIVE NUMBERS.
R  INDICATES RECORD WAS SET OR TIED.
MM INDICATES DATA IS MISSING.
T  INDICATES TRACE AMOUNT.




$$
