715
CDUS43 KICT 180637
CLICNU


CLIMATE REPORT
NATIONAL WEATHER SERVICE WICHITA KS
137 AM CDT MON JUN 18 2018


...................................

...THE CHANUTE KS CLIMATE SUMMARY FOR JUNE 17 2018...

CLIMATE NORMAL PERIOD 1981 TO 2010
CLIMATE RECORD PERIOD 1894 TO 2018


WEATHER ITEM   OBSERVED TIME   RECORD YEAR NORMAL DEPARTURE LAST
                VALUE   (LST)  VALUE       VALUE  FROM      YEAR
                                                  NORMAL
..................................................................
TEMPERATURE (F)
 YESTERDAY
  MAXIMUM         91    407 PM 103    1918  85      6       90
  MINIMUM         75    454 AM  50    1999  65     10       70
  AVERAGE         83                        75      8       80

PRECIPITATION (IN)
  YESTERDAY        0.00          3.01 1912   0.19  -0.19     0.61
  MONTH TO DATE    2.68                      3.76  -1.08     0.98
  SINCE JUN 1      2.68                      3.76  -1.08     0.98
  SINCE JAN 1     16.23                     20.16  -3.93    22.06

DEGREE DAYS
 HEATING
  YESTERDAY        0                         0      0        0
  MONTH TO DATE   65                         4     61        0
  SINCE JUN 1     65                         4     61        0
  SINCE JUL 1   4352                      4481   -129     3452

 COOLING
  YESTERDAY       18                        10      8       15
  MONTH TO DATE  207                       138     69      183
  SINCE JUN 1    207                       138     69      183
  SINCE JAN 1    494                       271    223      350
..................................................................


WIND (MPH)
  HIGHEST WIND SPEED    22   HIGHEST WIND DIRECTION     S (170)
  HIGHEST GUST SPEED    27   HIGHEST GUST DIRECTION     S (180)
  AVERAGE WIND SPEED    10.8


SKY COVER
  POSSIBLE SUNSHINE  MM
  AVERAGE SKY COVER 0.0


WEATHER CONDITIONS
 THE FOLLOWING WEATHER WAS RECORDED YESTERDAY.
  NO SIGNIFICANT WEATHER WAS OBSERVED.


RELATIVE HUMIDITY (PERCENT)
 HIGHEST    87          1200 AM
 LOWEST     56           400 PM
 AVERAGE    72

..........................................................


THE CHANUTE KS CLIMATE NORMALS FOR TODAY
                         NORMAL    RECORD    YEAR
 MAXIMUM TEMPERATURE (F)   85       104      1918
 MINIMUM TEMPERATURE (F)   66        52      2000


SUNRISE AND SUNSET
JUNE 18 2018..........SUNRISE   600 AM CDT   SUNSET   846 PM CDT
JUNE 19 2018..........SUNRISE   600 AM CDT   SUNSET   846 PM CDT


-  INDICATES NEGATIVE NUMBERS.
R  INDICATES RECORD WAS SET OR TIED.
MM INDICATES DATA IS MISSING.
T  INDICATES TRACE AMOUNT.




$$
