000
CDUS41 KGYX 212153
CLICON


CLIMATE REPORT
NATIONAL WEATHER SERVICE GRAY ME
453 PM EST WED FEB 21 2018


...................................

...THE CONCORD NH CLIMATE SUMMARY FOR FEBRUARY 21 2018...
VALID TODAY AS OF 0400 PM LOCAL TIME.

CLIMATE NORMAL PERIOD 1981 TO 2010
CLIMATE RECORD PERIOD 1868 TO 2018


WEATHER ITEM   OBSERVED TIME   RECORD YEAR NORMAL DEPARTURE LAST
                VALUE   (LST)  VALUE       VALUE  FROM      YEAR
                                                  NORMAL
..................................................................
TEMPERATURE (F)
 TODAY
  MAXIMUM         74R   259 PM  64    1872  37     37       42
  MINIMUM         33    708 AM -17    2015  15     18       12
  AVERAGE         54                        26     28       27

PRECIPITATION (IN)
  TODAY            0.00          1.40 1996   0.09  -0.09     0.00
  MONTH TO DATE    3.06                      1.93   1.13     2.42
  SINCE DEC 1      9.31                      7.83   1.48     7.98
  SINCE JAN 1      6.24                      4.63   1.61     4.66

SNOWFALL (IN)
  TODAY            0.0          15.0  1929   0.4   -0.4      0.0
  MONTH TO DATE   15.5                       9.4    6.1     24.2
  SINCE DEC 1     53.5                      42.0   11.5     56.3
  SINCE JUL 1     54.1                      44.6    9.5     57.0
  SNOW DEPTH       0

DEGREE DAYS
 HEATING
  TODAY           11                        39    -28       38
  MONTH TO DATE  747                       871   -124      825
  SINCE DEC 1   3392                      3433    -41     3100
  SINCE JUL 1   4593                      4993   -400     4352

 COOLING
  TODAY            0                         0      0        0
  MONTH TO DATE    0                         0      0        0
  SINCE DEC 1      0                         0      0        0
  SINCE JAN 1      0                         0      0        0
..................................................................


WIND (MPH)
  HIGHEST WIND SPEED    15   HIGHEST WIND DIRECTION    SW (220)
  HIGHEST GUST SPEED    20   HIGHEST GUST DIRECTION    SW (220)
  AVERAGE WIND SPEED     2.4


SKY COVER
  POSSIBLE SUNSHINE  MM
  AVERAGE SKY COVER 0.6


WEATHER CONDITIONS
 THE FOLLOWING WEATHER WAS RECORDED TODAY.
  FOG
  FOG W/VISIBILITY <= 1/4 MILE


RELATIVE HUMIDITY (PERCENT)
 HIGHEST   100           200 AM
 LOWEST     53           300 PM
 AVERAGE    77

..........................................................


THE CONCORD NH CLIMATE NORMALS FOR TOMORROW
                         NORMAL    RECORD    YEAR
 MAXIMUM TEMPERATURE (F)   37        67      1997
 MINIMUM TEMPERATURE (F)   16       -12      1968
                                             1918


SUNRISE AND SUNSET
FEBRUARY 21 2018......SUNRISE   635 AM EST   SUNSET   525 PM EST
FEBRUARY 22 2018......SUNRISE   633 AM EST   SUNSET   526 PM EST


-  INDICATES NEGATIVE NUMBERS.
R  INDICATES RECORD WAS SET OR TIED.
MM INDICATES DATA IS MISSING.
T  INDICATES TRACE AMOUNT.




$$
