000
CDUS41 KGYX 272047
CLICON


CLIMATE REPORT
NATIONAL WEATHER SERVICE GRAY ME
447 PM EDT WED MAY 27 2020


...................................

...THE CONCORD NH CLIMATE SUMMARY FOR MAY 27 2020...
VALID TODAY AS OF 0400 PM LOCAL TIME.

CLIMATE NORMAL PERIOD 1981 TO 2010
CLIMATE RECORD PERIOD 1868 TO 2020


WEATHER ITEM   OBSERVED TIME   RECORD YEAR NORMAL DEPARTURE LAST
                VALUE   (LST)  VALUE       VALUE  FROM      YEAR
                                                  NORMAL
..................................................................
TEMPERATURE (F)
 TODAY
  MAXIMUM         91    259 PM  93    1944  72     19       78
                                      1914
                                      1880
  MINIMUM         58    441 AM  24    1969  46     12       47
  AVERAGE         75                        59     16       63

PRECIPITATION (IN)
  TODAY            0.00          1.65 1906   0.13  -0.13     0.00
  MONTH TO DATE    1.90                      3.16  -1.26     2.21
  SINCE MAR 1      8.19                      9.84  -1.65     8.95
  SINCE JAN 1     12.83                     15.16  -2.33    16.40

SNOWFALL (IN)
  TODAY            0.0           0.0  2002   0.0    0.0      0.0
                                      2001
                                      2000
  MONTH TO DATE    0.4                       0.2    0.2      0.0
  SINCE MAR 1      8.0                      14.1   -6.1      9.2
  SINCE JUL 1     46.5                      61.6  -15.1     52.8
  SNOW DEPTH       0

DEGREE DAYS
 HEATING
  TODAY            0                         7     -7        2
  MONTH TO DATE  294                       279     15      285
  SINCE MAR 1   1797                      1866    -69     1901
  SINCE JUL 1   6756                      7126   -370     7109

 COOLING
  TODAY           10                         1      9        0
  MONTH TO DATE   15                        10      5       11
  SINCE MAR 1     15                        12      3       14
  SINCE JAN 1     15                        12      3       14
..................................................................


WIND (MPH)
  HIGHEST WIND SPEED    15   HIGHEST WIND DIRECTION     S (180)
  HIGHEST GUST SPEED    19   HIGHEST GUST DIRECTION     S (170)
  AVERAGE WIND SPEED     3.9


SKY COVER
  POSSIBLE SUNSHINE  MM
  AVERAGE SKY COVER 0.0


WEATHER CONDITIONS
 THE FOLLOWING WEATHER WAS RECORDED TODAY.
  FOG


RELATIVE HUMIDITY (PERCENT)
 HIGHEST    93           100 AM
 LOWEST     34           300 PM
 AVERAGE    64

..........................................................


THE CONCORD NH CLIMATE NORMALS FOR TOMORROW
                         NORMAL    RECORD    YEAR
 MAXIMUM TEMPERATURE (F)   72        94      2016
                                             1978
 MINIMUM TEMPERATURE (F)   47        29      1994
                                             1980


SUNRISE AND SUNSET
MAY 27 2020...........SUNRISE   512 AM EDT   SUNSET   815 PM EDT
MAY 28 2020...........SUNRISE   511 AM EDT   SUNSET   816 PM EDT


-  INDICATES NEGATIVE NUMBERS.
R  INDICATES RECORD WAS SET OR TIED.
MM INDICATES DATA IS MISSING.
T  INDICATES TRACE AMOUNT.




$$
