000
CDUS41 KGYX 152144
CLICON


CLIMATE REPORT
NATIONAL WEATHER SERVICE GRAY ME
444 PM EST SAT DEC 15 2018


...................................

...THE CONCORD NH CLIMATE SUMMARY FOR DECEMBER 15 2018...
VALID TODAY AS OF 0400 PM LOCAL TIME.

CLIMATE NORMAL PERIOD 1981 TO 2010
CLIMATE RECORD PERIOD 1868 TO 2018


WEATHER ITEM   OBSERVED TIME   RECORD YEAR NORMAL DEPARTURE LAST
                VALUE   (LST)  VALUE       VALUE  FROM      YEAR
                                                  NORMAL
..................................................................
TEMPERATURE (F)
 TODAY
  MAXIMUM         51   1119 AM  60    2008  36     15       24
  MINIMUM         30    745 AM -14    1874  17     13       -2
  AVERAGE         41                        27     14       11

PRECIPITATION (IN)
  TODAY            0.00          2.15 1897   0.10  -0.10     0.00
  MONTH TO DATE    0.87                      1.64  -0.77     1.57
  SINCE DEC 1      0.87                      1.64  -0.77     1.57
  SINCE JAN 1     50.91                     39.05  11.86    42.41

SNOWFALL (IN)
  TODAY            0.0           9.7  2003   0.5   -0.5      0.0
  MONTH TO DATE    0.5                       6.3   -5.8      8.9
  SINCE DEC 1      0.5                       6.3   -5.8      8.9
  SINCE JUL 1     13.8                       8.9    4.9      9.5
  SNOW DEPTH       1

DEGREE DAYS
 HEATING
  TODAY           24                        38    -14       54
  MONTH TO DATE  574                       530     44      530
  SINCE DEC 1    574                       530     44      530
  SINCE JUL 1   2198                      2090    108     1731

 COOLING
  TODAY            0                         0      0        0
  MONTH TO DATE    0                         0      0        0
  SINCE DEC 1      0                         0      0        0
  SINCE JAN 1    734                       452    282      564
..................................................................


WIND (MPH)
  HIGHEST WIND SPEED    13   HIGHEST WIND DIRECTION    NW (330)
  HIGHEST GUST SPEED    16   HIGHEST GUST DIRECTION     N (360)
  AVERAGE WIND SPEED     4.7


SKY COVER
  POSSIBLE SUNSHINE  MM
  AVERAGE SKY COVER 0.3


WEATHER CONDITIONS
 THE FOLLOWING WEATHER WAS RECORDED TODAY.
  FOG
  FOG W/VISIBILITY <= 1/4 MILE


RELATIVE HUMIDITY (PERCENT)
 HIGHEST   100           500 AM
 LOWEST     60           200 PM
 AVERAGE    80

..........................................................


THE CONCORD NH CLIMATE NORMALS FOR TOMORROW
                         NORMAL    RECORD    YEAR
 MAXIMUM TEMPERATURE (F)   36        56      1982
 MINIMUM TEMPERATURE (F)   17       -15      1951


SUNRISE AND SUNSET
DECEMBER 15 2018......SUNRISE   711 AM EST   SUNSET   411 PM EST
DECEMBER 16 2018......SUNRISE   712 AM EST   SUNSET   412 PM EST


-  INDICATES NEGATIVE NUMBERS.
R  INDICATES RECORD WAS SET OR TIED.
MM INDICATES DATA IS MISSING.
T  INDICATES TRACE AMOUNT.




$$
