963
CDUS41 KGYX 190809
CLICON


CLIMATE REPORT
NATIONAL WEATHER SERVICE GRAY ME
408 AM EDT SAT OCT 19 2019


...................................

...THE CONCORD NH CLIMATE SUMMARY FOR OCTOBER 18 2019...

CLIMATE NORMAL PERIOD 1981 TO 2010
CLIMATE RECORD PERIOD 1868 TO 2019


WEATHER ITEM   OBSERVED TIME   RECORD YEAR NORMAL DEPARTURE LAST
                VALUE   (LST)  VALUE       VALUE  FROM      YEAR
                                                  NORMAL
..................................................................
TEMPERATURE (F)
 YESTERDAY
  MAXIMUM         56    141 PM  85    1947  60     -4       44
                                      1908
  MINIMUM         43   1159 PM  13    1978  35      8       24
  AVERAGE         50                        47      3       34

PRECIPITATION (IN)
  YESTERDAY        0.00          1.58 1911   0.13  -0.13     0.00
  MONTH TO DATE    3.10                      2.36   0.74     3.12
  SINCE SEP 1      4.13                      5.74  -1.61     7.83
  SINCE JAN 1     34.07                     32.01   2.06    41.10

SNOWFALL (IN)
  YESTERDAY        0.0           T    2009   0.0    0.0      0.0
                                      1922
                                      1992
  MONTH TO DATE    0.0                       0.0    0.0      0.0
  SINCE SEP 1      0.0                       0.0    0.0      0.0
  SINCE JUL 1      0.0                       0.0    0.0      0.0
  SNOW DEPTH       0

DEGREE DAYS
 HEATING
  YESTERDAY       15                        18     -3       31
  MONTH TO DATE  247                       266    -19      234
  SINCE SEP 1    425                       453    -28      347
  SINCE JUL 1    445                       501    -56      351

 COOLING
  YESTERDAY        0                         0      0        0
  MONTH TO DATE    0                         0      0        6
  SINCE SEP 1     28                        37     -9      116
  SINCE JAN 1    492                       450     42      734
..................................................................


WIND (MPH)
  RESULTANT WIND SPEED  13   RESULTANT WIND DIRECTION  NW (300)
  HIGHEST WIND SPEED    25   HIGHEST WIND DIRECTION    NW (300)
  HIGHEST GUST SPEED    35   HIGHEST GUST DIRECTION    NW (300)
  AVERAGE WIND SPEED    13.5


SKY COVER
  AVERAGE SKY COVER 0.6


WEATHER CONDITIONS
 THE FOLLOWING WEATHER WAS RECORDED YESTERDAY.
  NO SIGNIFICANT WEATHER WAS OBSERVED.


RELATIVE HUMIDITY (PERCENT)
 HIGHEST    71           100 AM
 LOWEST     47           200 PM
 AVERAGE    59

..........................................................


THE CONCORD NH CLIMATE NORMALS FOR TODAY
                         NORMAL    RECORD    YEAR
 MAXIMUM TEMPERATURE (F)   59        82      1963
 MINIMUM TEMPERATURE (F)   35        11      1974


SUNRISE AND SUNSET
OCTOBER 19 2019.......SUNRISE   704 AM EDT   SUNSET   557 PM EDT
OCTOBER 20 2019.......SUNRISE   705 AM EDT   SUNSET   556 PM EDT


-  INDICATES NEGATIVE NUMBERS.
R  INDICATES RECORD WAS SET OR TIED.
MM INDICATES DATA IS MISSING.
T  INDICATES TRACE AMOUNT.




$$
