000
CDUS41 KGYX 232049
CLICON


CLIMATE REPORT
NATIONAL WEATHER SERVICE GRAY ME
449 PM EDT SUN SEP 23 2018


...................................

...THE CONCORD NH CLIMATE SUMMARY FOR SEPTEMBER 23 2018...
VALID TODAY AS OF 0400 PM LOCAL TIME.

CLIMATE NORMAL PERIOD 1981 TO 2010
CLIMATE RECORD PERIOD 1868 TO 2018


WEATHER ITEM   OBSERVED TIME   RECORD YEAR NORMAL DEPARTURE LAST
                VALUE   (LST)  VALUE       VALUE  FROM      YEAR
                                                  NORMAL
..................................................................
TEMPERATURE (F)
 TODAY
  MAXIMUM         68    258 PM  91    1914  70     -2       87
                                      1895
  MINIMUM         40    626 AM  26    1904  44     -4       53
  AVERAGE         54                        57     -3       70

PRECIPITATION (IN)
  TODAY            0.00          3.15 1882   0.12  -0.12     0.00
  MONTH TO DATE    3.20                      2.50   0.70     2.98
  SINCE SEP 1      3.20                      2.50   0.70     2.98
  SINCE JAN 1     36.47                     28.77   7.70    31.50

SNOWFALL (IN)
  TODAY            0.0           0.0  2002   0.0    0.0      0.0
                                      2001
                                      2000
  MONTH TO DATE    0.0                       0.0    0.0      0.0
  SINCE SEP 1      0.0                       0.0    0.0      0.0
  SINCE JUL 1      0.0                       0.0    0.0      0.0
  SNOW DEPTH       0

DEGREE DAYS
 HEATING
  TODAY           11                         9      2        0
  MONTH TO DATE   53                       116    -63       57
  SINCE SEP 1     53                       116    -63       57
  SINCE JUL 1     57                       164   -107      110

 COOLING
  TODAY            0                         1     -1        5
  MONTH TO DATE  105                        36     69       64
  SINCE SEP 1    105                        36     69       64
  SINCE JAN 1    723                       449    274      509
..................................................................


WIND (MPH)
  HIGHEST WIND SPEED     8   HIGHEST WIND DIRECTION     W (260)
  HIGHEST GUST SPEED    14   HIGHEST GUST DIRECTION     W (280)
  AVERAGE WIND SPEED     1.9


SKY COVER
  POSSIBLE SUNSHINE  MM
  AVERAGE SKY COVER 0.1


WEATHER CONDITIONS
 THE FOLLOWING WEATHER WAS RECORDED TODAY.
  FOG
  FOG W/VISIBILITY <= 1/4 MILE


RELATIVE HUMIDITY (PERCENT)
 HIGHEST    93           200 AM
 LOWEST     45           100 PM
 AVERAGE    69

..........................................................


THE CONCORD NH CLIMATE NORMALS FOR TOMORROW
                         NORMAL    RECORD    YEAR
 MAXIMUM TEMPERATURE (F)   69        91      2017
 MINIMUM TEMPERATURE (F)   44        24      1963


SUNRISE AND SUNSET
SEPTEMBER 23 2018.....SUNRISE   634 AM EDT   SUNSET   642 PM EDT
SEPTEMBER 24 2018.....SUNRISE   635 AM EDT   SUNSET   640 PM EDT


-  INDICATES NEGATIVE NUMBERS.
R  INDICATES RECORD WAS SET OR TIED.
MM INDICATES DATA IS MISSING.
T  INDICATES TRACE AMOUNT.




$$
