000
CDUS41 KGYX 202041
CLICON


CLIMATE REPORT
NATIONAL WEATHER SERVICE GRAY ME
441 PM EDT WED JUN 20 2018


...................................

...THE CONCORD NH CLIMATE SUMMARY FOR JUNE 20 2018...
VALID TODAY AS OF 0400 PM LOCAL TIME.

CLIMATE NORMAL PERIOD 1981 TO 2010
CLIMATE RECORD PERIOD 1868 TO 2018


WEATHER ITEM   OBSERVED TIME   RECORD YEAR NORMAL DEPARTURE LAST
                VALUE   (LST)  VALUE       VALUE  FROM      YEAR
                                                  NORMAL
..................................................................
TEMPERATURE (F)
 TODAY
  MAXIMUM         81    254 PM  98    1953  79      2       84
  MINIMUM         48    453 AM  37    1946  54     -6       60
                                      1926
                                      1918
  AVERAGE         65                        66     -1       72

PRECIPITATION (IN)
  TODAY            0.00          1.61 1945   0.12  -0.12     0.03
  MONTH TO DATE    1.05                      2.58  -1.53     3.58
  SINCE JUN 1      1.05                      2.58  -1.53     3.58
  SINCE JAN 1     15.72                     18.24  -2.52    22.65

SNOWFALL (IN)
  TODAY            0.0           0.0  2002   0.0    0.0      0.0
                                      2001
                                      2000
  MONTH TO DATE    0.0                       0.0    0.0      0.0
  SINCE JUN 1      0.0                       0.0    0.0      0.0
  SINCE JUL 1     87.9                      61.4   26.5     86.3
  SNOW DEPTH       0

DEGREE DAYS
 HEATING
  TODAY            0                         2     -2        0
  MONTH TO DATE   56                        71    -15       67
  SINCE JUN 1     56                        71    -15       67
  SINCE JUL 1   6679                      7221   -542     6464

 COOLING
  TODAY            0                         3     -3        7
  MONTH TO DATE   40                        44     -4       76
  SINCE JUN 1     40                        44     -4       76
  SINCE JAN 1     77                        62     15      108
..................................................................


WIND (MPH)
  HIGHEST WIND SPEED    14   HIGHEST WIND DIRECTION     W (280)
  HIGHEST GUST SPEED    18   HIGHEST GUST DIRECTION     S (200)
  AVERAGE WIND SPEED     4.3


SKY COVER
  POSSIBLE SUNSHINE  MM
  AVERAGE SKY COVER 0.0


WEATHER CONDITIONS
 THE FOLLOWING WEATHER WAS RECORDED TODAY.
  NO SIGNIFICANT WEATHER WAS OBSERVED.


RELATIVE HUMIDITY (PERCENT)
 HIGHEST    93           100 AM
 LOWEST     32           100 PM
 AVERAGE    63

..........................................................


THE CONCORD NH CLIMATE NORMALS FOR TOMORROW
                         NORMAL    RECORD    YEAR
 MAXIMUM TEMPERATURE (F)   79        98      1872
 MINIMUM TEMPERATURE (F)   54        36      1918


SUNRISE AND SUNSET
JUNE 20 2018..........SUNRISE   506 AM EDT   SUNSET   829 PM EDT
JUNE 21 2018..........SUNRISE   506 AM EDT   SUNSET   829 PM EDT


-  INDICATES NEGATIVE NUMBERS.
R  INDICATES RECORD WAS SET OR TIED.
MM INDICATES DATA IS MISSING.
T  INDICATES TRACE AMOUNT.




$$
