000
CDUS41 KGYX 192047
CLICON


CLIMATE REPORT
NATIONAL WEATHER SERVICE GRAY ME
447 PM EDT MON OCT 19 2020


...................................

...THE CONCORD NH CLIMATE SUMMARY FOR OCTOBER 19 2020...
VALID TODAY AS OF 0400 PM LOCAL TIME.

CLIMATE NORMAL PERIOD 1981 TO 2010
CLIMATE RECORD PERIOD 1868 TO 2020


WEATHER ITEM   OBSERVED TIME   RECORD YEAR NORMAL DEPARTURE LAST
                VALUE   (LST)  VALUE       VALUE  FROM      YEAR
                                                  NORMAL
..................................................................
TEMPERATURE (F)
 TODAY
  MAXIMUM         61    259 PM  82    1963  59      2       60
  MINIMUM         32    618 AM  11    1974  35     -3       31
  AVERAGE         47                        47      0       46

PRECIPITATION (IN)
  TODAY            0.00          1.18 1916   0.13  -0.13     0.00
  MONTH TO DATE    3.13                      2.49   0.64     3.10
  SINCE SEP 1      4.04                      5.87  -1.83     4.13
  SINCE JAN 1     22.79                     32.14  -9.35    34.07

SNOWFALL (IN)
  TODAY            0.0           T    1922   0.0    0.0      0.0
                                      1992
  MONTH TO DATE    0.0                       0.0    0.0      0.0
  SINCE SEP 1      0.0                       0.0    0.0      0.0
  SINCE JUL 1      0.0                       0.0    0.0      0.0
  SNOW DEPTH       0

DEGREE DAYS
 HEATING
  TODAY           18                        18      0       19
  MONTH TO DATE  259                       284    -25      266
  SINCE SEP 1    405                       471    -66      444
  SINCE JUL 1    434                       519    -85      464

 COOLING
  TODAY            0                         0      0        0
  MONTH TO DATE    0                         0      0        0
  SINCE SEP 1     50                        37     13       28
  SINCE JAN 1    726                       450    276      492
..................................................................


WIND (MPH)
  HIGHEST WIND SPEED    12   HIGHEST WIND DIRECTION     S (170)
  HIGHEST GUST SPEED    17   HIGHEST GUST DIRECTION     S (170)
  AVERAGE WIND SPEED     2.7


SKY COVER
  POSSIBLE SUNSHINE  MM
  AVERAGE SKY COVER 0.4


WEATHER CONDITIONS
 THE FOLLOWING WEATHER WAS RECORDED TODAY.
  FOG
  FOG W/VISIBILITY <= 1/4 MILE


RELATIVE HUMIDITY (PERCENT)
 HIGHEST   100           800 AM
 LOWEST     55           100 PM
 AVERAGE    78

..........................................................


THE CONCORD NH CLIMATE NORMALS FOR TOMORROW
                         NORMAL    RECORD    YEAR
 MAXIMUM TEMPERATURE (F)   59        77      1916
                                             1884
 MINIMUM TEMPERATURE (F)   34        12      1972


SUNRISE AND SUNSET
OCTOBER 19 2020.......SUNRISE   705 AM EDT   SUNSET   556 PM EDT
OCTOBER 20 2020.......SUNRISE   706 AM EDT   SUNSET   554 PM EDT


-  INDICATES NEGATIVE NUMBERS.
R  INDICATES RECORD WAS SET OR TIED.
MM INDICATES DATA IS MISSING.
T  INDICATES TRACE AMOUNT.




$$
