000
CDUS45 KPUB 231014
CLICOS


CLIMATE REPORT
NATIONAL WEATHER SERVICE
414 AM MDT WED OCT 23 2019

...................................

...THE COLORADO SPRINGS CO CLIMATE SUMMARY FOR OCTOBER 22 2019...

CLIMATE NORMAL PERIOD: 1981 TO 2010
CLIMATE RECORD PERIOD: 1872 TO 2019


WEATHER ITEM   OBSERVED TIME   RECORD YEAR NORMAL DEPARTURE LAST
                VALUE   (LST)  VALUE       VALUE  FROM      YEAR
                                                  NORMAL
...................................................................
TEMPERATURE (F)
 YESTERDAY
  MAXIMUM         60   3:19 PM  83    2016  61     -1       72
  MINIMUM         23   5:37 AM  15    1996  34    -11       40
  AVERAGE         42                        47     -5       56

PRECIPITATION (IN)
  YESTERDAY        0.00          0.43 2015   0.02  -0.02     0.00
  MONTH TO DATE    0.11                      0.61  -0.50     0.75
  SINCE SEP 1      0.43                      1.80  -1.37     1.32
  SINCE JAN 1      9.82                     15.59  -5.77    14.16

SNOWFALL (IN)
  YESTERDAY        0.0           1.8  1908   0.1   -0.1      0.0
  MONTH TO DATE    0.7                       1.8   -1.1      1.6
  SINCE SEP 1      0.7                       2.0   -1.3      1.6
  SINCE JUL 1      0.7                       2.0   -1.3      1.6
  SNOW DEPTH       0

DEGREE DAYS
 HEATING
  YESTERDAY       23                        18      5        9
  MONTH TO DATE  345                       311     34      386
  SINCE SEP 1    365                       470   -105      447
  SINCE JUL 1    365                       501   -136      455

 COOLING
  YESTERDAY        0                         0      0        0
  MONTH TO DATE    0                         0      0        7
  SINCE SEP 1    138                        36    102      119
  SINCE JAN 1    721                       454    267      730
...................................................................


WIND (MPH)
  HIGHEST WIND SPEED    22   HIGHEST WIND DIRECTION    NW (320)
  HIGHEST GUST SPEED    33   HIGHEST GUST DIRECTION    NW (320)
  AVERAGE WIND SPEED     8.2


SKY COVER
  POSSIBLE SUNSHINE  MM
  AVERAGE SKY COVER 0.2


WEATHER CONDITIONS
THE FOLLOWING WEATHER WAS RECORDED YESTERDAY.
  NO SIGNIFICANT WEATHER WAS OBSERVED.


RELATIVE HUMIDITY (PERCENT)
 HIGHEST    62           5:00 AM
 LOWEST     18           3:00 PM
 AVERAGE    40

..........................................................


THE COLORADO SPRINGS CO CLIMATE NORMALS FOR TODAY
                         NORMAL    RECORD    YEAR
 MAXIMUM TEMPERATURE (F)   61        83      2003
 MINIMUM TEMPERATURE (F)   34        15      1908


SUNRISE AND SUNSET
OCTOBER 23 2019.......SUNRISE   7:16 AM MDT   SUNSET   6:10 PM MDT
OCTOBER 24 2019.......SUNRISE   7:17 AM MDT   SUNSET   6:08 PM MDT


-  INDICATES NEGATIVE NUMBERS.
R  INDICATES RECORD WAS SET OR TIED.
MM INDICATES DATA IS MISSING.
T  INDICATES TRACE AMOUNT.




$$
