000
CDUS45 KPUB 201043
CLICOS


CLIMATE REPORT
NATIONAL WEATHER SERVICE PUEBLO
440 AM MDT WED JUN 20 2018


...................................

...THE COLORADO SPRINGS CO CLIMATE SUMMARY FOR JUNE 19 2018...

CLIMATE NORMAL PERIOD 1981 TO 2010
CLIMATE RECORD PERIOD 1872 TO 2018


WEATHER ITEM   OBSERVED TIME   RECORD YEAR NORMAL DEPARTURE LAST
                VALUE   (LST)  VALUE       VALUE  FROM      YEAR
                                                  NORMAL
..................................................................
TEMPERATURE (F)
 YESTERDAY
  MAXIMUM         84    343 PM  97    2016  80      4       86
                                      2012
  MINIMUM         58   1159 PM  38    1939  52      6       60
                                      1912
  AVERAGE         71                        66      5       73

PRECIPITATION (IN)
  YESTERDAY        0.00          1.40 2003   0.08  -0.08     0.00
  MONTH TO DATE    0.94                      1.68  -0.74     0.09
  SINCE JUN 1      0.94                      1.68  -0.74     0.09
  SINCE JAN 1      4.64                      6.79  -2.15     6.21

SNOWFALL (IN)
  YESTERDAY        0.0           0.0  2002   0.0    0.0      0.0
                                      2001
  MONTH TO DATE    T                         0.0    0.0      0.0
  SINCE JUN 1      T                         0.0    0.0      0.0
  SINCE JUL 1     21.6                      37.7  -16.1     25.2
  SNOW DEPTH       0

DEGREE DAYS
 HEATING
  YESTERDAY        0                         2     -2        0
  MONTH TO DATE    6                        65    -59        8
  SINCE JUN 1      6                        65    -59        8
  SINCE JUL 1   5326                      6278   -952     5086

 COOLING
  YESTERDAY        6                         3      3        8
  MONTH TO DATE  125                        35     90       90
  SINCE JUN 1    125                        35     90       90
  SINCE JAN 1    155                        45    110       92
..................................................................


WIND (MPH)
  HIGHEST WIND SPEED    40   HIGHEST WIND DIRECTION     N (350)
  HIGHEST GUST SPEED    51   HIGHEST GUST DIRECTION     N (350)
  AVERAGE WIND SPEED    15.6


SKY COVER
  POSSIBLE SUNSHINE  MM
  AVERAGE SKY COVER 0.5


WEATHER CONDITIONS
 THE FOLLOWING WEATHER WAS RECORDED YESTERDAY.
  THUNDERSTORM
  FOG


RELATIVE HUMIDITY (PERCENT)
 HIGHEST    87           400 AM
 LOWEST     33           400 PM
 AVERAGE    60

..........................................................


THE COLORADO SPRINGS CO CLIMATE NORMALS FOR TODAY
                         NORMAL    RECORD    YEAR
 MAXIMUM TEMPERATURE (F)   81        97      1968
 MINIMUM TEMPERATURE (F)   53        39      1947


SUNRISE AND SUNSET
JUNE 20 2018..........SUNRISE   534 AM MDT   SUNSET   827 PM MDT
JUNE 21 2018..........SUNRISE   534 AM MDT   SUNSET   827 PM MDT


-  INDICATES NEGATIVE NUMBERS.
R  INDICATES RECORD WAS SET OR TIED.
MM INDICATES DATA IS MISSING.
T  INDICATES TRACE AMOUNT.




$$
