000
CDUS45 KPUB 250026
CLICOS

CLIMATE REPORT
NATIONAL WEATHER SERVICE
626 PM MDT SUN MAY 24 2020

...................................

...THE COLORADO SPRINGS CO CLIMATE SUMMARY FOR MAY 24 2020...
VALID TODAY AS OF 0500 PM LOCAL TIME.

CLIMATE NORMAL PERIOD: 1981 TO 2010
CLIMATE RECORD PERIOD: 1872 TO 2020


WEATHER ITEM   OBSERVED TIME   RECORD YEAR NORMAL DEPARTURE LAST
                VALUE   (LST)  VALUE       VALUE  FROM      YEAR
                                                  NORMAL
...................................................................
TEMPERATURE (F)
 TODAY
  MAXIMUM         65  11:55 AM  93    1984  71     -6       71
  MINIMUM         45   4:59 PM  31    1943  45      0       33
  AVERAGE         55                        58     -3       52

PRECIPITATION (IN)
  TODAY            0.43          1.76 1908   0.08   0.35     0.00
  MONTH TO DATE    0.54                      1.48  -0.94     2.40
  SINCE JAN 1      3.10                      4.56  -1.46     5.22

SNOWFALL (IN)
  TODAY            0.0           T    1950   0.0    0.0      0.0
                                      2002
                                      2012
  MONTH TO DATE    0.0                       0.7   -0.7      5.1
  SINCE JUL 1     56.4                      37.7   18.7     36.2
  SNOW DEPTH       0

DEGREE DAYS
 HEATING
  TODAY           10                         7      3       13
  MONTH TO DATE  180                       247    -67      348
  SINCE JUL 1   5785                      6169   -384     6034

 COOLING
  TODAY            0                         0      0        0
  MONTH TO DATE   17                         0     17        1
  SINCE JAN 1     17                         1     16        1
...................................................................


WIND (MPH)
  HIGHEST WIND SPEED    30   HIGHEST WIND DIRECTION     N (350)
  HIGHEST GUST SPEED    42   HIGHEST GUST DIRECTION     N (350)
  AVERAGE WIND SPEED    12.7


SKY COVER
  POSSIBLE SUNSHINE  MM
  AVERAGE SKY COVER 0.8


WEATHER CONDITIONS
THE FOLLOWING WEATHER WAS RECORDED TODAY.
  THUNDERSTORM
  HEAVY RAIN
  RAIN
  LIGHT RAIN
  FOG


RELATIVE HUMIDITY (PERCENT)
 HIGHEST    89           2:00 PM
 LOWEST     38          12:00 PM
 AVERAGE    64

..........................................................


THE COLORADO SPRINGS CO CLIMATE NORMALS FOR TOMORROW
                         NORMAL    RECORD    YEAR
 MAXIMUM TEMPERATURE (F)   72        92      1964
 MINIMUM TEMPERATURE (F)   45        30      1950


SUNRISE AND SUNSET
MAY 24 2020...........SUNRISE   5:39 AM MDT   SUNSET   8:13 PM MDT
MAY 25 2020...........SUNRISE   5:39 AM MDT   SUNSET   8:13 PM MDT


-  INDICATES NEGATIVE NUMBERS.
R  INDICATES RECORD WAS SET OR TIED.
MM INDICATES DATA IS MISSING.
T  INDICATES TRACE AMOUNT.




$$
