000
CDUS45 KPUB 181147
CLICOS


CLIMATE REPORT
NATIONAL WEATHER SERVICE PUEBLO
447 AM MST TUE DEC 18 2018


...................................

...THE COLORADO SPRINGS CO CLIMATE SUMMARY FOR DECEMBER 17 2018...

CLIMATE NORMAL PERIOD 1981 TO 2010
CLIMATE RECORD PERIOD 1872 TO 2018


WEATHER ITEM   OBSERVED TIME   RECORD YEAR NORMAL DEPARTURE LAST
                VALUE   (LST)  VALUE       VALUE  FROM      YEAR
                                                  NORMAL
..................................................................
TEMPERATURE (F)
 YESTERDAY
  MAXIMUM         57    209 PM  75    1980  41     16       32
  MINIMUM         21    616 AM -14    2016  17      4       16
  AVERAGE         39                        29     10       24

PRECIPITATION (IN)
  YESTERDAY        0.00          0.90 1946   0.01  -0.01     0.00
  MONTH TO DATE    0.02                      0.20  -0.18      T
  SINCE DEC 1      0.02                      0.20  -0.18      T
  SINCE JAN 1     15.34                     16.40  -1.06    18.43

SNOWFALL (IN)
  YESTERDAY        0.0           9.0  1946   0.2   -0.2      0.0
  MONTH TO DATE    0.2                       3.3   -3.1      0.2
  SINCE DEC 1      0.2                       3.3   -3.1      0.2
  SINCE JUL 1      8.3                      11.1   -2.8      1.8
  SNOW DEPTH       0

DEGREE DAYS
 HEATING
  YESTERDAY       26                        36    -10       41
  MONTH TO DATE  550                       594    -44      462
  SINCE DEC 1    550                       594    -44      462
  SINCE JUL 1   1964                      2075   -111     1630

 COOLING
  YESTERDAY        0                         0      0        0
  MONTH TO DATE    0                         0      0        0
  SINCE DEC 1      0                         0      0        0
  SINCE JAN 1    730                       455    275      639
..................................................................


WIND (MPH)
  HIGHEST WIND SPEED    15   HIGHEST WIND DIRECTION    NW (330)
  HIGHEST GUST SPEED    21   HIGHEST GUST DIRECTION    NW (330)
  AVERAGE WIND SPEED     7.5


SKY COVER
  POSSIBLE SUNSHINE  MM
  AVERAGE SKY COVER 0.4


WEATHER CONDITIONS
 THE FOLLOWING WEATHER WAS RECORDED YESTERDAY.
  NO SIGNIFICANT WEATHER WAS OBSERVED.


RELATIVE HUMIDITY (PERCENT)
 HIGHEST    68           200 AM
 LOWEST     15           100 PM
 AVERAGE    42

..........................................................


THE COLORADO SPRINGS CO CLIMATE NORMALS FOR TODAY
                         NORMAL    RECORD    YEAR
 MAXIMUM TEMPERATURE (F)   41        65      2013
 MINIMUM TEMPERATURE (F)   17       -15      1909


SUNRISE AND SUNSET
DECEMBER 18 2018......SUNRISE   712 AM MST   SUNSET   439 PM MST
DECEMBER 19 2018......SUNRISE   713 AM MST   SUNSET   440 PM MST


-  INDICATES NEGATIVE NUMBERS.
R  INDICATES RECORD WAS SET OR TIED.
MM INDICATES DATA IS MISSING.
T  INDICATES TRACE AMOUNT.




$$
