000
CDUS45 KPUB 300923
CLICOS

CLIMATE REPORT
NATIONAL WEATHER SERVICE
323 AM MDT FRI OCT 30 2020

...................................

...THE COLORADO SPRINGS CO CLIMATE SUMMARY FOR OCTOBER 29 2020...

CLIMATE NORMAL PERIOD 1981 TO 2010
CLIMATE RECORD PERIOD 1872 TO 2020


WEATHER ITEM   OBSERVED TIME   RECORD YEAR NORMAL DEPARTURE LAST
                VALUE   (LST)  VALUE       VALUE  FROM      YEAR
                                                  NORMAL
...................................................................
TEMPERATURE (F)
 YESTERDAY
  MAXIMUM         58    203 PM  83    1950  59     -1       20
  MINIMUM         30    641 AM  -6    1917  32     -2        8
  AVERAGE         44                        45     -1       14

PRECIPITATION (IN)
  YESTERDAY        0.00          0.49 1961   0.02  -0.02     0.10
  MONTH TO DATE    0.25                      0.78  -0.53     0.79
  SINCE JAN 1      9.36                     15.76  -6.40    10.50

SNOWFALL (IN)
  YESTERDAY        0.0           4.9  1961   0.2   -0.2      1.7
  MONTH TO DATE    3.2                       2.7    0.5     12.2
  SINCE JUL 1      5.8                       2.9    2.9     12.2
  SNOW DEPTH       0

DEGREE DAYS
 HEATING
  YESTERDAY       21                        20      1       51
  MONTH TO DATE  413                       444    -31      578
  SINCE JUL 1    550                       634    -84      598

 COOLING
  YESTERDAY        0                         0      0        0
  MONTH TO DATE   13                         0     13        0
  SINCE JAN 1    904                       454    450      721
...................................................................


WIND (MPH)
  HIGHEST WIND SPEED    15   HIGHEST WIND DIRECTION     N (10)
  HIGHEST GUST SPEED    17   HIGHEST GUST DIRECTION     N (340)
  AVERAGE WIND SPEED     5.9


SKY COVER
  POSSIBLE SUNSHINE  MM
  AVERAGE SKY COVER 0.0


WEATHER CONDITIONS
THE FOLLOWING WEATHER WAS RECORDED YESTERDAY.
  NO SIGNIFICANT WEATHER WAS OBSERVED.


RELATIVE HUMIDITY (PERCENT)
 HIGHEST    75          1000 PM
 LOWEST     38           100 PM
 AVERAGE    57

..........................................................


THE COLORADO SPRINGS CO CLIMATE NORMALS FOR TODAY
                         NORMAL    RECORD    YEAR
 MAXIMUM TEMPERATURE (F)   58        78      1933
 MINIMUM TEMPERATURE (F)   31         1      1917


SUNRISE AND SUNSET
OCTOBER 30 2020.......SUNRISE   724 AM MDT   SUNSET   600 PM MDT
OCTOBER 31 2020.......SUNRISE   725 AM MDT   SUNSET   559 PM MDT


-  INDICATES NEGATIVE NUMBERS.
R  INDICATES RECORD WAS SET OR TIED.
MM INDICATES DATA IS MISSING.
T  INDICATES TRACE AMOUNT.




$$
