000
CDUS45 KPUB 240019
CLICOS


CLIMATE REPORT
NATIONAL WEATHER SERVICE PUEBLO
619 PM MDT SUN SEP 23 2018


...................................

...THE COLORADO SPRINGS CO CLIMATE SUMMARY FOR SEPTEMBER 23 2018...
VALID TODAY AS OF 0500 PM LOCAL TIME.

CLIMATE NORMAL PERIOD 1981 TO 2010
CLIMATE RECORD PERIOD 1872 TO 2018


WEATHER ITEM   OBSERVED TIME   RECORD YEAR NORMAL DEPARTURE LAST
                VALUE   (LST)  VALUE       VALUE  FROM      YEAR
                                                  NORMAL
..................................................................
TEMPERATURE (F)
 TODAY
  MAXIMUM         87R   250 PM  86    2003  72     15       62
                                      1924
  MINIMUM         51    116 AM  26    1895  44      7       46
  AVERAGE         69                        58     11       54

PRECIPITATION (IN)
  TODAY            0.00          1.07 2017   0.04  -0.04     1.07
  MONTH TO DATE    0.56                      1.02  -0.46     1.26
  SINCE SEP 1      0.56                      1.02  -0.46     1.26
  SINCE JAN 1     13.40                     14.81  -1.41    16.54

SNOWFALL (IN)
  TODAY            0.0           0.5  2000   0.0    0.0      0.0
  MONTH TO DATE    0.0                       0.1   -0.1      0.0
  SINCE SEP 1      0.0                       0.1   -0.1      0.0
  SINCE JUL 1      T                         0.1   -0.1       T
  SNOW DEPTH       0

DEGREE DAYS
 HEATING
  TODAY            0                         8     -8       11
  MONTH TO DATE   12                        97    -85       34
  SINCE SEP 1     12                        97    -85       34
  SINCE JUL 1     20                       128   -108       43

 COOLING
  TODAY            4                         0      4        0
  MONTH TO DATE  112                        35     77       91
  SINCE SEP 1    112                        35     77       91
  SINCE JAN 1    723                       453    270      639
..................................................................


WIND (MPH)
  HIGHEST WIND SPEED    26   HIGHEST WIND DIRECTION     S (180)
  HIGHEST GUST SPEED    36   HIGHEST GUST DIRECTION     S (170)
  AVERAGE WIND SPEED     9.5


SKY COVER
  POSSIBLE SUNSHINE  MM
  AVERAGE SKY COVER 0.2


WEATHER CONDITIONS
 THE FOLLOWING WEATHER WAS RECORDED TODAY.
  NO SIGNIFICANT WEATHER WAS OBSERVED.


RELATIVE HUMIDITY (PERCENT)
 HIGHEST    54           100 AM
 LOWEST      8           200 PM
 AVERAGE    31

..........................................................


THE COLORADO SPRINGS CO CLIMATE NORMALS FOR TOMORROW
                         NORMAL    RECORD    YEAR
 MAXIMUM TEMPERATURE (F)   71        88      1992
 MINIMUM TEMPERATURE (F)   44        31      2000


SUNRISE AND SUNSET
SEPTEMBER 23 2018.....SUNRISE   647 AM MDT   SUNSET   654 PM MDT
SEPTEMBER 24 2018.....SUNRISE   648 AM MDT   SUNSET   653 PM MDT


-  INDICATES NEGATIVE NUMBERS.
R  INDICATES RECORD WAS SET OR TIED.
MM INDICATES DATA IS MISSING.
T  INDICATES TRACE AMOUNT.




$$
